{"id":763127,"date":"2025-08-28T10:31:34","date_gmt":"2025-08-28T07:31:34","guid":{"rendered":"https:\/\/roveyayinevi.com.tr\/index.php\/urun\/asmakaradam-koyunde-yasayan-tavuk-doba-ile-pilic-tucelin-tartismalari\/"},"modified":"2026-04-15T03:28:35","modified_gmt":"2026-04-15T00:28:35","slug":"asmakaradam-koyunde-yasayan-tavuk-doba-ile-pilic-tucelin-tartismalari","status":"publish","type":"product","link":"https:\/\/roveyayinevi.com.tr\/index.php\/urun\/asmakaradam-koyunde-yasayan-tavuk-doba-ile-pilic-tucelin-tartismalari\/","title":{"rendered":"Asmakaradam K\u00f6y\u00fc\u2019nde Ya\u015fayan Tavuk D\u00f6ba ile Pili\u00e7 Tu\u00e7el\u2019in Tart\u0131\u015fmalar\u0131"},"content":{"rendered":"<p>Fabl t\u00fcr\u00fc olarak yazd\u0131\u011f\u0131m bu tart\u0131\u015fmalarda, sadece hayallerim ve hayallerimin \u00f6ng\u00f6r\u00fcleri olan \u00f6yk\u00fclerimi yazd\u0131m. Kitap i\u00e7eri\u011findeki anlat\u0131lanlar\u0131n benim ki\u015fisel hayallerimle hayallerimin \u00f6ng\u00f6r\u00fclerinden \u00f6teye, hi\u00e7bir anlam\u0131, \u00f6nemi ve de\u011feri de yoktur. Kitab\u0131n her bir b\u00f6l\u00fcm\u00fcn\u00fcn i\u00e7eri\u011finde ge\u00e7en; kar\u015f\u0131l\u0131kl\u0131 tart\u0131\u015fma konusu konu\u015fmalar\u0131n, konu\u015fmalarda ge\u00e7en ge\u00e7en duygu ve d\u00fc\u015f\u00fcncelerin ger\u00e7ek ve t\u00fczel ki\u015filerle, devlet kurumlar\u0131, siyaset, meslek kurum ve kurulu\u015flar\u0131yla hi\u00e7bir ilgisi yoktur. Fabl \u00f6yk\u00fclerimin i\u00e7erik kurgulanmas\u0131 ve anlat\u0131m\u0131ndan; hi\u00e7 kimse, ger\u00e7ek ve t\u00fczel ki\u015filerle, devlet kurumlar\u0131, siyaset, meslek kurum ve kurulu\u015flar\u0131 bunlar\u0131n ilgilileri, yetkilileri, \u00e7al\u0131\u015fanlar\u0131 alg\u0131lama yanl\u0131\u015fl\u0131\u011f\u0131na d\u00fc\u015fmesinler. Yorum hatas\u0131 yap\u0131p, kendilerine g\u00f6rev ya da g\u00f6revler \u00e7\u0131kartmas\u0131nlar. Belki olur ya, bu tart\u0131\u015fma \u00f6yk\u00fclerinin ger\u00e7ek ve t\u00fczel ki\u015filerle, devlet kurumlar\u0131, siyaset, meslek kurum ve kurulu\u015flar\u0131yla olan bir benzerlikleri varsa, olmu\u015fsa bile, bu benzerliklerin, sadece bir rastlant\u0131dan ibaret oldu\u011fu \u00e7ok net ve a\u00e7\u0131k olarak anla\u015f\u0131lmal\u0131 ve bilinmelidir. <\/p>\n","protected":false},"excerpt":{"rendered":"<p>Fabl t\u00fcr\u00fc olarak yazd\u0131\u011f\u0131m bu tart\u0131\u015fmalarda, sadece hayallerim ve hayallerimin \u00f6ng\u00f6r\u00fcleri olan \u00f6yk\u00fclerimi yazd\u0131m. Kitap i\u00e7eri\u011findeki anlat\u0131lanlar\u0131n benim ki\u015fisel hayallerimle hayallerimin \u00f6ng\u00f6r\u00fclerinden \u00f6teye, hi\u00e7bir anlam\u0131, \u00f6nemi<span class=\"excerpt-hellip\"> [\u2026]<\/span><\/p>\n","protected":false},"featured_media":0,"template":"","meta":{"_monsterinsights_skip_tracking":false,"_monsterinsights_sitenote_active":false,"_monsterinsights_sitenote_note":"","_monsterinsights_sitenote_category":0},"product_brand":[],"product_cat":[12291,18202],"product_tag":[],"class_list":{"0":"post-763127","1":"product","2":"type-product","3":"status-publish","5":"product_cat-edebiyat","6":"product_cat-hikaye","7":"pa_cilt-ciltsiz","8":"pa_tur-kitap","9":"pa_yayinevi-gulnar-yayinlari","10":"pa_yazar-mehmet-turan","12":"first","13":"instock","14":"sale","15":"shipping-taxable","16":"purchasable","17":"product-type-simple"},"_links":{"self":[{"href":"https:\/\/roveyayinevi.com.tr\/index.php\/wp-json\/wp\/v2\/product\/763127","targetHints":{"allow":["GET"]}}],"collection":[{"href":"https:\/\/roveyayinevi.com.tr\/index.php\/wp-json\/wp\/v2\/product"}],"about":[{"href":"https:\/\/roveyayinevi.com.tr\/index.php\/wp-json\/wp\/v2\/types\/product"}],"wp:attachment":[{"href":"https:\/\/roveyayinevi.com.tr\/index.php\/wp-json\/wp\/v2\/media?parent=763127"}],"wp:term":[{"taxonomy":"product_brand","embeddable":true,"href":"https:\/\/roveyayinevi.com.tr\/index.php\/wp-json\/wp\/v2\/product_brand?post=763127"},{"taxonomy":"product_cat","embeddable":true,"href":"https:\/\/roveyayinevi.com.tr\/index.php\/wp-json\/wp\/v2\/product_cat?post=763127"},{"taxonomy":"product_tag","embeddable":true,"href":"https:\/\/roveyayinevi.com.tr\/index.php\/wp-json\/wp\/v2\/product_tag?post=763127"}],"curies":[{"name":"wp","href":"https:\/\/api.w.org\/{rel}","templated":true}]}}