{"id":763099,"date":"2025-08-28T10:30:36","date_gmt":"2025-08-28T07:30:36","guid":{"rendered":"https:\/\/roveyayinevi.com.tr\/index.php\/urun\/ilk-100-kelime-ciltli\/"},"modified":"2026-04-07T03:23:16","modified_gmt":"2026-04-07T00:23:16","slug":"ilk-100-kelime-ciltli","status":"publish","type":"product","link":"https:\/\/roveyayinevi.com.tr\/index.php\/urun\/ilk-100-kelime-ciltli\/","title":{"rendered":"\u0130lk 100+ Kelime (Ciltli)"},"content":{"rendered":"<p>\u00c7ocu\u011funuzu ilk 100 kelimesiyle tan\u0131\u015ft\u0131rmaya haz\u0131r m\u0131s\u0131n\u0131z? \u0130lk 100 Kelime ile bebe\u011finiz renkleri, \u015fekilleri, e\u015fyalar\u0131 ve ara\u00e7lar\u0131 \u00f6\u011frenirken kelime da\u011farc\u0131\u011f\u0131 artacak, g\u00f6rsel d\u00fcnyas\u0131 zenginle\u015fecek, haf\u0131zas\u0131 geli\u015fecek ve sizinle birlikte \u00e7ok e\u011flenecek.<\/p>\n","protected":false},"excerpt":{"rendered":"<p>\u00c7ocu\u011funuzu ilk 100 kelimesiyle tan\u0131\u015ft\u0131rmaya haz\u0131r m\u0131s\u0131n\u0131z? \u0130lk 100 Kelime ile bebe\u011finiz renkleri, \u015fekilleri, e\u015fyalar\u0131 ve ara\u00e7lar\u0131 \u00f6\u011frenirken kelime da\u011farc\u0131\u011f\u0131 artacak, g\u00f6rsel d\u00fcnyas\u0131 zenginle\u015fecek, haf\u0131zas\u0131 geli\u015fecek<span class=\"excerpt-hellip\"> [\u2026]<\/span><\/p>\n","protected":false},"featured_media":0,"template":"","meta":{"_monsterinsights_skip_tracking":false,"_monsterinsights_sitenote_active":false,"_monsterinsights_sitenote_note":"","_monsterinsights_sitenote_category":0},"product_brand":[],"product_cat":[12274,24599],"product_tag":[],"class_list":{"0":"post-763099","1":"product","2":"type-product","3":"status-publish","5":"product_cat-cocuk-ve-genclik-kitaplari","6":"product_cat-zeka-gelisimi","7":"pa_cilt-ciltli","8":"pa_tur-kitap","9":"pa_yayinevi-masalperest","10":"pa_yazar-kolektif","12":"first","13":"instock","14":"sale","15":"shipping-taxable","16":"purchasable","17":"product-type-simple"},"_links":{"self":[{"href":"https:\/\/roveyayinevi.com.tr\/index.php\/wp-json\/wp\/v2\/product\/763099","targetHints":{"allow":["GET"]}}],"collection":[{"href":"https:\/\/roveyayinevi.com.tr\/index.php\/wp-json\/wp\/v2\/product"}],"about":[{"href":"https:\/\/roveyayinevi.com.tr\/index.php\/wp-json\/wp\/v2\/types\/product"}],"wp:attachment":[{"href":"https:\/\/roveyayinevi.com.tr\/index.php\/wp-json\/wp\/v2\/media?parent=763099"}],"wp:term":[{"taxonomy":"product_brand","embeddable":true,"href":"https:\/\/roveyayinevi.com.tr\/index.php\/wp-json\/wp\/v2\/product_brand?post=763099"},{"taxonomy":"product_cat","embeddable":true,"href":"https:\/\/roveyayinevi.com.tr\/index.php\/wp-json\/wp\/v2\/product_cat?post=763099"},{"taxonomy":"product_tag","embeddable":true,"href":"https:\/\/roveyayinevi.com.tr\/index.php\/wp-json\/wp\/v2\/product_tag?post=763099"}],"curies":[{"name":"wp","href":"https:\/\/api.w.org\/{rel}","templated":true}]}}