{"id":763098,"date":"2025-08-28T10:30:33","date_gmt":"2025-08-28T07:30:33","guid":{"rendered":"https:\/\/roveyayinevi.com.tr\/index.php\/urun\/bem-1\/"},"modified":"2026-04-15T03:28:34","modified_gmt":"2026-04-15T00:28:34","slug":"bem-1","status":"publish","type":"product","link":"https:\/\/roveyayinevi.com.tr\/index.php\/urun\/bem-1\/","title":{"rendered":"Bem 1"},"content":{"rendered":"<p>ONLAR YARI YOUKA\u0130 YARI \u0130NSALAR&#8230;   R\u0130FURA \u015eEHR\u0130NDE KENT\u0130N ZENG\u0130NLER\u0130N\u0130N B\u0130R ARAYA GELD\u0130\u011e\u0130 YUK ARI TARAF \u0130LE YOKSULLU K VE SU\u00c7UN FI\u015eKIRDI\u011eI DI\u015eARI TARAF&#8230; \u015eEHRE YEN \u0130 TA\u015eINAN B\u0130R KADIN MEMUR: SON\u0130A&#8230; SON\u0130A, \u0130NSANLAR I KORUMAK ADINA OL AYLARIN PE\u015e\u0130NDE KO\u015eARKEN \u201c\u00c7\u0130RK\u0130N G\u00d6R\u00dcN\u00dcML\u00dc \u00dc\u00c7 CANAVAR\u201d \u0130LE KAR\u015eILA\u015eIR. SON\u0130A\u2019YI R\u0130FURA \u015eEHR\u0130NDE HEYECANLI G\u00dcNLER BEKLEMEKTED\u0130R&#8230; <\/p>\n","protected":false},"excerpt":{"rendered":"<p>ONLAR YARI YOUKA\u0130 YARI \u0130NSALAR&#8230; R\u0130FURA \u015eEHR\u0130NDE KENT\u0130N ZENG\u0130NLER\u0130N\u0130N B\u0130R ARAYA GELD\u0130\u011e\u0130 YUK ARI TARAF \u0130LE YOKSULLU K VE SU\u00c7UN FI\u015eKIRDI\u011eI DI\u015eARI TARAF&#8230; \u015eEHRE YEN \u0130<span class=\"excerpt-hellip\"> [\u2026]<\/span><\/p>\n","protected":false},"featured_media":0,"template":"","meta":{"_monsterinsights_skip_tracking":false,"_monsterinsights_sitenote_active":false,"_monsterinsights_sitenote_note":"","_monsterinsights_sitenote_category":0},"product_brand":[],"product_cat":[12416,12291],"product_tag":[],"class_list":{"0":"post-763098","1":"product","2":"type-product","3":"status-publish","5":"product_cat-cizgi-roman","6":"product_cat-edebiyat","7":"pa_cilt-ciltsiz","8":"pa_tur-kitap","9":"pa_yayinevi-athica-yayinlari","10":"pa_yazar-adk-emotions","12":"first","13":"instock","14":"sale","15":"shipping-taxable","16":"purchasable","17":"product-type-simple"},"_links":{"self":[{"href":"https:\/\/roveyayinevi.com.tr\/index.php\/wp-json\/wp\/v2\/product\/763098","targetHints":{"allow":["GET"]}}],"collection":[{"href":"https:\/\/roveyayinevi.com.tr\/index.php\/wp-json\/wp\/v2\/product"}],"about":[{"href":"https:\/\/roveyayinevi.com.tr\/index.php\/wp-json\/wp\/v2\/types\/product"}],"wp:attachment":[{"href":"https:\/\/roveyayinevi.com.tr\/index.php\/wp-json\/wp\/v2\/media?parent=763098"}],"wp:term":[{"taxonomy":"product_brand","embeddable":true,"href":"https:\/\/roveyayinevi.com.tr\/index.php\/wp-json\/wp\/v2\/product_brand?post=763098"},{"taxonomy":"product_cat","embeddable":true,"href":"https:\/\/roveyayinevi.com.tr\/index.php\/wp-json\/wp\/v2\/product_cat?post=763098"},{"taxonomy":"product_tag","embeddable":true,"href":"https:\/\/roveyayinevi.com.tr\/index.php\/wp-json\/wp\/v2\/product_tag?post=763098"}],"curies":[{"name":"wp","href":"https:\/\/api.w.org\/{rel}","templated":true}]}}