{"id":763056,"date":"2025-08-28T10:29:08","date_gmt":"2025-08-28T07:29:08","guid":{"rendered":"https:\/\/roveyayinevi.com.tr\/index.php\/urun\/cibola-yaniyor-enginlik-serisi-4-kitap\/"},"modified":"2026-04-15T03:28:33","modified_gmt":"2026-04-15T00:28:33","slug":"cibola-yaniyor-enginlik-serisi-4-kitap","status":"publish","type":"product","link":"https:\/\/roveyayinevi.com.tr\/index.php\/urun\/cibola-yaniyor-enginlik-serisi-4-kitap\/","title":{"rendered":"Cibola Yan\u0131yor \u2013 Enginlik Serisi 4. Kitap"},"content":{"rendered":"<p>2020 HUGO EN \u0130Y\u0130 SER\u0130 \u00d6D\u00dcL\u00dc 2015 LOCUS EN \u0130Y\u0130 B\u0130L\u0130MKURGU ROMANI ADAYI   \u201cTaht Oyunlar\u0131\u2019n\u0131n bilimkurgusal kar\u015f\u0131l\u0131\u011f\u0131 bu seri&#8230; Ekstra olarak uzay gemileri de var.\u201d \u2013NPR BOOKS   James S.A. Corey&#8217;nin New York Times \u00e7oksatan\u0131 ENG\u0130NL\u0130K serisinin d\u00f6rd\u00fcnc\u00fc roman\u0131 Cibola Yan\u0131yor ilk kez T\u00fcrk\u00e7ede!   Kap\u0131lar binlerce ya\u015fanabilir gezegenin yolunu a\u00e7m\u0131\u015f ve karaya h\u00fccum ba\u015flam\u0131\u015ft\u0131. Yerle\u015fimciler, insanl\u0131\u011f\u0131n ana gezegenlerinden muazzam, kontrols\u00fcz bir sel gibi akarak yeni bir d\u00fcnyaya ini\u015f yap\u0131yordu. Bunlar\u0131n aras\u0131nda, kap\u0131lar\u0131 ve protomolek\u00fcl\u00fc in\u015fa eden b\u00fcy\u00fck galaksiler aras\u0131 toplumu neyin yok etti\u011fini ara\u015ft\u0131r\u0131rken protomolek\u00fcl\u00fcn geni\u015f, insan sonras\u0131 a\u011f\u0131 taraf\u0131ndan takip edilen Rocinante de vard\u0131.   Ancak Holden ve m\u00fcrettebat\u0131, yerle\u015fimciler ile gezegen \u00fczerinde resmi hak sahibi olan \u015firket aras\u0131nda artan gerilimlerle de m\u00fccadele etmek zorundayd\u0131. Her iki taraf da kendilerine ait olan\u0131 korumak i\u00e7in her \u015feyi g\u00f6ze alacakt\u0131. Ancak \u00e7ok ge\u00e7meden korkun\u00e7 bir hastal\u0131k ba\u015f g\u00f6sterecekti ve tedaviyi bulabilecek tek ki\u015fi \u2013hayalet Dedektif Miller yard\u0131m\u0131yla\u2013 Holden\u2019dan ba\u015fkas\u0131 de\u011fildi. <\/p>\n","protected":false},"excerpt":{"rendered":"<p>2020 HUGO EN \u0130Y\u0130 SER\u0130 \u00d6D\u00dcL\u00dc 2015 LOCUS EN \u0130Y\u0130 B\u0130L\u0130MKURGU ROMANI ADAYI \u201cTaht Oyunlar\u0131\u2019n\u0131n bilimkurgusal kar\u015f\u0131l\u0131\u011f\u0131 bu seri&#8230; Ekstra olarak uzay gemileri de var.\u201d \u2013NPR<span class=\"excerpt-hellip\"> [\u2026]<\/span><\/p>\n","protected":false},"featured_media":0,"template":"","meta":{"_monsterinsights_skip_tracking":false,"_monsterinsights_sitenote_active":false,"_monsterinsights_sitenote_note":"","_monsterinsights_sitenote_category":0},"product_brand":[],"product_cat":[12540,12291],"product_tag":[],"class_list":{"0":"post-763056","1":"product","2":"type-product","3":"status-publish","5":"product_cat-bilim-kurgu","6":"product_cat-edebiyat","7":"pa_cilt-ciltsiz","8":"pa_tur-kitap","9":"pa_yayinevi-ithaki-yayinlari","10":"pa_yazar-james-s-a-corey","12":"first","13":"instock","14":"sale","15":"shipping-taxable","16":"purchasable","17":"product-type-simple"},"_links":{"self":[{"href":"https:\/\/roveyayinevi.com.tr\/index.php\/wp-json\/wp\/v2\/product\/763056","targetHints":{"allow":["GET"]}}],"collection":[{"href":"https:\/\/roveyayinevi.com.tr\/index.php\/wp-json\/wp\/v2\/product"}],"about":[{"href":"https:\/\/roveyayinevi.com.tr\/index.php\/wp-json\/wp\/v2\/types\/product"}],"wp:attachment":[{"href":"https:\/\/roveyayinevi.com.tr\/index.php\/wp-json\/wp\/v2\/media?parent=763056"}],"wp:term":[{"taxonomy":"product_brand","embeddable":true,"href":"https:\/\/roveyayinevi.com.tr\/index.php\/wp-json\/wp\/v2\/product_brand?post=763056"},{"taxonomy":"product_cat","embeddable":true,"href":"https:\/\/roveyayinevi.com.tr\/index.php\/wp-json\/wp\/v2\/product_cat?post=763056"},{"taxonomy":"product_tag","embeddable":true,"href":"https:\/\/roveyayinevi.com.tr\/index.php\/wp-json\/wp\/v2\/product_tag?post=763056"}],"curies":[{"name":"wp","href":"https:\/\/api.w.org\/{rel}","templated":true}]}}