{"id":763030,"date":"2025-08-28T10:28:17","date_gmt":"2025-08-28T07:28:17","guid":{"rendered":"https:\/\/roveyayinevi.com.tr\/index.php\/urun\/kelimenin-ham-anlamiyla\/"},"modified":"2026-03-11T03:40:42","modified_gmt":"2026-03-11T00:40:42","slug":"kelimenin-ham-anlamiyla","status":"publish","type":"product","link":"https:\/\/roveyayinevi.com.tr\/index.php\/urun\/kelimenin-ham-anlamiyla\/","title":{"rendered":"Kelimenin Ham Anlam\u0131yla"},"content":{"rendered":"<p>\u201cBu kitab\u0131n sayfalar\u0131n\u0131 \u00e7evirirken a\u011fz\u0131 kalabal\u0131k ve biraz da abartmay\u0131 seven bir ahbab\u0131n\u0131z\u0131 hat\u0131rlayabilirsiniz. O ahbab\u0131n\u0131za g\u00f6sterdi\u011finiz ho\u015fg\u00f6r\u00fcy\u00fc l\u00fctfen kitaptan da esirgemeyiniz. \u0130\u00e7inde Pod-Bee kumpanyas\u0131n\u0131n verdi\u011fi \u015fevk ve hevesle haz\u0131rlanm\u0131\u015f 13 ba\u015fl\u0131k bulacaks\u0131n\u0131z.   Bu ba\u015fl\u0131klar\u0131n alt\u0131ndaki anlat\u0131lar asl\u0131nda kulak\u00e7\u0131klar\u0131n\u0131za ula\u015fmas\u0131 i\u00e7in haz\u0131rlanm\u0131\u015ft\u0131. Fakat Do\u011fan Kitap\u2019\u0131n g\u00f6lgesinde de\u011fi\u015fip d\u00f6n\u00fc\u015ferek elle tutulur, g\u00f6zle g\u00f6r\u00fcl\u00fcr hale b\u00fcr\u00fcnd\u00fcler.\u201d   Ali \u0130hsan Varol\u2019dan kelimelere, insanlara, \u015feylere dair etimolojik denemeler. Kelimelerin k\u00f6kenine indik\u00e7e \u015fa\u015f\u0131racaks\u0131n\u0131z, \u015fa\u015fk\u0131nl\u0131\u011f\u0131n\u0131z bir s\u00fcre sonra e\u011flenceye, e\u011flenceniz de a\u00e7g\u00f6zl\u00fc bir meraka d\u00f6n\u00fc\u015fecek. <\/p>\n","protected":false},"excerpt":{"rendered":"<p>\u201cBu kitab\u0131n sayfalar\u0131n\u0131 \u00e7evirirken a\u011fz\u0131 kalabal\u0131k ve biraz da abartmay\u0131 seven bir ahbab\u0131n\u0131z\u0131 hat\u0131rlayabilirsiniz. O ahbab\u0131n\u0131za g\u00f6sterdi\u011finiz ho\u015fg\u00f6r\u00fcy\u00fc l\u00fctfen kitaptan da esirgemeyiniz. \u0130\u00e7inde Pod-Bee kumpanyas\u0131n\u0131n verdi\u011fi<span class=\"excerpt-hellip\"> [\u2026]<\/span><\/p>\n","protected":false},"featured_media":0,"template":"","meta":{"_monsterinsights_skip_tracking":false,"_monsterinsights_sitenote_active":false,"_monsterinsights_sitenote_note":"","_monsterinsights_sitenote_category":0},"product_brand":[],"product_cat":[13072,12291],"product_tag":[],"class_list":{"0":"post-763030","1":"product","2":"type-product","3":"status-publish","5":"product_cat-arastirma-inceleme-referans","6":"product_cat-edebiyat","7":"pa_cilt-ciltsiz","8":"pa_tur-kitap","9":"pa_yayinevi-dogan-kitap","10":"pa_yazar-ali-ihsan-varol","12":"first","13":"instock","14":"sale","15":"shipping-taxable","16":"purchasable","17":"product-type-simple"},"_links":{"self":[{"href":"https:\/\/roveyayinevi.com.tr\/index.php\/wp-json\/wp\/v2\/product\/763030","targetHints":{"allow":["GET"]}}],"collection":[{"href":"https:\/\/roveyayinevi.com.tr\/index.php\/wp-json\/wp\/v2\/product"}],"about":[{"href":"https:\/\/roveyayinevi.com.tr\/index.php\/wp-json\/wp\/v2\/types\/product"}],"wp:attachment":[{"href":"https:\/\/roveyayinevi.com.tr\/index.php\/wp-json\/wp\/v2\/media?parent=763030"}],"wp:term":[{"taxonomy":"product_brand","embeddable":true,"href":"https:\/\/roveyayinevi.com.tr\/index.php\/wp-json\/wp\/v2\/product_brand?post=763030"},{"taxonomy":"product_cat","embeddable":true,"href":"https:\/\/roveyayinevi.com.tr\/index.php\/wp-json\/wp\/v2\/product_cat?post=763030"},{"taxonomy":"product_tag","embeddable":true,"href":"https:\/\/roveyayinevi.com.tr\/index.php\/wp-json\/wp\/v2\/product_tag?post=763030"}],"curies":[{"name":"wp","href":"https:\/\/api.w.org\/{rel}","templated":true}]}}