{"id":763027,"date":"2025-08-28T10:28:04","date_gmt":"2025-08-28T07:28:04","guid":{"rendered":"https:\/\/roveyayinevi.com.tr\/index.php\/urun\/duygularini-yoneten-mirket-fenerle-ara-bul\/"},"modified":"2026-04-15T03:28:33","modified_gmt":"2026-04-15T00:28:33","slug":"duygularini-yoneten-mirket-fenerle-ara-bul","status":"publish","type":"product","link":"https:\/\/roveyayinevi.com.tr\/index.php\/urun\/duygularini-yoneten-mirket-fenerle-ara-bul\/","title":{"rendered":"Duygular\u0131n\u0131 Y\u00f6neten Mirket &#8211; Fenerle Ara Bul"},"content":{"rendered":"<p>\u0130\u00e7imizde bazen bizi k\u0131k\u0131rdatan bazen kayg\u0131land\u0131ran duygularla yarat\u0131lm\u0131\u015f\u0131z. T\u0131pk\u0131 kitab\u0131n kahraman\u0131 mirket gibi. O, bu duygular\u0131n onu nas\u0131l etkiledi\u011finin fark\u0131ndad\u0131r. Bunu arkada\u015flar\u0131na da g\u00fczel bir oyunla anlatmak ister.  Sen de bu oyuna kat\u0131lmak i\u00e7in al feneri eline ve tak\u0131l mirketin pe\u015fine.Bakal\u0131m fenerle neleri bulacaks\u0131n?<\/p>\n","protected":false},"excerpt":{"rendered":"<p>\u0130\u00e7imizde bazen bizi k\u0131k\u0131rdatan bazen kayg\u0131land\u0131ran duygularla yarat\u0131lm\u0131\u015f\u0131z. T\u0131pk\u0131 kitab\u0131n kahraman\u0131 mirket gibi. O, bu duygular\u0131n onu nas\u0131l etkiledi\u011finin fark\u0131ndad\u0131r. Bunu arkada\u015flar\u0131na da g\u00fczel bir oyunla<span class=\"excerpt-hellip\"> [\u2026]<\/span><\/p>\n","protected":false},"featured_media":0,"template":"","meta":{"_monsterinsights_skip_tracking":false,"_monsterinsights_sitenote_active":false,"_monsterinsights_sitenote_note":"","_monsterinsights_sitenote_category":0},"product_brand":[],"product_cat":[12274,15842],"product_tag":[],"class_list":{"0":"post-763027","1":"product","2":"type-product","3":"status-publish","5":"product_cat-cocuk-ve-genclik-kitaplari","6":"product_cat-egitici-kitaplar","7":"pa_cilt-ciltsiz","8":"pa_tur-kitap","9":"pa_yayinevi-gulce-kitap","10":"pa_yazar-merve-sultan-gunduz","12":"first","13":"instock","14":"sale","15":"shipping-taxable","16":"purchasable","17":"product-type-simple"},"_links":{"self":[{"href":"https:\/\/roveyayinevi.com.tr\/index.php\/wp-json\/wp\/v2\/product\/763027","targetHints":{"allow":["GET"]}}],"collection":[{"href":"https:\/\/roveyayinevi.com.tr\/index.php\/wp-json\/wp\/v2\/product"}],"about":[{"href":"https:\/\/roveyayinevi.com.tr\/index.php\/wp-json\/wp\/v2\/types\/product"}],"wp:attachment":[{"href":"https:\/\/roveyayinevi.com.tr\/index.php\/wp-json\/wp\/v2\/media?parent=763027"}],"wp:term":[{"taxonomy":"product_brand","embeddable":true,"href":"https:\/\/roveyayinevi.com.tr\/index.php\/wp-json\/wp\/v2\/product_brand?post=763027"},{"taxonomy":"product_cat","embeddable":true,"href":"https:\/\/roveyayinevi.com.tr\/index.php\/wp-json\/wp\/v2\/product_cat?post=763027"},{"taxonomy":"product_tag","embeddable":true,"href":"https:\/\/roveyayinevi.com.tr\/index.php\/wp-json\/wp\/v2\/product_tag?post=763027"}],"curies":[{"name":"wp","href":"https:\/\/api.w.org\/{rel}","templated":true}]}}