{"id":763021,"date":"2025-08-28T10:27:51","date_gmt":"2025-08-28T07:27:51","guid":{"rendered":"https:\/\/roveyayinevi.com.tr\/index.php\/urun\/gokyuzunde-bir-ada-atmacanin-gunlugu\/"},"modified":"2026-04-15T03:28:32","modified_gmt":"2026-04-15T00:28:32","slug":"gokyuzunde-bir-ada-atmacanin-gunlugu","status":"publish","type":"product","link":"https:\/\/roveyayinevi.com.tr\/index.php\/urun\/gokyuzunde-bir-ada-atmacanin-gunlugu\/","title":{"rendered":"G\u00f6ky\u00fcz\u00fcnde Bir Ada &#8211; Atmaca&#8217;n\u0131n G\u00fcnl\u00fc\u011f\u00fc"},"content":{"rendered":"<p>Korsanlar Seyahat&#8217;in m\u00fcrettebat ve yolcular\u0131 bir f\u0131rt\u0131naya yakalan\u0131p bamba\u015fka bir evrende maceralara at\u0131l\u0131yorlar. Yery\u00fcz\u00fcn\u00fcn \u0130lk Adas\u0131\u2019na rastlad\u0131ktan sonra g\u00f6ky\u00fcz\u00fcnden inmi\u015f gibi duran bir adaya ula\u015f\u0131yorlar. Daha do\u011frusu ada, kahramanlar\u0131m\u0131za ula\u015f\u0131yor. Bu ada olduk\u00e7a tantanal\u0131; \u00e7eki\u015fmesi ve e\u011flencesi eksik olmuyor. Adan\u0131n sakinleri de g\u00f6ky\u00fcz\u00fcne ve orada olanlara kar\u015f\u0131 pek merakl\u0131. Kimi D\u00fcnya\u2019n\u0131n yuvarlak oldu\u011funu fark etmi\u015f, kimi u\u00e7maya heves etmi\u015f. Adan\u0131n rehberi ise bir dahi: Leonardo da Vinci. Ama her \u015fey pespembe de\u011fil. Adam\u0131z ikiye ayr\u0131lm\u0131\u015f durumda ve di\u011fer taraftakilerin ilgin\u00e7 bir iddias\u0131 da var! Kahramanlar\u0131m\u0131z ise bu b\u00f6l\u00fcnm\u00fc\u015f adada tarafs\u0131z kal\u0131namayaca\u011f\u0131n\u0131 \u00f6\u011frenmek zorundalar.<\/p>\n","protected":false},"excerpt":{"rendered":"<p>Korsanlar Seyahat&#8217;in m\u00fcrettebat ve yolcular\u0131 bir f\u0131rt\u0131naya yakalan\u0131p bamba\u015fka bir evrende maceralara at\u0131l\u0131yorlar. Yery\u00fcz\u00fcn\u00fcn \u0130lk Adas\u0131\u2019na rastlad\u0131ktan sonra g\u00f6ky\u00fcz\u00fcnden inmi\u015f gibi duran bir adaya ula\u015f\u0131yorlar. Daha<span class=\"excerpt-hellip\"> [\u2026]<\/span><\/p>\n","protected":false},"featured_media":0,"template":"","meta":{"_monsterinsights_skip_tracking":false,"_monsterinsights_sitenote_active":false,"_monsterinsights_sitenote_note":"","_monsterinsights_sitenote_category":0},"product_brand":[],"product_cat":[12274,12284],"product_tag":[],"class_list":{"0":"post-763021","1":"product","2":"type-product","3":"status-publish","5":"product_cat-cocuk-ve-genclik-kitaplari","6":"product_cat-hikayeler","7":"pa_cilt-ciltsiz","8":"pa_tur-kitap","9":"pa_yayinevi-timas-cocuk","10":"pa_yazar-seniz-bas","12":"first","13":"instock","14":"sale","15":"shipping-taxable","16":"purchasable","17":"product-type-simple"},"_links":{"self":[{"href":"https:\/\/roveyayinevi.com.tr\/index.php\/wp-json\/wp\/v2\/product\/763021","targetHints":{"allow":["GET"]}}],"collection":[{"href":"https:\/\/roveyayinevi.com.tr\/index.php\/wp-json\/wp\/v2\/product"}],"about":[{"href":"https:\/\/roveyayinevi.com.tr\/index.php\/wp-json\/wp\/v2\/types\/product"}],"wp:attachment":[{"href":"https:\/\/roveyayinevi.com.tr\/index.php\/wp-json\/wp\/v2\/media?parent=763021"}],"wp:term":[{"taxonomy":"product_brand","embeddable":true,"href":"https:\/\/roveyayinevi.com.tr\/index.php\/wp-json\/wp\/v2\/product_brand?post=763021"},{"taxonomy":"product_cat","embeddable":true,"href":"https:\/\/roveyayinevi.com.tr\/index.php\/wp-json\/wp\/v2\/product_cat?post=763021"},{"taxonomy":"product_tag","embeddable":true,"href":"https:\/\/roveyayinevi.com.tr\/index.php\/wp-json\/wp\/v2\/product_tag?post=763021"}],"curies":[{"name":"wp","href":"https:\/\/api.w.org\/{rel}","templated":true}]}}