{"id":763019,"date":"2025-08-28T10:27:47","date_gmt":"2025-08-28T07:27:47","guid":{"rendered":"https:\/\/roveyayinevi.com.tr\/index.php\/urun\/doktor-dinozorla-paraya-yolculuk-kesiflerle-dunya-tarihi-3\/"},"modified":"2026-04-15T03:28:32","modified_gmt":"2026-04-15T00:28:32","slug":"doktor-dinozorla-paraya-yolculuk-kesiflerle-dunya-tarihi-3","status":"publish","type":"product","link":"https:\/\/roveyayinevi.com.tr\/index.php\/urun\/doktor-dinozorla-paraya-yolculuk-kesiflerle-dunya-tarihi-3\/","title":{"rendered":"Doktor Dinozor&#8217;la Paraya Yolculuk &#8211; Ke\u015fiflerle D\u00fcnya Tarihi 3"},"content":{"rendered":"<p>Para, para, para\u2026Nas\u0131l ke\u015ffedildi bu para?\u0130nsanlar\u0131n hayat\u0131nda neleri de\u011fi\u015ftirdi?Ba\u015fka hangi ke\u015fiflerin \u00f6n\u00fcn\u00fc a\u00e7t\u0131?Bu sorular\u0131n cevab\u0131n\u0131 merak ediyor musunuz?O zaman Doktor Dinozor ve ekibiyle tan\u0131\u015f\u0131n!\u00d6\u011frenmeye ve \u00f6\u011fretmeye merakl\u0131 Doktor Dinozor,e\u011flenceli oldu\u011fu kadar tembel Dinove kendini s\u00fcrekli geli\u015ftiren Bay Beyinparan\u0131n tarihini \u00f6\u011frenmek i\u00e7in fantastik bir yolculu\u011fa \u00e7\u0131k\u0131yor.S\u0131k\u0131 tutunun! Paran\u0131n ilk d\u00f6v\u00fcld\u00fc\u011f\u00fc zamana gidiyoruz!<\/p>\n","protected":false},"excerpt":{"rendered":"<p>Para, para, para\u2026Nas\u0131l ke\u015ffedildi bu para?\u0130nsanlar\u0131n hayat\u0131nda neleri de\u011fi\u015ftirdi?Ba\u015fka hangi ke\u015fiflerin \u00f6n\u00fcn\u00fc a\u00e7t\u0131?Bu sorular\u0131n cevab\u0131n\u0131 merak ediyor musunuz?O zaman Doktor Dinozor ve ekibiyle tan\u0131\u015f\u0131n!\u00d6\u011frenmeye ve \u00f6\u011fretmeye<span class=\"excerpt-hellip\"> [\u2026]<\/span><\/p>\n","protected":false},"featured_media":0,"template":"","meta":{"_monsterinsights_skip_tracking":false,"_monsterinsights_sitenote_active":false,"_monsterinsights_sitenote_note":"","_monsterinsights_sitenote_category":0},"product_brand":[],"product_cat":[12274,15842],"product_tag":[],"class_list":{"0":"post-763019","1":"product","2":"type-product","3":"status-publish","5":"product_cat-cocuk-ve-genclik-kitaplari","6":"product_cat-egitici-kitaplar","7":"pa_cilt-ciltsiz","8":"pa_tur-kitap","9":"pa_yayinevi-timas-cocuk","10":"pa_yazar-nurlan-nazli-kaya","12":"first","13":"instock","14":"sale","15":"shipping-taxable","16":"purchasable","17":"product-type-simple"},"_links":{"self":[{"href":"https:\/\/roveyayinevi.com.tr\/index.php\/wp-json\/wp\/v2\/product\/763019","targetHints":{"allow":["GET"]}}],"collection":[{"href":"https:\/\/roveyayinevi.com.tr\/index.php\/wp-json\/wp\/v2\/product"}],"about":[{"href":"https:\/\/roveyayinevi.com.tr\/index.php\/wp-json\/wp\/v2\/types\/product"}],"wp:attachment":[{"href":"https:\/\/roveyayinevi.com.tr\/index.php\/wp-json\/wp\/v2\/media?parent=763019"}],"wp:term":[{"taxonomy":"product_brand","embeddable":true,"href":"https:\/\/roveyayinevi.com.tr\/index.php\/wp-json\/wp\/v2\/product_brand?post=763019"},{"taxonomy":"product_cat","embeddable":true,"href":"https:\/\/roveyayinevi.com.tr\/index.php\/wp-json\/wp\/v2\/product_cat?post=763019"},{"taxonomy":"product_tag","embeddable":true,"href":"https:\/\/roveyayinevi.com.tr\/index.php\/wp-json\/wp\/v2\/product_tag?post=763019"}],"curies":[{"name":"wp","href":"https:\/\/api.w.org\/{rel}","templated":true}]}}