{"id":763015,"date":"2025-08-28T10:27:37","date_gmt":"2025-08-28T07:27:37","guid":{"rendered":"https:\/\/roveyayinevi.com.tr\/index.php\/urun\/eyvah-dayim-kayboldu\/"},"modified":"2026-04-15T03:28:32","modified_gmt":"2026-04-15T00:28:32","slug":"eyvah-dayim-kayboldu","status":"publish","type":"product","link":"https:\/\/roveyayinevi.com.tr\/index.php\/urun\/eyvah-dayim-kayboldu\/","title":{"rendered":"Eyvah, Day\u0131m Kayboldu!"},"content":{"rendered":"<p>U\u00e7uk Ailesi olarak yeni bir tatile ve yine ka\u00e7\u0131k bir maceraya do\u011fru yola \u00e7\u0131k\u0131yoruz! Her \u015fey, tatilimizin ba\u015flang\u0131c\u0131 olan otel odas\u0131nda gece alt\u0131 ki\u015fi yat\u0131p, sabah be\u015f ki\u015fi kalkmam\u0131zla ba\u015flad\u0131! Ba\u015fta day\u0131m\u0131n kaybolmu\u015f olmas\u0131na ihtimal vermemi\u015ftik. Ancak polislerle birlikte g\u00fcvenlik kameras\u0131 kay\u0131tlar\u0131n\u0131 izledi\u011fimiz an, i\u015fler daha da kar\u0131\u015ft\u0131. Dedem, kumlara g\u00f6m\u00fclmenin verdi\u011fi zevki ya\u015fayamadan \u201cReham!\u201d diye feryat ederken buldu kendini. Annem ve babam, r\u00f6tarl\u0131 bir panik ya\u015farken Ne\u015fe ise kap\u0131 e\u015fi\u011fine yerle\u015ftirdi\u011fi tuza\u011f\u0131n derdine d\u00fc\u015ft\u00fc. Ben mi? Ben de polisleri bile hayrete d\u00fc\u015f\u00fcrecek bir ka\u00e7\u0131r\u0131lma vakas\u0131n\u0131n orta yerinde, \u00e7ay i\u00e7iyorum i\u015fte. Hem de day\u0131m\u0131 ka\u00e7\u0131ran adamlarla birlikte! Anlayaca\u011f\u0131n, hayallerin \u00f6nce suya d\u00fc\u015ft\u00fc\u011f\u00fc sonra bal\u0131klama y\u00fczd\u00fc\u011f\u00fc, kafa kar\u0131\u015ft\u0131ran, beyin yakan acayip bir tatil maceras\u0131 bu\u2026<\/p>\n","protected":false},"excerpt":{"rendered":"<p>U\u00e7uk Ailesi olarak yeni bir tatile ve yine ka\u00e7\u0131k bir maceraya do\u011fru yola \u00e7\u0131k\u0131yoruz! Her \u015fey, tatilimizin ba\u015flang\u0131c\u0131 olan otel odas\u0131nda gece alt\u0131 ki\u015fi yat\u0131p, sabah<span class=\"excerpt-hellip\"> [\u2026]<\/span><\/p>\n","protected":false},"featured_media":0,"template":"","meta":{"_monsterinsights_skip_tracking":false,"_monsterinsights_sitenote_active":false,"_monsterinsights_sitenote_note":"","_monsterinsights_sitenote_category":0},"product_brand":[],"product_cat":[12291,14825],"product_tag":[],"class_list":{"0":"post-763015","1":"product","2":"type-product","3":"status-publish","5":"product_cat-edebiyat","6":"product_cat-mizah","7":"pa_cilt-ciltsiz","8":"pa_tur-kitap","9":"pa_yayinevi-carpe-diem-kitaplari","10":"pa_yazar-salih-uyan","12":"first","13":"instock","14":"sale","15":"shipping-taxable","16":"purchasable","17":"product-type-simple"},"_links":{"self":[{"href":"https:\/\/roveyayinevi.com.tr\/index.php\/wp-json\/wp\/v2\/product\/763015","targetHints":{"allow":["GET"]}}],"collection":[{"href":"https:\/\/roveyayinevi.com.tr\/index.php\/wp-json\/wp\/v2\/product"}],"about":[{"href":"https:\/\/roveyayinevi.com.tr\/index.php\/wp-json\/wp\/v2\/types\/product"}],"wp:attachment":[{"href":"https:\/\/roveyayinevi.com.tr\/index.php\/wp-json\/wp\/v2\/media?parent=763015"}],"wp:term":[{"taxonomy":"product_brand","embeddable":true,"href":"https:\/\/roveyayinevi.com.tr\/index.php\/wp-json\/wp\/v2\/product_brand?post=763015"},{"taxonomy":"product_cat","embeddable":true,"href":"https:\/\/roveyayinevi.com.tr\/index.php\/wp-json\/wp\/v2\/product_cat?post=763015"},{"taxonomy":"product_tag","embeddable":true,"href":"https:\/\/roveyayinevi.com.tr\/index.php\/wp-json\/wp\/v2\/product_tag?post=763015"}],"curies":[{"name":"wp","href":"https:\/\/api.w.org\/{rel}","templated":true}]}}