{"id":763008,"date":"2025-08-28T10:27:23","date_gmt":"2025-08-28T07:27:23","guid":{"rendered":"https:\/\/roveyayinevi.com.tr\/index.php\/urun\/yeni-dunya-duzeninde-kariyer-yonetimi\/"},"modified":"2026-01-30T03:56:37","modified_gmt":"2026-01-30T00:56:37","slug":"yeni-dunya-duzeninde-kariyer-yonetimi","status":"publish","type":"product","link":"https:\/\/roveyayinevi.com.tr\/index.php\/urun\/yeni-dunya-duzeninde-kariyer-yonetimi\/","title":{"rendered":"Yeni D\u00fcnya D\u00fczeninde Kariyer Y\u00f6netimi"},"content":{"rendered":"<p>\u0130\u015f d\u00fcnyas\u0131 h\u0131zla de\u011fi\u015fiyor. Yapay zeka ve otomasyon pek \u00e7ok geleneksel i\u015f kolunu d\u00f6n\u00fc\u015ft\u00fcr\u00fcyor, gig ekonomisi y\u00fckseli\u015fte ve pandemi sonras\u0131nda \u00e7al\u0131\u015fma \u015fekilleri yeniden tan\u0131mlan\u0131yor. Bu belirsiz ortamda kariyerinizi nas\u0131l y\u00f6netirsiniz?\u0130\u015fte bu kitapta, Stephen Moroz ve Tufan Karaca, de\u011fi\u015fen i\u015f ortam\u0131nda ba\u015far\u0131l\u0131 olmak i\u00e7in pratik stratejiler ve g\u00fc\u00e7l\u00fc bir bak\u0131\u015f a\u00e7\u0131s\u0131 sunuyorlar. Ki\u015fisel de\u011ferlendirme ve hedef belirlemeden, becerilerinizi geli\u015ftirmeye ve ki\u015fisel markan\u0131z\u0131 olu\u015fturmaya kadar, bu kitap, kariyer yolculu\u011funuzun kontrol\u00fcn\u00fc elinize alman\u0131z i\u00e7in kapsaml\u0131 bir rehber sunuyor.\u0130ster yeni mezun olun ister deneyimli bir profesyonel, bu kitap, belirsizli\u011fin ortas\u0131nda geli\u015fmek i\u00e7in gereken ara\u00e7lar\u0131 ve i\u00e7g\u00f6r\u00fcleri sa\u011flayacakt\u0131r. <\/p>\n","protected":false},"excerpt":{"rendered":"<p>\u0130\u015f d\u00fcnyas\u0131 h\u0131zla de\u011fi\u015fiyor. Yapay zeka ve otomasyon pek \u00e7ok geleneksel i\u015f kolunu d\u00f6n\u00fc\u015ft\u00fcr\u00fcyor, gig ekonomisi y\u00fckseli\u015fte ve pandemi sonras\u0131nda \u00e7al\u0131\u015fma \u015fekilleri yeniden tan\u0131mlan\u0131yor. Bu belirsiz<span class=\"excerpt-hellip\"> [\u2026]<\/span><\/p>\n","protected":false},"featured_media":0,"template":"","meta":{"_monsterinsights_skip_tracking":false,"_monsterinsights_sitenote_active":false,"_monsterinsights_sitenote_note":"","_monsterinsights_sitenote_category":0},"product_brand":[],"product_cat":[13043,17647],"product_tag":[],"class_list":{"0":"post-763008","1":"product","2":"type-product","3":"status-publish","5":"product_cat-ekonomi","6":"product_cat-is-dunyasi","7":"pa_cilt-ciltsiz","8":"pa_tur-kitap","9":"pa_yayinevi-vova-yayinlari","10":"pa_yazar-stephen-moroz-tufan-karaca","12":"first","13":"instock","14":"sale","15":"shipping-taxable","16":"purchasable","17":"product-type-simple"},"_links":{"self":[{"href":"https:\/\/roveyayinevi.com.tr\/index.php\/wp-json\/wp\/v2\/product\/763008","targetHints":{"allow":["GET"]}}],"collection":[{"href":"https:\/\/roveyayinevi.com.tr\/index.php\/wp-json\/wp\/v2\/product"}],"about":[{"href":"https:\/\/roveyayinevi.com.tr\/index.php\/wp-json\/wp\/v2\/types\/product"}],"wp:attachment":[{"href":"https:\/\/roveyayinevi.com.tr\/index.php\/wp-json\/wp\/v2\/media?parent=763008"}],"wp:term":[{"taxonomy":"product_brand","embeddable":true,"href":"https:\/\/roveyayinevi.com.tr\/index.php\/wp-json\/wp\/v2\/product_brand?post=763008"},{"taxonomy":"product_cat","embeddable":true,"href":"https:\/\/roveyayinevi.com.tr\/index.php\/wp-json\/wp\/v2\/product_cat?post=763008"},{"taxonomy":"product_tag","embeddable":true,"href":"https:\/\/roveyayinevi.com.tr\/index.php\/wp-json\/wp\/v2\/product_tag?post=763008"}],"curies":[{"name":"wp","href":"https:\/\/api.w.org\/{rel}","templated":true}]}}