{"id":763003,"date":"2025-08-28T10:27:15","date_gmt":"2025-08-28T07:27:15","guid":{"rendered":"https:\/\/roveyayinevi.com.tr\/index.php\/urun\/sefkatle-ogretmek\/"},"modified":"2026-04-15T03:28:32","modified_gmt":"2026-04-15T00:28:32","slug":"sefkatle-ogretmek","status":"publish","type":"product","link":"https:\/\/roveyayinevi.com.tr\/index.php\/urun\/sefkatle-ogretmek\/","title":{"rendered":"\u015eefkatle \u00d6\u011fretmek"},"content":{"rendered":"<p>\u00d6\u011frencilerle \u00f6\u011fretmenlerin kar\u015f\u0131l\u0131kl\u0131 anlay\u0131\u015f i\u00e7inde ba\u015far\u0131ya ula\u015fmalar\u0131n\u0131n yolu&#8230;M. Rosenberg \u015f\u00f6yle diyor:\u201cE\u011fitim, bize \u2013t\u0131pk\u0131 bana \u00f6\u011fretti\u011fi gibi- insanlar\u0131n ne olduklar\u0131n\u0131 d\u00fc\u015f\u00fcnerek onlar\u0131 insanl\u0131ktan \u00e7\u0131karmay\u0131 \u00f6\u011fretir. Bu y\u00fczden, insanlar\u0131n g\u00fczellikleriyle ba\u011flant\u0131da kalmama yard\u0131mc\u0131 olan bu di\u011fer dili geli\u015ftirmek i\u00e7in \u00e7ok \u00e7al\u0131\u015f\u0131yorum.\u201d\u201cOnay tehlikeli bir\u015fey. Onay alman\u0131za gerek yok. \u0130htiya\u00e7lar\u0131 isteklerden ayr\u0131 tutmak istiyoruz. Birinden yapt\u0131\u011f\u0131m\u0131z \u015feyi onaylamas\u0131n\u0131 isteyebiliriz, ancak onayla minnettarl\u0131\u011f\u0131 asla kar\u0131\u015ft\u0131rmamam\u0131z\u0131 \u00f6neririm.\u201d\u201c\u00d6\u011frenme, zorlay\u0131c\u0131 taktiklerle motive edilemeyecek kadar k\u0131ymetlidir. \u015eiddetsiz \u0130leti\u015fim; hayata sayg\u0131yla, kendimizin ve ba\u015fkalar\u0131n\u0131n esenli\u011fine daha iyi katk\u0131da bulunmak i\u00e7in yeni beceriler kazanma arzusuyla motive edilen \u00f6\u011frenmeyle ilgilenir.\u201dBu kitap\u00e7\u0131kta \u00f6\u011frencilerle \u00f6\u011fretmenlerin kar\u015f\u0131l\u0131kl\u0131 anlay\u0131\u015f i\u00e7inde ba\u015far\u0131ya ula\u015fmalar\u0131n\u0131n yolu \u00fczerine Marshall Rosenberg\u2019in d\u00fc\u015f\u00fcnce ve yakla\u015f\u0131mlar\u0131n\u0131 bulacaks\u0131n\u0131z.<\/p>\n","protected":false},"excerpt":{"rendered":"<p>\u00d6\u011frencilerle \u00f6\u011fretmenlerin kar\u015f\u0131l\u0131kl\u0131 anlay\u0131\u015f i\u00e7inde ba\u015far\u0131ya ula\u015fmalar\u0131n\u0131n yolu&#8230;M. Rosenberg \u015f\u00f6yle diyor:\u201cE\u011fitim, bize \u2013t\u0131pk\u0131 bana \u00f6\u011fretti\u011fi gibi- insanlar\u0131n ne olduklar\u0131n\u0131 d\u00fc\u015f\u00fcnerek onlar\u0131 insanl\u0131ktan \u00e7\u0131karmay\u0131 \u00f6\u011fretir. Bu y\u00fczden,<span class=\"excerpt-hellip\"> [\u2026]<\/span><\/p>\n","protected":false},"featured_media":0,"template":"","meta":{"_monsterinsights_skip_tracking":false,"_monsterinsights_sitenote_active":false,"_monsterinsights_sitenote_note":"","_monsterinsights_sitenote_category":0},"product_brand":[],"product_cat":[12357],"product_tag":[],"class_list":{"0":"post-763003","1":"product","2":"type-product","3":"status-publish","5":"product_cat-psikoloji","6":"pa_cilt-ciltsiz","7":"pa_tur-kitap","8":"pa_yayinevi-remzi-kitabevi","9":"pa_yazar-marshall-b-rosenberg","11":"first","12":"instock","13":"sale","14":"shipping-taxable","15":"purchasable","16":"product-type-simple"},"_links":{"self":[{"href":"https:\/\/roveyayinevi.com.tr\/index.php\/wp-json\/wp\/v2\/product\/763003","targetHints":{"allow":["GET"]}}],"collection":[{"href":"https:\/\/roveyayinevi.com.tr\/index.php\/wp-json\/wp\/v2\/product"}],"about":[{"href":"https:\/\/roveyayinevi.com.tr\/index.php\/wp-json\/wp\/v2\/types\/product"}],"wp:attachment":[{"href":"https:\/\/roveyayinevi.com.tr\/index.php\/wp-json\/wp\/v2\/media?parent=763003"}],"wp:term":[{"taxonomy":"product_brand","embeddable":true,"href":"https:\/\/roveyayinevi.com.tr\/index.php\/wp-json\/wp\/v2\/product_brand?post=763003"},{"taxonomy":"product_cat","embeddable":true,"href":"https:\/\/roveyayinevi.com.tr\/index.php\/wp-json\/wp\/v2\/product_cat?post=763003"},{"taxonomy":"product_tag","embeddable":true,"href":"https:\/\/roveyayinevi.com.tr\/index.php\/wp-json\/wp\/v2\/product_tag?post=763003"}],"curies":[{"name":"wp","href":"https:\/\/api.w.org\/{rel}","templated":true}]}}