{"id":762971,"date":"2025-08-28T10:26:19","date_gmt":"2025-08-28T07:26:19","guid":{"rendered":"https:\/\/roveyayinevi.com.tr\/index.php\/urun\/genc-agathalar\/"},"modified":"2026-04-15T03:27:50","modified_gmt":"2026-04-15T00:27:50","slug":"genc-agathalar","status":"publish","type":"product","link":"https:\/\/roveyayinevi.com.tr\/index.php\/urun\/genc-agathalar\/","title":{"rendered":"Gen\u00e7 Agathalar"},"content":{"rendered":"<p>Bela, gitti\u011finiz her yere pe\u015finizden gelirse\u2026  Ortadan kaybolan gen\u00e7 k\u0131zlar, berbat erkek arkada\u015flar ve hi\u00e7 ummad\u0131\u011f\u0131n\u0131z anda kar\u015f\u0131la\u015fabilece\u011finiz tehlikeli u\u00e7urumlarla lanetmi\u015f kasaba Castle Cove\u2019a ho\u015f geldiniz! \u015eimdilerde kasaban\u0131n g\u00fcndeminde Alice Ogilvie var. \u00c7\u00fcnk\u00fc y\u0131ld\u0131z basketbolcu sevgilisi Steve taraf\u0131ndan terkedilince arkas\u0131nda tek bir iz b\u0131rakmadan ortadan kaybolan Alice kasabaya geri d\u00f6nd\u00fc. Ama kimse nereye ve neden gitti\u011fini bilmiyor.  Daaha b\u00fcy\u00fck haber ise Steve\u2019in yeni k\u0131z arkada\u015f\u0131 \u2013ve Alice\u2019in \u2018eski\u2019 en iyi arkada\u015f\u0131\u2013 Brooke\u2019un da ortadan kaybolmu\u015f olmas\u0131. \u00dcstelik o geri d\u00f6necek gibi de g\u00f6r\u00fcnm\u00fcyor. Bu cinayetin ard\u0131ndaki gizemi \u00e7\u00f6zmeye kararl\u0131 Alice\u2019e yard\u0131m edebilecek iki \u015fey var: Ona \u00f6zel ders vermesi i\u00e7in tutulan okul arkada\u015f\u0131 Iris ve cinayet romanlar\u0131n\u0131n efsanevi ismi, Agatha Christie.  \u00c7ok az insan\u0131n g\u00f6r\u00fcnd\u00fc\u011f\u00fc gibi oldu\u011fu Castle Cove\u2019da, Gen\u00e7 Agathalar d\u00fc\u015f\u00fcnd\u00fcklerinden daha karanl\u0131k bir gizemle y\u00fczle\u015febilir.<\/p>\n","protected":false},"excerpt":{"rendered":"<p>Bela, gitti\u011finiz her yere pe\u015finizden gelirse\u2026 Ortadan kaybolan gen\u00e7 k\u0131zlar, berbat erkek arkada\u015flar ve hi\u00e7 ummad\u0131\u011f\u0131n\u0131z anda kar\u015f\u0131la\u015fabilece\u011finiz tehlikeli u\u00e7urumlarla lanetmi\u015f kasaba Castle Cove\u2019a ho\u015f geldiniz!<span class=\"excerpt-hellip\"> [\u2026]<\/span><\/p>\n","protected":false},"featured_media":0,"template":"","meta":{"_monsterinsights_skip_tracking":false,"_monsterinsights_sitenote_active":false,"_monsterinsights_sitenote_note":"","_monsterinsights_sitenote_category":0},"product_brand":[],"product_cat":[12291,12711],"product_tag":[],"class_list":{"0":"post-762971","1":"product","2":"type-product","3":"status-publish","5":"product_cat-edebiyat","6":"product_cat-roman-oyku","7":"pa_cilt-ciltsiz","8":"pa_tur-kitap","9":"pa_yayinevi-go-kitap","10":"pa_yazar-kathleen-glasgow-liz-lawson","12":"first","13":"instock","14":"sale","15":"shipping-taxable","16":"purchasable","17":"product-type-simple"},"_links":{"self":[{"href":"https:\/\/roveyayinevi.com.tr\/index.php\/wp-json\/wp\/v2\/product\/762971","targetHints":{"allow":["GET"]}}],"collection":[{"href":"https:\/\/roveyayinevi.com.tr\/index.php\/wp-json\/wp\/v2\/product"}],"about":[{"href":"https:\/\/roveyayinevi.com.tr\/index.php\/wp-json\/wp\/v2\/types\/product"}],"wp:attachment":[{"href":"https:\/\/roveyayinevi.com.tr\/index.php\/wp-json\/wp\/v2\/media?parent=762971"}],"wp:term":[{"taxonomy":"product_brand","embeddable":true,"href":"https:\/\/roveyayinevi.com.tr\/index.php\/wp-json\/wp\/v2\/product_brand?post=762971"},{"taxonomy":"product_cat","embeddable":true,"href":"https:\/\/roveyayinevi.com.tr\/index.php\/wp-json\/wp\/v2\/product_cat?post=762971"},{"taxonomy":"product_tag","embeddable":true,"href":"https:\/\/roveyayinevi.com.tr\/index.php\/wp-json\/wp\/v2\/product_tag?post=762971"}],"curies":[{"name":"wp","href":"https:\/\/api.w.org\/{rel}","templated":true}]}}