{"id":762963,"date":"2025-08-28T10:26:04","date_gmt":"2025-08-28T07:26:04","guid":{"rendered":"https:\/\/roveyayinevi.com.tr\/index.php\/urun\/toplumsal-ve-kulturel-kuramci-olarak-freud\/"},"modified":"2026-04-15T03:27:50","modified_gmt":"2026-04-15T00:27:50","slug":"toplumsal-ve-kulturel-kuramci-olarak-freud","status":"publish","type":"product","link":"https:\/\/roveyayinevi.com.tr\/index.php\/urun\/toplumsal-ve-kulturel-kuramci-olarak-freud\/","title":{"rendered":"Toplumsal ve K\u00fclt\u00fcrel Kuramc\u0131 Olarak Freud"},"content":{"rendered":"<p>Bu kitap Freud\u2019u bir t\u0131p insan\u0131 olarak de\u011fil, her zaman olmay\u0131 arzulad\u0131\u011f\u0131 bir toplumsal kuramc\u0131 ve filozof olarak ele al\u0131yor ve onun \u00e7al\u0131\u015fmalar\u0131n\u0131 bu g\u00f6zle okumaya dayanan yeni bir bak\u0131\u015f a\u00e7\u0131s\u0131 \u00f6neriyor.   Howard L. Kaye Freud\u2019un nevrozlar \u00fczerine yazd\u0131\u011f\u0131 ilk denemelerden ba\u015flay\u0131p r\u00fcyalar ve cinsellik \u00fczerine yaz\u0131lar\u0131ndan ge\u00e7erek sanat, din ve k\u00fclt\u00fcr\u00fcn dinamikleri hakk\u0131ndaki geni\u015f kapsaml\u0131 d\u00fc\u015f\u00fcncelerine varan \u00e7al\u0131\u015fmalar\u0131n\u0131 birbirine ba\u011flayan ortak noktalar\u0131 ortaya koyuyor.   Freud\u2019un \u00e7al\u0131\u015fmalar\u0131n\u0131 harekete ge\u00e7iren en temel konulara (k\u00f6t\u00fcl\u00fc\u011f\u00fcn do\u011fas\u0131; dinin, ahlak\u0131n ve gelene\u011fin k\u00f6kenleri ve tetikte bekleyen barbarl\u0131\u011f\u0131n yeniden dirilmesi tehdidi) geri d\u00f6nen bu kitap, Freud\u2019un toplumsal ve k\u00fclt\u00fcrel d\u00fc\u015f\u00fcncelerinin sistematik bir yeniden incelemesini sunuyor. Bu niteli\u011fiyle de toplumsal ve k\u00fclt\u00fcrel kuramc\u0131lar\u0131n, felsefecilerin, entelekt\u00fcel ve k\u00fclt\u00fcrel tarih\u00e7ilerin, ayr\u0131ca psikanalizle ve k\u00f6kenleriyle ilgilenen herkesin ilgisini \u00e7ekecek bir \u00e7al\u0131\u015fma.  \u201c[&#8230;] Freud&#8217;u bir toplumsal kuramc\u0131 olarak ayr\u0131nt\u0131l\u0131 ve bilimsel bir \u015fekilde anlatan Kaye sayg\u0131m\u0131z\u0131 ve \u00f6vg\u00fcy\u00fc hak ediyor.\u201d \u2014 Bryan Turner, Journal of Classical Sociology  \u201cFreud \u00fczerine son derece zekice ve ustaca yaz\u0131lm\u0131\u015f bir kitap. [&#8230;] Kaye, Freud&#8217;u g\u00f6klere \u00e7\u0131karmak ya da yermek yerine onu do\u011fru bir \u015fekilde anlamam\u0131z\u0131n yolunu a\u00e7\u0131yor, sosyal ve k\u00fclt\u00fcrel bir kuramc\u0131 olarak kal\u0131c\u0131 \u00f6nemini ortaya koyuyor.\u201d \u2014 Wilfred M. McClay, The Hedgehog Review  <\/p>\n","protected":false},"excerpt":{"rendered":"<p>Bu kitap Freud\u2019u bir t\u0131p insan\u0131 olarak de\u011fil, her zaman olmay\u0131 arzulad\u0131\u011f\u0131 bir toplumsal kuramc\u0131 ve filozof olarak ele al\u0131yor ve onun \u00e7al\u0131\u015fmalar\u0131n\u0131 bu g\u00f6zle okumaya<span class=\"excerpt-hellip\"> [\u2026]<\/span><\/p>\n","protected":false},"featured_media":0,"template":"","meta":{"_monsterinsights_skip_tracking":false,"_monsterinsights_sitenote_active":false,"_monsterinsights_sitenote_note":"","_monsterinsights_sitenote_category":0},"product_brand":[],"product_cat":[12357],"product_tag":[],"class_list":{"0":"post-762963","1":"product","2":"type-product","3":"status-publish","5":"product_cat-psikoloji","6":"pa_cilt-ciltsiz","7":"pa_tur-kitap","8":"pa_yayinevi-minotor-kitap","9":"pa_yazar-howard-l-kaye","11":"first","12":"instock","13":"sale","14":"shipping-taxable","15":"purchasable","16":"product-type-simple"},"_links":{"self":[{"href":"https:\/\/roveyayinevi.com.tr\/index.php\/wp-json\/wp\/v2\/product\/762963","targetHints":{"allow":["GET"]}}],"collection":[{"href":"https:\/\/roveyayinevi.com.tr\/index.php\/wp-json\/wp\/v2\/product"}],"about":[{"href":"https:\/\/roveyayinevi.com.tr\/index.php\/wp-json\/wp\/v2\/types\/product"}],"wp:attachment":[{"href":"https:\/\/roveyayinevi.com.tr\/index.php\/wp-json\/wp\/v2\/media?parent=762963"}],"wp:term":[{"taxonomy":"product_brand","embeddable":true,"href":"https:\/\/roveyayinevi.com.tr\/index.php\/wp-json\/wp\/v2\/product_brand?post=762963"},{"taxonomy":"product_cat","embeddable":true,"href":"https:\/\/roveyayinevi.com.tr\/index.php\/wp-json\/wp\/v2\/product_cat?post=762963"},{"taxonomy":"product_tag","embeddable":true,"href":"https:\/\/roveyayinevi.com.tr\/index.php\/wp-json\/wp\/v2\/product_tag?post=762963"}],"curies":[{"name":"wp","href":"https:\/\/api.w.org\/{rel}","templated":true}]}}