{"id":762961,"date":"2025-08-28T10:26:00","date_gmt":"2025-08-28T07:26:00","guid":{"rendered":"https:\/\/roveyayinevi.com.tr\/index.php\/urun\/dinah-olmak\/"},"modified":"2026-04-15T03:27:50","modified_gmt":"2026-04-15T00:27:50","slug":"dinah-olmak","status":"publish","type":"product","link":"https:\/\/roveyayinevi.com.tr\/index.php\/urun\/dinah-olmak\/","title":{"rendered":"Dinah Olmak"},"content":{"rendered":"<p>Hen\u00fcz on yedi ya\u015f\u0131ndaki Dinah, b\u00fcy\u00fcd\u00fc\u011f\u00fc tuhaf kom\u00fcnden ayr\u0131lmak zorundayd\u0131. Yepyeni bir kimli\u011fe ihtiyac\u0131 vard\u0131 ve bu de\u011fi\u015fim, g\u00fczelli\u011fini ta\u00e7land\u0131ran sa\u00e7lar\u0131n\u0131 t\u0131ra\u015f ederek ba\u015flamal\u0131yd\u0131. Zaman daral\u0131yordu ve Dinah\u2019n\u0131n elini \u00e7abuk tutmas\u0131 gerekiyordu.   Dinah, bu zorlu yolculu\u011fu tek ba\u015f\u0131na ger\u00e7ekle\u015ftirmeyi planlam\u0131\u015ft\u0131; g\u00fcneye do\u011fru otostop \u00e7ekerek bilinmezli\u011fe ad\u0131m atacak ve ge\u00e7mi\u015fini ard\u0131nda b\u0131rakacakt\u0131. Ancak hayat onu tek bacakl\u0131, huysuz bir adamla tan\u0131\u015ft\u0131racak ve kaderin kar\u015f\u0131s\u0131na \u00e7\u0131kard\u0131\u011f\u0131 bu adamla kilometreleri a\u015facakt\u0131.   Dinah yaln\u0131zca onu bu yolculu\u011fa iten olaylarla y\u00fczle\u015fmekle kalmayacak, ayn\u0131 zamanda kendi i\u00e7 d\u00fcnyas\u0131n\u0131n derinliklerine bir ke\u015ffe de \u00e7\u0131kacakt\u0131. Ge\u00e7mi\u015fin hayaletleriyle bo\u011fu\u015furken, gelece\u011fin belirsizliklerine meydan okuyacak ve her virajda, hangi y\u00f6ne d\u00f6nmesi gerekti\u011fine dair i\u015faretler bulacakt\u0131.   \u201cS\u00fcr\u00fckleyici, y\u00fcrek burkan bir b\u00fcy\u00fcme hik\u00e2yesi.\u201d \u2014Guardian   \u201cDinah Olmak, uzun zaman \u00f6nce ya\u015fam\u0131\u015flar\u0131n izlerini ta\u015f\u0131yan ama ayn\u0131 zamanda taze ve meydan okurcas\u0131na \u00f6zg\u00fcn bir hik\u00e2ye. Dinah\u2019ya b\u00fct\u00fcn\u00fcyle \u00e2\u015f\u0131k oldum. En ba\u015f\u0131ndan beri onun ac\u0131s\u0131n\u0131 hissettim ve onun i\u00e7in en iyisini diledim. Kayb\u0131n, dayan\u0131kl\u0131l\u0131\u011f\u0131n ve ke\u015ffetmenin g\u00fczel anlat\u0131lm\u0131\u015f, hassas bir hik\u00e2yesi&#8230; Muhte\u015fem bir roman.\u201d \u2014Sarah Moore Fitzgerald   \u201cKlasiklerin feminist bak\u0131\u015f a\u00e7\u0131s\u0131yla yeniden yorumland\u0131\u011f\u0131 yeni bir serinin bu ilk kitab\u0131, Moby Dick\u2019i ilham kayna\u011f\u0131 olarak ald\u0131\u011f\u0131 i\u00e7in kula\u011fa \u00fcrk\u00fct\u00fcc\u00fc gelebilir, ancak bu kitap Kit de Waal\u2019\u0131n \u00f6nderli\u011finde yolunu buluyor&#8230; \u0130lham al\u0131nan metne a\u015fina olmak her ne kadar okumay\u0131 daha e\u011flenceli k\u0131lsa da bu duygu y\u00fckl\u00fc kitap tek ba\u015f\u0131na da g\u00fczel bir \u015fekilde ak\u0131p gidiyor.\u201d \u2014Daily Mail   \u201cS\u0131n\u0131f, \u0131rk ve toplumsal cinsiyet meseleleri metne kusursuz bir \u015fekilde i\u015flenmi\u015f. Bir klasi\u011fin feminist bir \u015fekilde nas\u0131l yeniden yorumlanabilece\u011fine dair m\u00fckemmel bir \u00f6rnek.\u201d \u2014Irish Times   \u201cKa\u00e7\u0131\u015f\u0131n, ideallerin ve nihayetinde de kendini tan\u0131man\u0131n hik\u00e2yesi.\u201d \u2014The Big Issue <\/p>\n","protected":false},"excerpt":{"rendered":"<p>Hen\u00fcz on yedi ya\u015f\u0131ndaki Dinah, b\u00fcy\u00fcd\u00fc\u011f\u00fc tuhaf kom\u00fcnden ayr\u0131lmak zorundayd\u0131. Yepyeni bir kimli\u011fe ihtiyac\u0131 vard\u0131 ve bu de\u011fi\u015fim, g\u00fczelli\u011fini ta\u00e7land\u0131ran sa\u00e7lar\u0131n\u0131 t\u0131ra\u015f ederek ba\u015flamal\u0131yd\u0131. Zaman daral\u0131yordu<span class=\"excerpt-hellip\"> [\u2026]<\/span><\/p>\n","protected":false},"featured_media":0,"template":"","meta":{"_monsterinsights_skip_tracking":false,"_monsterinsights_sitenote_active":false,"_monsterinsights_sitenote_note":"","_monsterinsights_sitenote_category":0},"product_brand":[],"product_cat":[12291,18202],"product_tag":[],"class_list":{"0":"post-762961","1":"product","2":"type-product","3":"status-publish","5":"product_cat-edebiyat","6":"product_cat-hikaye","7":"pa_cilt-ciltsiz","8":"pa_tur-kitap","9":"pa_yayinevi-yabanci-yayinevi","10":"pa_yazar-kit-de-waal","12":"first","13":"instock","14":"sale","15":"shipping-taxable","16":"purchasable","17":"product-type-simple"},"_links":{"self":[{"href":"https:\/\/roveyayinevi.com.tr\/index.php\/wp-json\/wp\/v2\/product\/762961","targetHints":{"allow":["GET"]}}],"collection":[{"href":"https:\/\/roveyayinevi.com.tr\/index.php\/wp-json\/wp\/v2\/product"}],"about":[{"href":"https:\/\/roveyayinevi.com.tr\/index.php\/wp-json\/wp\/v2\/types\/product"}],"wp:attachment":[{"href":"https:\/\/roveyayinevi.com.tr\/index.php\/wp-json\/wp\/v2\/media?parent=762961"}],"wp:term":[{"taxonomy":"product_brand","embeddable":true,"href":"https:\/\/roveyayinevi.com.tr\/index.php\/wp-json\/wp\/v2\/product_brand?post=762961"},{"taxonomy":"product_cat","embeddable":true,"href":"https:\/\/roveyayinevi.com.tr\/index.php\/wp-json\/wp\/v2\/product_cat?post=762961"},{"taxonomy":"product_tag","embeddable":true,"href":"https:\/\/roveyayinevi.com.tr\/index.php\/wp-json\/wp\/v2\/product_tag?post=762961"}],"curies":[{"name":"wp","href":"https:\/\/api.w.org\/{rel}","templated":true}]}}