{"id":762951,"date":"2025-08-28T10:25:41","date_gmt":"2025-08-28T07:25:41","guid":{"rendered":"https:\/\/roveyayinevi.com.tr\/index.php\/urun\/j-a\/"},"modified":"2026-04-15T03:27:50","modified_gmt":"2026-04-15T00:27:50","slug":"j-a","status":"publish","type":"product","link":"https:\/\/roveyayinevi.com.tr\/index.php\/urun\/j-a\/","title":{"rendered":"J &amp; A"},"content":{"rendered":"<p>As\u0131rlar \u00f6nce \u00f6l\u00fcms\u00fczl\u00fc\u011f\u00fc bulmak i\u00e7in u\u011fra\u015f\u0131rken lanetlenen bir kabileden geriye, insanlar\u0131 kurtarmak i\u00e7in iki k\u0131z \u00e7ocu\u011fu kal\u0131r. Kendi zamanlar\u0131ndaki insanlar\u0131 kurtaramasalar bile y\u00fczy\u0131llar sonra var olacak insanl\u0131\u011f\u0131 kurtarabilme f\u0131rsatlar\u0131 olacakt\u0131r. Kabileleri yok olmadan \u00f6nce b\u00fcy\u00fclerle kutsanm\u0131\u015f g\u00fc\u00e7lere sahip olan bu iki k\u0131z \u00e7ocu\u011fu as\u0131rlar sonra yeniden do\u011facak, \u00f6l\u00fcms\u00fczl\u00fck i\u00e7in insanlar\u0131n kanlar\u0131 ve ruhlar\u0131yla beslenen Edward&#8217;a kar\u015f\u0131 zorlu bir m\u00fccadele ba\u015flatacakt\u0131r.Herd, J&amp;A&#8217;da iki g\u00fc\u00e7l\u00fc kad\u0131n kahraman\u0131n m\u00fccadeleci hik\u00e2yesini, incelikle i\u015flenmi\u015f betimlemeleriyle harmanlayarak epik fantastik d\u00fcnyas\u0131n\u0131 serinin ilk kitab\u0131yla okuyucular\u0131na sunuyor.<\/p>\n","protected":false},"excerpt":{"rendered":"<p>As\u0131rlar \u00f6nce \u00f6l\u00fcms\u00fczl\u00fc\u011f\u00fc bulmak i\u00e7in u\u011fra\u015f\u0131rken lanetlenen bir kabileden geriye, insanlar\u0131 kurtarmak i\u00e7in iki k\u0131z \u00e7ocu\u011fu kal\u0131r. Kendi zamanlar\u0131ndaki insanlar\u0131 kurtaramasalar bile y\u00fczy\u0131llar sonra var olacak<span class=\"excerpt-hellip\"> [\u2026]<\/span><\/p>\n","protected":false},"featured_media":0,"template":"","meta":{"_monsterinsights_skip_tracking":false,"_monsterinsights_sitenote_active":false,"_monsterinsights_sitenote_note":"","_monsterinsights_sitenote_category":0},"product_brand":[],"product_cat":[12291,14777],"product_tag":[],"class_list":{"0":"post-762951","1":"product","2":"type-product","3":"status-publish","5":"product_cat-edebiyat","6":"product_cat-fantastik","7":"pa_cilt-ciltsiz","8":"pa_tur-kitap","9":"pa_yayinevi-elpis-yayinlari","10":"pa_yazar-herd","12":"first","13":"instock","14":"sale","15":"shipping-taxable","16":"purchasable","17":"product-type-simple"},"_links":{"self":[{"href":"https:\/\/roveyayinevi.com.tr\/index.php\/wp-json\/wp\/v2\/product\/762951","targetHints":{"allow":["GET"]}}],"collection":[{"href":"https:\/\/roveyayinevi.com.tr\/index.php\/wp-json\/wp\/v2\/product"}],"about":[{"href":"https:\/\/roveyayinevi.com.tr\/index.php\/wp-json\/wp\/v2\/types\/product"}],"wp:attachment":[{"href":"https:\/\/roveyayinevi.com.tr\/index.php\/wp-json\/wp\/v2\/media?parent=762951"}],"wp:term":[{"taxonomy":"product_brand","embeddable":true,"href":"https:\/\/roveyayinevi.com.tr\/index.php\/wp-json\/wp\/v2\/product_brand?post=762951"},{"taxonomy":"product_cat","embeddable":true,"href":"https:\/\/roveyayinevi.com.tr\/index.php\/wp-json\/wp\/v2\/product_cat?post=762951"},{"taxonomy":"product_tag","embeddable":true,"href":"https:\/\/roveyayinevi.com.tr\/index.php\/wp-json\/wp\/v2\/product_tag?post=762951"}],"curies":[{"name":"wp","href":"https:\/\/api.w.org\/{rel}","templated":true}]}}