{"id":762933,"date":"2025-08-28T10:25:09","date_gmt":"2025-08-28T07:25:09","guid":{"rendered":"https:\/\/roveyayinevi.com.tr\/index.php\/urun\/kaos-imgesi-amber-yilliklari-8-kitap\/"},"modified":"2026-04-15T03:27:49","modified_gmt":"2026-04-15T00:27:49","slug":"kaos-imgesi-amber-yilliklari-8-kitap","status":"publish","type":"product","link":"https:\/\/roveyayinevi.com.tr\/index.php\/urun\/kaos-imgesi-amber-yilliklari-8-kitap\/","title":{"rendered":"Kaos \u0130mgesi \/ Amber Y\u0131ll\u0131klar\u0131 8. Kitap"},"content":{"rendered":"<p>\u201cT\u00dcM YOLLAR AMBER\u2019E \u00c7IKAR\u2026\u201d Amber Kan\u0131\u2019n\u0131n heyecan dolu sonunun ard\u0131ndan Merlin, \u00c7\u0131lg\u0131n \u015eapkac\u0131\u2019n\u0131n kokteyl servis etti\u011fi ve kendini S\u0131r\u0131tan Kedi\u2019yle i\u00e7ki i\u00e7erken buldu\u011fu, ger\u00e7ek\u00fcst\u00fc Alice Harikalar Diyar\u0131nda benzeri bir barda mahsur kal\u0131r. Bunun normal olmad\u0131\u011f\u0131n\u0131 hissetmekten kendini alamaz. Jabberwock ortaya \u00e7\u0131kt\u0131\u011f\u0131nda, Luke\u2019un uyu\u015fturucudan esinlenen hal\u00fcsinasyonuna yakaland\u0131\u011f\u0131n\u0131 anlayacak kadar akl\u0131 ba\u015f\u0131na gelir. Var olan en g\u00fc\u00e7l\u00fc, b\u00fcy\u00fcl\u00fc ve \u00f6ld\u00fcr\u00fcc\u00fc yarat\u0131klardan biri olan Ate\u015f Mele\u011fi, Merlin\u2019i \u00f6ld\u00fcrmek i\u00e7in geldi\u011findeyse, bir an \u00f6nce bir \u015feyler yapmas\u0131 gerekti\u011fini, yoksa hem kendisinin hem de Luke\u2019un sonunun gelece\u011fini anlar. Jabberwock, Ate\u015f Mele\u011fi ile sava\u015f\u0131nda beklenmedik bir m\u00fcttefik olur. Ka\u00e7may\u0131 ba\u015faran Merlin yeni aile \u00fcyeleriyle tan\u0131\u015f\u0131r, i\u00e7lerinden biriyse onu \u00f6ld\u00fcrmeye niyetlidir. Amber Y\u0131ll\u0131klar\u0131\u2019n\u0131n sekizinci kitab\u0131 Kaos \u0130mgesi\u2019nde olaylar t\u0131rman\u0131rken Merlin kendini, \u00f6l\u00fcmden d\u00f6nen eski bir arkada\u015f\u0131 da dahil olmak \u00fczere en b\u00fcy\u00fck d\u00fc\u015fmanlar\u0131yla \u00e7evrili bulur. &#8220;&#8230;bu fantastik maceralar [Zelazny&#8217;nin] en iyi eserleri; zarafetleri, mizahlar\u0131, yarat\u0131c\u0131l\u0131klar\u0131 ve heyecanl\u0131 aksiyonlar\u0131 d\u0131\u015f\u0131nda tarot, alternatif d\u00fcnyalar, Olimpos-vari tanr\u0131lar ve b\u00fcy\u00fc gibi incelikli ama karma\u015f\u0131k arkaplanlar\u0131 sayesinde Zelazny&#8217;ye yepyeni bir okuyucu kitlesi kazand\u0131rd\u0131lar.&#8221; \u2014PUBLISHERS WEEKLY <\/p>\n","protected":false},"excerpt":{"rendered":"<p>\u201cT\u00dcM YOLLAR AMBER\u2019E \u00c7IKAR\u2026\u201d Amber Kan\u0131\u2019n\u0131n heyecan dolu sonunun ard\u0131ndan Merlin, \u00c7\u0131lg\u0131n \u015eapkac\u0131\u2019n\u0131n kokteyl servis etti\u011fi ve kendini S\u0131r\u0131tan Kedi\u2019yle i\u00e7ki i\u00e7erken buldu\u011fu, ger\u00e7ek\u00fcst\u00fc Alice Harikalar<span class=\"excerpt-hellip\"> [\u2026]<\/span><\/p>\n","protected":false},"featured_media":0,"template":"","meta":{"_monsterinsights_skip_tracking":false,"_monsterinsights_sitenote_active":false,"_monsterinsights_sitenote_note":"","_monsterinsights_sitenote_category":0},"product_brand":[],"product_cat":[12291,14777],"product_tag":[],"class_list":{"0":"post-762933","1":"product","2":"type-product","3":"status-publish","5":"product_cat-edebiyat","6":"product_cat-fantastik","7":"pa_cilt-ciltsiz","8":"pa_tur-kitap","9":"pa_yayinevi-ithaki-yayinlari","10":"pa_yazar-roger-zelazny","12":"first","13":"instock","14":"sale","15":"shipping-taxable","16":"purchasable","17":"product-type-simple"},"_links":{"self":[{"href":"https:\/\/roveyayinevi.com.tr\/index.php\/wp-json\/wp\/v2\/product\/762933","targetHints":{"allow":["GET"]}}],"collection":[{"href":"https:\/\/roveyayinevi.com.tr\/index.php\/wp-json\/wp\/v2\/product"}],"about":[{"href":"https:\/\/roveyayinevi.com.tr\/index.php\/wp-json\/wp\/v2\/types\/product"}],"wp:attachment":[{"href":"https:\/\/roveyayinevi.com.tr\/index.php\/wp-json\/wp\/v2\/media?parent=762933"}],"wp:term":[{"taxonomy":"product_brand","embeddable":true,"href":"https:\/\/roveyayinevi.com.tr\/index.php\/wp-json\/wp\/v2\/product_brand?post=762933"},{"taxonomy":"product_cat","embeddable":true,"href":"https:\/\/roveyayinevi.com.tr\/index.php\/wp-json\/wp\/v2\/product_cat?post=762933"},{"taxonomy":"product_tag","embeddable":true,"href":"https:\/\/roveyayinevi.com.tr\/index.php\/wp-json\/wp\/v2\/product_tag?post=762933"}],"curies":[{"name":"wp","href":"https:\/\/api.w.org\/{rel}","templated":true}]}}