{"id":762925,"date":"2025-08-28T10:24:53","date_gmt":"2025-08-28T07:24:53","guid":{"rendered":"https:\/\/roveyayinevi.com.tr\/index.php\/urun\/denizin-derinliklerinde-hayatta-kalmak\/"},"modified":"2026-04-15T03:27:49","modified_gmt":"2026-04-15T00:27:49","slug":"denizin-derinliklerinde-hayatta-kalmak","status":"publish","type":"product","link":"https:\/\/roveyayinevi.com.tr\/index.php\/urun\/denizin-derinliklerinde-hayatta-kalmak\/","title":{"rendered":"Denizin Derinliklerinde Hayatta Kalmak"},"content":{"rendered":"<p>HAR\u0130KA B\u0130R HAYATTA KALMA MACERASI BU SEFER DEN\u0130Z\u0130N DER\u0130NL\u0130KLER\u0130NDE! AMMON\u0130T\u2019\u0130 KURTARIN!   H\u0130POKRAT\u2019IN TEKNOLOJ\u0130S\u0130YLE \u00dcRET\u0130LEN AMMON\u0130T DEN\u0130ZALTISINA B\u0130NEN J\u0130O VE F\u0130F\u0130, B\u0130NLERCE METRE DER\u0130NL\u0130\u011eE \u0130N\u0130YOR! B\u0130R SANT\u0130M \u00d6N\u00dcN\u00dcZ\u00dc B\u0130LE G\u00d6REMED\u0130\u011e\u0130N\u0130Z KARANLIK DER\u0130N DEN\u0130ZDE GER\u00c7EKTEN H\u0130\u00c7B\u0130R \u015eEY YOK MU? TAB\u0130\u0130 K\u0130 VAR! DER\u0130N DEN\u0130ZE \u0130NEN BU \u00c7OCUKLARIN \u00d6N\u00dcNE, 18 METRE UZUNLU\u011eUNDAK\u0130 DEV KALAMAR VE DEN\u0130Z\u0130N HAYDUDU \u0130SPERME\u00c7ET BAL\u0130NASI DAH\u0130L OLMAK \u00dcZERE \u00c7E\u015e\u0130TL\u0130 EKOS\u0130STEMLER \u00c7IKIYOR. G\u0130ZEML\u0130 AMA A\u015eIRI TEHL\u0130KEL\u0130 DEN\u0130Z\u0130N DER\u0130NL\u0130KLER\u0130NDE HAYATTA KALIN! <\/p>\n","protected":false},"excerpt":{"rendered":"<p>HAR\u0130KA B\u0130R HAYATTA KALMA MACERASI BU SEFER DEN\u0130Z\u0130N DER\u0130NL\u0130KLER\u0130NDE! AMMON\u0130T\u2019\u0130 KURTARIN! H\u0130POKRAT\u2019IN TEKNOLOJ\u0130S\u0130YLE \u00dcRET\u0130LEN AMMON\u0130T DEN\u0130ZALTISINA B\u0130NEN J\u0130O VE F\u0130F\u0130, B\u0130NLERCE METRE DER\u0130NL\u0130\u011eE \u0130N\u0130YOR! B\u0130R SANT\u0130M<span class=\"excerpt-hellip\"> [\u2026]<\/span><\/p>\n","protected":false},"featured_media":0,"template":"","meta":{"_monsterinsights_skip_tracking":false,"_monsterinsights_sitenote_active":false,"_monsterinsights_sitenote_note":"","_monsterinsights_sitenote_category":0},"product_brand":[],"product_cat":[12416,12291],"product_tag":[],"class_list":{"0":"post-762925","1":"product","2":"type-product","3":"status-publish","5":"product_cat-cizgi-roman","6":"product_cat-edebiyat","7":"pa_cilt-ciltsiz","8":"pa_tur-kitap","9":"pa_yayinevi-athica-yayinlari","10":"pa_yazar-gomdori-co","12":"first","13":"instock","14":"sale","15":"shipping-taxable","16":"purchasable","17":"product-type-simple"},"_links":{"self":[{"href":"https:\/\/roveyayinevi.com.tr\/index.php\/wp-json\/wp\/v2\/product\/762925","targetHints":{"allow":["GET"]}}],"collection":[{"href":"https:\/\/roveyayinevi.com.tr\/index.php\/wp-json\/wp\/v2\/product"}],"about":[{"href":"https:\/\/roveyayinevi.com.tr\/index.php\/wp-json\/wp\/v2\/types\/product"}],"wp:attachment":[{"href":"https:\/\/roveyayinevi.com.tr\/index.php\/wp-json\/wp\/v2\/media?parent=762925"}],"wp:term":[{"taxonomy":"product_brand","embeddable":true,"href":"https:\/\/roveyayinevi.com.tr\/index.php\/wp-json\/wp\/v2\/product_brand?post=762925"},{"taxonomy":"product_cat","embeddable":true,"href":"https:\/\/roveyayinevi.com.tr\/index.php\/wp-json\/wp\/v2\/product_cat?post=762925"},{"taxonomy":"product_tag","embeddable":true,"href":"https:\/\/roveyayinevi.com.tr\/index.php\/wp-json\/wp\/v2\/product_tag?post=762925"}],"curies":[{"name":"wp","href":"https:\/\/api.w.org\/{rel}","templated":true}]}}