{"id":762913,"date":"2025-08-28T10:24:33","date_gmt":"2025-08-28T07:24:33","guid":{"rendered":"https:\/\/roveyayinevi.com.tr\/index.php\/urun\/ataturkun-okudugu-kitaplar\/"},"modified":"2026-04-15T03:27:49","modified_gmt":"2026-04-15T00:27:49","slug":"ataturkun-okudugu-kitaplar","status":"publish","type":"product","link":"https:\/\/roveyayinevi.com.tr\/index.php\/urun\/ataturkun-okudugu-kitaplar\/","title":{"rendered":"Atat\u00fcrk\u2019\u00fcn Okudu\u011fu Kitaplar"},"content":{"rendered":"<p>\u201cCumhuriyet T\u00fcrkiyesi\u2019nin kurulu\u015f evresinde en g\u00fcncel kitapl\u0131k \u00c7ankaya\u2019dayd\u0131. \u00c7o\u011fu kitap bizzat Atat\u00fcrk ve yak\u0131n \u00e7evresi taraf\u0131ndan yurt d\u0131\u015f\u0131na \u0131smarlanm\u0131\u015ft\u0131. \u00c7ankaya Kitapl\u0131\u011f\u0131, t\u00fcm reform giri\u015fimleriyle e\u015fg\u00fcd\u00fcm i\u00e7erisinde olan, o g\u00fcn i\u00e7in Frans\u0131zca \u00fczerinden Bat\u0131\u2019n\u0131n izini s\u00fcren bir bilgi hazinesiydi. Kitapl\u0131k ana hatlar\u0131yla Osmanl\u0131\u2019n\u0131n \u00e7a\u011fda\u015fla\u015fma s\u00fcrecinde 18. y\u00fczy\u0131l Ayd\u0131nlanma \u00e7a\u011f\u0131 d\u00fc\u015f\u00fcn\u00fcrlerini, 1789 Frans\u0131z Devrimi\u2019ni ve 1870 ertesi \u00dc\u00e7\u00fcnc\u00fc Cumhuriyet Fransas\u0131\u2019n\u0131 kaps\u0131yordu. Bu evrelerin d\u00fc\u015f\u00fcn\u00fcrlerinin, bir neslin, Atat\u00fcrk\u2019\u00fcn de mensup oldu\u011fu J\u00f6n T\u00fcrk neslinin fikir da\u011farc\u0131\u011f\u0131n\u0131 ne denli derinden etkilemi\u015f oldu\u011funu kan\u0131tl\u0131yordu. Atat\u00fcrk ve mensup oldu\u011fu nesil i\u00e7in siyasi \u015fiar, Ayd\u0131nlanma devriyle filizlenen ve Frans\u0131z Devrimi\u2019yle somutla\u015fan milli egemenlik anlay\u0131\u015f\u0131yd\u0131.\u201d                                                                                                                                                          Zafer Toprak G\u00fcrb\u00fcz D. T\u00fcfek\u00e7i\u2019nin derledi\u011fi Atat\u00fcrk\u2019\u00fcn Okudu\u011fu Kitaplar, T\u00fcrkiye \u0130\u015f Bankas\u0131 K\u00fclt\u00fcr Yay\u0131nlar\u0131 taraf\u0131ndan 1983 ve 1985\u2019te iki cilt olarak bas\u0131lm\u0131\u015ft\u0131. Elinizdeki edisyon T\u00fcfek\u00e7i\u2019nin \u00d6zel \u0130\u015faretleri, Uyar\u0131lar\u0131 ve D\u00fc\u015ft\u00fc\u011f\u00fc Notlar ile Atat\u00fcrk\u2019\u00fcn Okudu\u011fu Kitaplar: Eski ve Yeni Yaz\u0131l\u0131 T\u00fcrk\u00e7e Kitaplar ve Atat\u00fcrk\u2019\u00fcn Okudu\u011fu Kitaplar: Yabanc\u0131 Dillerdeki Kitaplar \u00e7al\u0131\u015fmas\u0131ndan bir se\u00e7ki olarak haz\u0131rland\u0131. As\u0131l n\u00fcshalar\u0131 An\u0131tkabir\u2019deki Atat\u00fcrk ve Kurtulu\u015f Sava\u015f\u0131 M\u00fczesi \u00f6zel ar\u015fivinde bulunan Frans\u0131zca ve eski harfli T\u00fcrk\u00e7e kitaplardan g\u00fcn\u00fcm\u00fcz teknolojisiyle g\u00f6r\u00fcnt\u00fcs\u00fc al\u0131nan sayfalar, yeni \u00e7evirileriyle bir araya getirildi. Atat\u00fcrk\u2019\u00fcn kitaplarda dikkatini \u00e7eken b\u00f6l\u00fcmlere d\u00fc\u015ft\u00fc\u011f\u00fc notlar, \u00f6zel i\u015faretler ve uyar\u0131lar dipnotlar halinde kitaba konuldu. Gazi Mustafa Kemal Atat\u00fcrk\u2019\u00fcn entelekt\u00fcel kimli\u011finin izini s\u00fcrmek i\u00e7in \u00f6nemli bir kaynak niteli\u011fi ta\u015f\u0131yan bu yeni edisyona Prof. Dr. Afet \u0130nan, Prof. Dr. Zafer Toprak, Sadi Borak ve Atat\u00fcrk\u2019\u00fcn k\u00fct\u00fcphanecisi Nuri Ulusu\u2019nun Gazi\u2019nin kitapl\u0131\u011f\u0131yla ilgili yaz\u0131lar\u0131ndan b\u00f6l\u00fcmler eklendi. <\/p>\n","protected":false},"excerpt":{"rendered":"<p>\u201cCumhuriyet T\u00fcrkiyesi\u2019nin kurulu\u015f evresinde en g\u00fcncel kitapl\u0131k \u00c7ankaya\u2019dayd\u0131. \u00c7o\u011fu kitap bizzat Atat\u00fcrk ve yak\u0131n \u00e7evresi taraf\u0131ndan yurt d\u0131\u015f\u0131na \u0131smarlanm\u0131\u015ft\u0131. \u00c7ankaya Kitapl\u0131\u011f\u0131, t\u00fcm reform giri\u015fimleriyle e\u015fg\u00fcd\u00fcm i\u00e7erisinde<span class=\"excerpt-hellip\"> [\u2026]<\/span><\/p>\n","protected":false},"featured_media":0,"template":"","meta":{"_monsterinsights_skip_tracking":false,"_monsterinsights_sitenote_active":false,"_monsterinsights_sitenote_note":"","_monsterinsights_sitenote_category":0},"product_brand":[],"product_cat":[12530,12304],"product_tag":[],"class_list":{"0":"post-762913","1":"product","2":"type-product","3":"status-publish","5":"product_cat-mustafa-kemal-ataturk","6":"product_cat-tarih","7":"pa_cilt-ciltsiz","8":"pa_tur-kitap","9":"pa_yayinevi-is-bankasi-kultur-yayinlari","10":"pa_yazar-kolektif","12":"first","13":"instock","14":"sale","15":"shipping-taxable","16":"purchasable","17":"product-type-simple"},"_links":{"self":[{"href":"https:\/\/roveyayinevi.com.tr\/index.php\/wp-json\/wp\/v2\/product\/762913","targetHints":{"allow":["GET"]}}],"collection":[{"href":"https:\/\/roveyayinevi.com.tr\/index.php\/wp-json\/wp\/v2\/product"}],"about":[{"href":"https:\/\/roveyayinevi.com.tr\/index.php\/wp-json\/wp\/v2\/types\/product"}],"wp:attachment":[{"href":"https:\/\/roveyayinevi.com.tr\/index.php\/wp-json\/wp\/v2\/media?parent=762913"}],"wp:term":[{"taxonomy":"product_brand","embeddable":true,"href":"https:\/\/roveyayinevi.com.tr\/index.php\/wp-json\/wp\/v2\/product_brand?post=762913"},{"taxonomy":"product_cat","embeddable":true,"href":"https:\/\/roveyayinevi.com.tr\/index.php\/wp-json\/wp\/v2\/product_cat?post=762913"},{"taxonomy":"product_tag","embeddable":true,"href":"https:\/\/roveyayinevi.com.tr\/index.php\/wp-json\/wp\/v2\/product_tag?post=762913"}],"curies":[{"name":"wp","href":"https:\/\/api.w.org\/{rel}","templated":true}]}}