{"id":762845,"date":"2025-08-28T10:22:20","date_gmt":"2025-08-28T07:22:20","guid":{"rendered":"https:\/\/roveyayinevi.com.tr\/index.php\/urun\/gelecek-yaz-bu-zamanlar\/"},"modified":"2026-04-15T03:27:47","modified_gmt":"2026-04-15T00:27:47","slug":"gelecek-yaz-bu-zamanlar","status":"publish","type":"product","link":"https:\/\/roveyayinevi.com.tr\/index.php\/urun\/gelecek-yaz-bu-zamanlar\/","title":{"rendered":"Gelecek Yaz Bu Zamanlar"},"content":{"rendered":"<p>Sahil Kurallar\u0131:Kumsalda uzun y\u00fcr\u00fcy\u00fc\u015fler yap\u0131n.Her kokteyle bir \u015femsiye koyun.\u0130lk a\u015fk\u0131n\u0131za RASTLAMAYIN. G\u00f6r\u00fcn\u00fc\u015fte Sam\u2019in hayat\u0131nda her \u015fey yolundad\u0131r. Jack ad\u0131ndam\u00fckemmel bir ni\u015fanl\u0131ya ve harika bir i\u015fe sahiptir. Ailesinin \u0131srar\u0131sonucu, Jack ile birlikte Long Island&#8217;a, onlar\u0131n sahil evine yak\u0131nbir yerdeki d\u00fc\u011f\u00fcn mek\u00e2n\u0131na bakmaya giderler. Sam\u2019in ailesininsanata d\u00fc\u015fk\u00fcn ve renkli ya\u015fam tarz\u0131, Jack\u2019in d\u00fczenli ve kat\u0131kurallar\u0131na tamamen z\u0131tt\u0131r. Ancak bu, Sam i\u00e7in \u00f6nemli de\u011fildir;\u00e7\u00fcnk\u00fc \u00e7ocukluk a\u015fk\u0131 Wyatt\u2019tan ayr\u0131ld\u0131ktan sonra g\u00fcvenli veistikrarl\u0131 bir ili\u015fkiye s\u0131\u011f\u0131nm\u0131\u015ft\u0131r. Long Island\u2019a vard\u0131klar\u0131nda Sam, eski kom\u015fusu ve \u00e7ocukluk a\u015fk\u0131Wyatt\u2019\u0131n da orada oldu\u011funu \u00f6\u011frenir. Bu kar\u015f\u0131la\u015fma, onun i\u00e7indeg\u00f6m\u00fcl\u00fc olan duygular\u0131 yeniden canland\u0131r\u0131r. Y\u0131llar \u00f6ncekonu\u015fulmam\u0131\u015f \u015feyleri konu\u015farak Wyatt ile arkada\u015f kalmay\u0131ama\u00e7layan Sam, bir s\u00fcre sonra hayat\u0131n\u0131 ve ald\u0131\u011f\u0131 kararlar\u0131sorgulamaya ba\u015flar. An\u0131lar yeniden canlan\u0131r; Sam, Wyatt\u2019\u0131n teninin onun teninedokunu\u015funu, a\u011fa\u00e7 evdeki unutulmaz geceleri ve ayr\u0131l\u0131klar\u0131n\u0131nard\u0131ndaki ger\u00e7e\u011fi hat\u0131rlar. Bu s\u00fcre\u00e7te, aralar\u0131ndaki ba\u011f\u0131n h\u00e2l\u00e2 nekadar g\u00fc\u00e7l\u00fc oldu\u011funu da fark eder. \u015eimdi Sam, ge\u00e7mi\u015f vegelece\u011fi aras\u0131nda bir se\u00e7im yapmak zorundad\u0131r.  <\/p>\n","protected":false},"excerpt":{"rendered":"<p>Sahil Kurallar\u0131:Kumsalda uzun y\u00fcr\u00fcy\u00fc\u015fler yap\u0131n.Her kokteyle bir \u015femsiye koyun.\u0130lk a\u015fk\u0131n\u0131za RASTLAMAYIN. G\u00f6r\u00fcn\u00fc\u015fte Sam\u2019in hayat\u0131nda her \u015fey yolundad\u0131r. Jack ad\u0131ndam\u00fckemmel bir ni\u015fanl\u0131ya ve harika bir i\u015fe sahiptir.<span class=\"excerpt-hellip\"> [\u2026]<\/span><\/p>\n","protected":false},"featured_media":0,"template":"","meta":{"_monsterinsights_skip_tracking":false,"_monsterinsights_sitenote_active":false,"_monsterinsights_sitenote_note":"","_monsterinsights_sitenote_category":0},"product_brand":[],"product_cat":[12291,12711],"product_tag":[],"class_list":{"0":"post-762845","1":"product","2":"type-product","3":"status-publish","5":"product_cat-edebiyat","6":"product_cat-roman-oyku","7":"pa_cilt-ciltsiz","8":"pa_tur-kitap","9":"pa_yayinevi-nemesis-kitap","10":"pa_yazar-annabel-monaghan","12":"first","13":"instock","14":"sale","15":"shipping-taxable","16":"purchasable","17":"product-type-simple"},"_links":{"self":[{"href":"https:\/\/roveyayinevi.com.tr\/index.php\/wp-json\/wp\/v2\/product\/762845","targetHints":{"allow":["GET"]}}],"collection":[{"href":"https:\/\/roveyayinevi.com.tr\/index.php\/wp-json\/wp\/v2\/product"}],"about":[{"href":"https:\/\/roveyayinevi.com.tr\/index.php\/wp-json\/wp\/v2\/types\/product"}],"wp:attachment":[{"href":"https:\/\/roveyayinevi.com.tr\/index.php\/wp-json\/wp\/v2\/media?parent=762845"}],"wp:term":[{"taxonomy":"product_brand","embeddable":true,"href":"https:\/\/roveyayinevi.com.tr\/index.php\/wp-json\/wp\/v2\/product_brand?post=762845"},{"taxonomy":"product_cat","embeddable":true,"href":"https:\/\/roveyayinevi.com.tr\/index.php\/wp-json\/wp\/v2\/product_cat?post=762845"},{"taxonomy":"product_tag","embeddable":true,"href":"https:\/\/roveyayinevi.com.tr\/index.php\/wp-json\/wp\/v2\/product_tag?post=762845"}],"curies":[{"name":"wp","href":"https:\/\/api.w.org\/{rel}","templated":true}]}}