{"id":762829,"date":"2025-08-28T10:21:40","date_gmt":"2025-08-28T07:21:40","guid":{"rendered":"https:\/\/roveyayinevi.com.tr\/index.php\/urun\/oxford-dunya-tarihi-sozlugu-2-l-z\/"},"modified":"2026-04-15T03:27:47","modified_gmt":"2026-04-15T00:27:47","slug":"oxford-dunya-tarihi-sozlugu-2-l-z","status":"publish","type":"product","link":"https:\/\/roveyayinevi.com.tr\/index.php\/urun\/oxford-dunya-tarihi-sozlugu-2-l-z\/","title":{"rendered":"Oxford D\u00fcnya Tarihi S\u00f6zl\u00fc\u011f\u00fc 2-  L-Z"},"content":{"rendered":"<p>Bu kitab\u0131 elinde tutan siz de\u011ferli okuyucular, \u201cbilgi\u201dye eri\u015fimin insanl\u0131\u011f\u0131n maceras\u0131nda g\u00f6r\u00fclmemi\u015f \u00f6l\u00e7\u00fclerde kolay ve h\u0131zl\u0131 ger\u00e7ekle\u015fti\u011fi \u00e7a\u011f\u0131m\u0131zda bir tarih s\u00f6zl\u00fc\u011f\u00fc edinmenin gereklili\u011fini sorgulayabilirsiniz. Fakat internet ve sosyal medyan\u0131n yayg\u0131nla\u015fmas\u0131yla hayat\u0131m\u0131z\u0131n merkezine yerle\u015fen bilgi kaynaklar\u0131n\u0131n, fark\u0131nda olarak veya olmayarak neredeyse her g\u00fcn tecr\u00fcbe etti\u011fimiz, \u00e7evremizden duydu\u011fumuz ve zaman zaman haberlerde dahi tan\u0131k oldu\u011fumuz ciddi sorunlar\u0131 var. Bu kaynaklar ne kadar g\u00fcvenilir ve do\u011frulanabilir? \u00d6n\u00fcm\u00fczdeki y\u0131llarda g\u00fcvenilir bilgiye ula\u015fma gere\u011finin daha da \u00f6nem kazanaca\u011f\u0131n\u0131, sa\u011flam temellere dayanan bilgiye ula\u015fma s\u00fcrecinin tekrar de\u011ferlenece\u011fini \u00f6ng\u00f6rmek zor de\u011fil. Di\u011fer yandan, teknolojiyle de\u011fi\u015fen al\u0131\u015fkanl\u0131klar\u0131n, bu yeniden dirilen bilgi aray\u0131\u015f\u0131na katk\u0131s\u0131 ise pratik ve \u00f6zl\u00fc ifade bi\u00e7imleri oluyor. Oxford D\u00fcnya Tarihi S\u00f6zl\u00fc\u011f\u00fc de hem d\u00fcn\u00fcn ansiklopedi k\u00fclt\u00fcr\u00fcn\u00fc hem de bug\u00fcn\u00fcn kullan\u0131\u015fl\u0131 bilgi anlay\u0131\u015f\u0131n\u0131 yans\u0131tan, bu \u00f6zellikleriyle yar\u0131n\u0131n ihtiya\u00e7lar\u0131n\u0131 kar\u015f\u0131layacak \u00f6nemli bir kaynak eser, bir ba\u015fvuru kayna\u011f\u0131. <\/p>\n","protected":false},"excerpt":{"rendered":"<p>Bu kitab\u0131 elinde tutan siz de\u011ferli okuyucular, \u201cbilgi\u201dye eri\u015fimin insanl\u0131\u011f\u0131n maceras\u0131nda g\u00f6r\u00fclmemi\u015f \u00f6l\u00e7\u00fclerde kolay ve h\u0131zl\u0131 ger\u00e7ekle\u015fti\u011fi \u00e7a\u011f\u0131m\u0131zda bir tarih s\u00f6zl\u00fc\u011f\u00fc edinmenin gereklili\u011fini sorgulayabilirsiniz. Fakat internet<span class=\"excerpt-hellip\"> [\u2026]<\/span><\/p>\n","protected":false},"featured_media":0,"template":"","meta":{"_monsterinsights_skip_tracking":false,"_monsterinsights_sitenote_active":false,"_monsterinsights_sitenote_note":"","_monsterinsights_sitenote_category":0},"product_brand":[],"product_cat":[12566,13611],"product_tag":[],"class_list":{"0":"post-762829","1":"product","2":"type-product","3":"status-publish","5":"product_cat-egitim","6":"product_cat-sozlukler-ve-konusma-kilavuzlari","7":"pa_cilt-ciltsiz","8":"pa_tur-kitap","9":"pa_yayinevi-inkilap-kitabevi","10":"pa_yazar-edmund-wright","12":"first","13":"instock","14":"sale","15":"shipping-taxable","16":"purchasable","17":"product-type-simple"},"_links":{"self":[{"href":"https:\/\/roveyayinevi.com.tr\/index.php\/wp-json\/wp\/v2\/product\/762829","targetHints":{"allow":["GET"]}}],"collection":[{"href":"https:\/\/roveyayinevi.com.tr\/index.php\/wp-json\/wp\/v2\/product"}],"about":[{"href":"https:\/\/roveyayinevi.com.tr\/index.php\/wp-json\/wp\/v2\/types\/product"}],"wp:attachment":[{"href":"https:\/\/roveyayinevi.com.tr\/index.php\/wp-json\/wp\/v2\/media?parent=762829"}],"wp:term":[{"taxonomy":"product_brand","embeddable":true,"href":"https:\/\/roveyayinevi.com.tr\/index.php\/wp-json\/wp\/v2\/product_brand?post=762829"},{"taxonomy":"product_cat","embeddable":true,"href":"https:\/\/roveyayinevi.com.tr\/index.php\/wp-json\/wp\/v2\/product_cat?post=762829"},{"taxonomy":"product_tag","embeddable":true,"href":"https:\/\/roveyayinevi.com.tr\/index.php\/wp-json\/wp\/v2\/product_tag?post=762829"}],"curies":[{"name":"wp","href":"https:\/\/api.w.org\/{rel}","templated":true}]}}