{"id":762826,"date":"2025-08-28T10:21:36","date_gmt":"2025-08-28T07:21:36","guid":{"rendered":"https:\/\/roveyayinevi.com.tr\/index.php\/urun\/galaksiler-ve-kozmolojiye-giris\/"},"modified":"2026-04-15T03:27:46","modified_gmt":"2026-04-15T00:27:46","slug":"galaksiler-ve-kozmolojiye-giris","status":"publish","type":"product","link":"https:\/\/roveyayinevi.com.tr\/index.php\/urun\/galaksiler-ve-kozmolojiye-giris\/","title":{"rendered":"Galaksiler ve Kozmolojiye Giri\u015f"},"content":{"rendered":"<p>Bu ders kitab\u0131 Galaksimize, genel olarak galaksilere ve Evrenin k\u00f6keni ve evrimine ili\u015fkin bir giri\u015f sa\u011flar. Kitap boyunca, kainata dair mevcut bilimsel anlay\u0131\u015f\u0131m\u0131z\u0131 olu\u015fturan teori ve g\u00f6zlem aras\u0131ndaki kar\u015f\u0131l\u0131kl\u0131 etkile\u015fim \u00fczerine vurgu yap\u0131lm\u0131\u015ft\u0131r.Uzmanlardan olu\u015fan bir ekip taraf\u0131ndan derlenen bu g\u00f6zden ge\u00e7irilmi\u015f bask\u0131, astronomi ve astrofizik alanlar\u0131ndaki temel \u00fcniversite dersleri i\u00e7in tasarlanm\u0131\u015ft\u0131r. Kitap, fiziksel anlamaya \u00f6nem veren, ancak karma\u015f\u0131k matematikten ka\u00e7\u0131nan ve kendi kendine \u00e7al\u0131\u015fmaya uygun, yani kolay anla\u015f\u0131l\u0131r bir tarzda yaz\u0131lm\u0131\u015ft\u0131r. Lisans \u00f6\u011frencilerinin yan\u0131s\u0131ra amat\u00f6r astronomlara da hitap edecektir.Kitap bir\u00e7ok yararl\u0131 \u00f6zellik i\u00e7erir:\u2022 \u00e7ok say\u0131da tam renkli \u015fema ve foto\u011fraf\u2022 belirli kavramlar\u0131 ve teknikleri vurgulayan kutulu \u00f6zetler\u2022 metin boyunca madde i\u015faretli sorular ve cevaplar\u2022 tam \u00e7\u00f6z\u00fcmlerle 100\u2019den fazla \u00f6\u011frenci al\u0131\u015ft\u0131rmas\u0131\u2022 \u00f6nemli terimler s\u00f6zl\u00fc\u011f\u00fc<\/p>\n","protected":false},"excerpt":{"rendered":"<p>Bu ders kitab\u0131 Galaksimize, genel olarak galaksilere ve Evrenin k\u00f6keni ve evrimine ili\u015fkin bir giri\u015f sa\u011flar. Kitap boyunca, kainata dair mevcut bilimsel anlay\u0131\u015f\u0131m\u0131z\u0131 olu\u015fturan teori ve<span class=\"excerpt-hellip\"> [\u2026]<\/span><\/p>\n","protected":false},"featured_media":0,"template":"","meta":{"_monsterinsights_skip_tracking":false,"_monsterinsights_sitenote_active":false,"_monsterinsights_sitenote_note":"","_monsterinsights_sitenote_category":0},"product_brand":[],"product_cat":[12573,12566],"product_tag":[],"class_list":{"0":"post-762826","1":"product","2":"type-product","3":"status-publish","5":"product_cat-akademik-kitaplar","6":"product_cat-egitim","7":"pa_cilt-ciltsiz","8":"pa_tur-kitap","9":"pa_yayinevi-ankara-universitesi-yayinevi","10":"pa_yazar-kolektif","12":"first","13":"instock","14":"sale","15":"shipping-taxable","16":"purchasable","17":"product-type-simple"},"_links":{"self":[{"href":"https:\/\/roveyayinevi.com.tr\/index.php\/wp-json\/wp\/v2\/product\/762826","targetHints":{"allow":["GET"]}}],"collection":[{"href":"https:\/\/roveyayinevi.com.tr\/index.php\/wp-json\/wp\/v2\/product"}],"about":[{"href":"https:\/\/roveyayinevi.com.tr\/index.php\/wp-json\/wp\/v2\/types\/product"}],"wp:attachment":[{"href":"https:\/\/roveyayinevi.com.tr\/index.php\/wp-json\/wp\/v2\/media?parent=762826"}],"wp:term":[{"taxonomy":"product_brand","embeddable":true,"href":"https:\/\/roveyayinevi.com.tr\/index.php\/wp-json\/wp\/v2\/product_brand?post=762826"},{"taxonomy":"product_cat","embeddable":true,"href":"https:\/\/roveyayinevi.com.tr\/index.php\/wp-json\/wp\/v2\/product_cat?post=762826"},{"taxonomy":"product_tag","embeddable":true,"href":"https:\/\/roveyayinevi.com.tr\/index.php\/wp-json\/wp\/v2\/product_tag?post=762826"}],"curies":[{"name":"wp","href":"https:\/\/api.w.org\/{rel}","templated":true}]}}