{"id":762802,"date":"2025-08-28T10:20:52","date_gmt":"2025-08-28T07:20:52","guid":{"rendered":"https:\/\/roveyayinevi.com.tr\/index.php\/urun\/evrenimizi-buyuten-sesler\/"},"modified":"2026-04-15T03:27:46","modified_gmt":"2026-04-15T00:27:46","slug":"evrenimizi-buyuten-sesler","status":"publish","type":"product","link":"https:\/\/roveyayinevi.com.tr\/index.php\/urun\/evrenimizi-buyuten-sesler\/","title":{"rendered":"Evrenimizi B\u00fcy\u00fcten Sesler"},"content":{"rendered":"<p>&#8220;Evrenimizi B\u00fcy\u00fcten Sesler&#8221;, felsefi \u00f6yk\u00fclerden olu\u015fan bir \u00e7ocuk kitab\u0131d\u0131r. Kitab\u0131n i\u00e7erisinde felsefi \u00f6yk\u00fclere e\u015flik eden yarat\u0131c\u0131 etkinlikler de yer almaktad\u0131r. Her bir \u00f6yk\u00fc, bilinenin d\u0131\u015f\u0131nda bir okulda sorulan ders sorular\u0131n\u0131 ilgin\u00e7, yarat\u0131c\u0131 ya\u015fam sorular\u0131na d\u00f6n\u00fc\u015ft\u00fcrerek okuru d\u00fc\u015f\u00fcnsel\/duygusal bir maceraya davet etmektedir. Kitapta, \u00e7ocuklar\u0131n kendi i\u00e7 d\u00fcnyas\u0131n\u0131 ve d\u0131\u015far\u0131daki d\u00fcnyay\u0131 tan\u0131malar\u0131na \u0131\u015f\u0131k tutan duygusal ve sosyal fark\u0131ndal\u0131\u011f\u0131n\u0131 destekleyen temalar bulunmaktad\u0131r. \u00c7ok y\u00f6nl\u00fc bakabilmek, duygular\u0131 fark etmek ve ifade edebilmek, kendimizi tan\u0131mak ve i\u00e7imizdeki g\u00fcc\u00fc ke\u015ffetmek, zorbal\u0131\u011f\u0131n ger\u00e7ek g\u00fc\u00e7 olmad\u0131\u011f\u0131n\u0131 anlamak, yeteneklerimize de\u011fer vermek, \u00fczg\u00fcn hisleri i\u00e7imize atmamak, birbirimizi desteklemek, \u00e7e\u015fitlili\u011fimizle birbirimizi duyabilmek, kendimiz gibi olabilmek ve yarat\u0131c\u0131l\u0131\u011f\u0131n keyfine varmak gibi sosyal duygusal geli\u015fimi destekleyen bir\u00e7ok konu i\u015flenmektedir. Felsefi \u00f6yk\u00fcler yoluyla kendi sesine ve ba\u015fka seslere bir fark\u0131ndal\u0131k yolculu\u011fu olan bu kitap, 9 ya\u015f ve \u00fczeri herkes i\u00e7in uygundur. Kitap, sanat ve felsefe yoluyla birlikte g\u00fc\u00e7lenmeye kap\u0131 aralamaktad\u0131r. Arkas\u0131nda yer alan &#8220;ses s\u00f6zl\u00fc\u011f\u00fc&#8221; ve her \u00f6yk\u00fcn\u00fcn sonunda bulunan \u015fark\u0131 s\u00f6zleri ise \u00e7ocuklar\u0131n, i\u00e7lerindeki melodiyi ke\u015ffetmeleri ve kendi seslerine alan a\u00e7abilmeleri i\u00e7in ilham kayna\u011f\u0131 niteli\u011findedir. Son olarak, kitab\u0131n temalar\u0131ndan hareketle yap\u0131labilecek at\u00f6lye \u00e7al\u0131\u015fmalar\u0131nda yeti\u015fkinler de bu \u00f6yk\u00fcleri ve etkinlikleri \u00e7ocuklarla bulu\u015fturabilir. <\/p>\n","protected":false},"excerpt":{"rendered":"<p>&#8220;Evrenimizi B\u00fcy\u00fcten Sesler&#8221;, felsefi \u00f6yk\u00fclerden olu\u015fan bir \u00e7ocuk kitab\u0131d\u0131r. Kitab\u0131n i\u00e7erisinde felsefi \u00f6yk\u00fclere e\u015flik eden yarat\u0131c\u0131 etkinlikler de yer almaktad\u0131r. Her bir \u00f6yk\u00fc, bilinenin d\u0131\u015f\u0131nda bir<span class=\"excerpt-hellip\"> [\u2026]<\/span><\/p>\n","protected":false},"featured_media":0,"template":"","meta":{"_monsterinsights_skip_tracking":false,"_monsterinsights_sitenote_active":false,"_monsterinsights_sitenote_note":"","_monsterinsights_sitenote_category":0},"product_brand":[],"product_cat":[12274,12284],"product_tag":[],"class_list":{"0":"post-762802","1":"product","2":"type-product","3":"status-publish","5":"product_cat-cocuk-ve-genclik-kitaplari","6":"product_cat-hikayeler","7":"pa_cilt-ciltsiz","8":"pa_tur-kitap","9":"pa_yayinevi-nika-yayinevi","10":"pa_yazar-gul-candir-sac","12":"first","13":"instock","14":"sale","15":"shipping-taxable","16":"purchasable","17":"product-type-simple"},"_links":{"self":[{"href":"https:\/\/roveyayinevi.com.tr\/index.php\/wp-json\/wp\/v2\/product\/762802","targetHints":{"allow":["GET"]}}],"collection":[{"href":"https:\/\/roveyayinevi.com.tr\/index.php\/wp-json\/wp\/v2\/product"}],"about":[{"href":"https:\/\/roveyayinevi.com.tr\/index.php\/wp-json\/wp\/v2\/types\/product"}],"wp:attachment":[{"href":"https:\/\/roveyayinevi.com.tr\/index.php\/wp-json\/wp\/v2\/media?parent=762802"}],"wp:term":[{"taxonomy":"product_brand","embeddable":true,"href":"https:\/\/roveyayinevi.com.tr\/index.php\/wp-json\/wp\/v2\/product_brand?post=762802"},{"taxonomy":"product_cat","embeddable":true,"href":"https:\/\/roveyayinevi.com.tr\/index.php\/wp-json\/wp\/v2\/product_cat?post=762802"},{"taxonomy":"product_tag","embeddable":true,"href":"https:\/\/roveyayinevi.com.tr\/index.php\/wp-json\/wp\/v2\/product_tag?post=762802"}],"curies":[{"name":"wp","href":"https:\/\/api.w.org\/{rel}","templated":true}]}}