{"id":762800,"date":"2025-08-28T10:20:50","date_gmt":"2025-08-28T07:20:50","guid":{"rendered":"https:\/\/roveyayinevi.com.tr\/index.php\/urun\/olimpiyata-hayircilar\/"},"modified":"2026-04-15T03:27:46","modified_gmt":"2026-04-15T00:27:46","slug":"olimpiyata-hayircilar","status":"publish","type":"product","link":"https:\/\/roveyayinevi.com.tr\/index.php\/urun\/olimpiyata-hayircilar\/","title":{"rendered":"Olimpiyata Hay\u0131rc\u0131lar"},"content":{"rendered":"<p>Olimpiyata Hay\u0131rc\u0131lar: Los Angeles, Tokyo ve \u00d6tesinde Kapitalist Mega Sporlara Kar\u015f\u0131 M\u00fccadelenin \u0130\u00e7inden, Olimpiyat kar\u015f\u0131t\u0131 aktivizmin k\u00fcresel y\u00fckseli\u015fiyle Olimpiyat Oyunlar\u0131na ev sahipli\u011fi yapman\u0131n azalan pop\u00fclaritesinin kesi\u015fimini ara\u015ft\u0131r\u0131yor. Olimpiyatlar bir zamanlar g\u00f6z al\u0131c\u0131 bir refah, turizm ve istihdamda art\u0131\u015f efsaneleriyle pohpohlan\u0131yordu ama son y\u0131llarda bu &#8220;g\u00fcvenceler&#8221;in foyas\u0131 meydana \u00e7\u0131kt\u0131. Olimpiyatlann yerinden edilme, geni\u015fletilmi\u015f polislik faaliyeti ve kapal\u0131 kap\u0131lar ard\u0131nda yap\u0131lan anti-demokratik anla\u015fmalarla birlikte gelen siyasi-ekonomik bir ezici g\u00fcce d\u00f6n\u00fc\u015ft\u00fc\u011f\u00fc \u015fimdi her zamankinden daha bariz.          ABD Olimpiyat Futbol Tak\u0131m\u0131n\u0131 temsil etmi\u015f eski bir profesyonel futbolcu olan Jules Boykoff bu kitab\u0131nda, Amerika&#8217;n\u0131n Demokratik Sosyalistleri&#8217;nin (ADS) 2028 Yaz Oyunlar\u0131&#8217;na y\u00f6nelik NOlympics LA (Olimpiyata Hay\u0131r LA) kampanyas\u0131n\u0131 ba\u015flatt\u0131\u011f\u0131 Los Angeles&#8217;a odaklan\u0131yor. Boykoff, ADS-LA&#8217;in Olimpiyat kar\u015f\u0131t\u0131 aktivizminin ABD&#8217;de ve \u00f6tesinde sosyalizmin yeniden uyan\u0131\u015f\u0131yla nas\u0131l \u00f6rt\u00fc\u015ft\u00fc\u011f\u00fcn\u00fc g\u00f6steriyor.         Boykoff&#8217;un Olimpiyat kar\u015f\u0131t\u0131 aktivistlerle yapt\u0131\u011f\u0131 100&#8217;den fazla g\u00f6r\u00fc\u015fmeye, Los Angeles, Rio de Janeiro, Londra ve Tokyo&#8217;daki protestolarda edindi\u011fi ki\u015fisel deneyimlere, akademik ara\u015ft\u0131rmalara, kitlesel ve alternatif medya haberlerine ve Olimpiyat ar\u015fivlerine dayanan bu ara\u015ft\u0131rmas\u0131, t\u00fcm zorluklara ra\u011fmen m\u00fccadele eden ve demokratik sosyalizmin d\u00f6n\u00fc\u015ft\u00fcr\u00fcc\u00fc siyasetini benimseyen aktivistlerin elinizdeki hik\u00e2yesinin belkemi\u011fini olu\u015fturuyor. <\/p>\n","protected":false},"excerpt":{"rendered":"<p>Olimpiyata Hay\u0131rc\u0131lar: Los Angeles, Tokyo ve \u00d6tesinde Kapitalist Mega Sporlara Kar\u015f\u0131 M\u00fccadelenin \u0130\u00e7inden, Olimpiyat kar\u015f\u0131t\u0131 aktivizmin k\u00fcresel y\u00fckseli\u015fiyle Olimpiyat Oyunlar\u0131na ev sahipli\u011fi yapman\u0131n azalan pop\u00fclaritesinin kesi\u015fimini<span class=\"excerpt-hellip\"> [\u2026]<\/span><\/p>\n","protected":false},"featured_media":0,"template":"","meta":{"_monsterinsights_skip_tracking":false,"_monsterinsights_sitenote_active":false,"_monsterinsights_sitenote_note":"","_monsterinsights_sitenote_category":0},"product_brand":[],"product_cat":[15563,15564],"product_tag":[],"class_list":{"0":"post-762800","1":"product","2":"type-product","3":"status-publish","5":"product_cat-hobi","6":"product_cat-spor","7":"pa_cilt-ciltsiz","8":"pa_tur-kitap","9":"pa_yayinevi-kor-kitap","10":"pa_yazar-jules-boykoff","12":"first","13":"instock","14":"sale","15":"shipping-taxable","16":"purchasable","17":"product-type-simple"},"_links":{"self":[{"href":"https:\/\/roveyayinevi.com.tr\/index.php\/wp-json\/wp\/v2\/product\/762800","targetHints":{"allow":["GET"]}}],"collection":[{"href":"https:\/\/roveyayinevi.com.tr\/index.php\/wp-json\/wp\/v2\/product"}],"about":[{"href":"https:\/\/roveyayinevi.com.tr\/index.php\/wp-json\/wp\/v2\/types\/product"}],"wp:attachment":[{"href":"https:\/\/roveyayinevi.com.tr\/index.php\/wp-json\/wp\/v2\/media?parent=762800"}],"wp:term":[{"taxonomy":"product_brand","embeddable":true,"href":"https:\/\/roveyayinevi.com.tr\/index.php\/wp-json\/wp\/v2\/product_brand?post=762800"},{"taxonomy":"product_cat","embeddable":true,"href":"https:\/\/roveyayinevi.com.tr\/index.php\/wp-json\/wp\/v2\/product_cat?post=762800"},{"taxonomy":"product_tag","embeddable":true,"href":"https:\/\/roveyayinevi.com.tr\/index.php\/wp-json\/wp\/v2\/product_tag?post=762800"}],"curies":[{"name":"wp","href":"https:\/\/api.w.org\/{rel}","templated":true}]}}