{"id":762798,"date":"2025-08-28T10:20:46","date_gmt":"2025-08-28T07:20:46","guid":{"rendered":"https:\/\/roveyayinevi.com.tr\/index.php\/urun\/isaret-3\/"},"modified":"2026-04-15T03:27:46","modified_gmt":"2026-04-15T00:27:46","slug":"isaret-3","status":"publish","type":"product","link":"https:\/\/roveyayinevi.com.tr\/index.php\/urun\/isaret-3\/","title":{"rendered":"\u0130\u015faret"},"content":{"rendered":"<p>\u0130\u015faret, Portekiz\u2019in en bu\u0308yu\u0308k \u015fairlerinden biri olarak kabul edilen Fernando Pessoa\u2019n\u0131n \u00f6lu\u0308mu\u0308nden bir y\u0131l \u00f6nce, 1 Aral\u0131k 1934\u2019te, sa\u011fl\u0131\u011f\u0131nda yay\u0131mlanan tek Portekizce eseridir. \u0130\u015faret, Portekiz\u2019in g\u00f6rkemli ge\u00e7mi\u015finin sembolik bir analizi, kasvetli bugu\u0308nu\u0308nu\u0308n bir ele\u015ftirisi ve \u0131\u015f\u0131lt\u0131l\u0131 bir gelecek beklentisidir. Eser, \u201cArma\u201d, \u201cPortekiz Denizi\u201d ve \u201cSakl\u0131 Olan\u201d isimli u\u0308\u00e7 b\u00f6lu\u0308m alt\u0131nda 44 \u015fiirden olu\u015fmakta ve Portekiz \u0130mparatorlu\u011funun do\u011fu\u015fu, yu\u0308kseli\u015fi ve \u00e7\u00f6ku\u0308\u015fu\u0308nu\u0308 tasvir etmektedir.Ezoterik bir destan olan \u0130\u015faret, yay\u0131mlan\u0131\u015f\u0131n\u0131n 90. y\u0131l\u0131nda Tu\u0308rk\u00e7ede, \u00f6du\u0308llu\u0308 Pessoa biyografi yazar\u0131 Richard Zenith\u2019in \u201cEvrensel \u0130\u015faret\u201d ba\u015fl\u0131kl\u0131 \u00f6n s\u00f6zu\u0308 ve notland\u0131r\u0131lm\u0131\u015f edisyonuyla sunuluyor.<\/p>\n","protected":false},"excerpt":{"rendered":"<p>\u0130\u015faret, Portekiz\u2019in en bu\u0308yu\u0308k \u015fairlerinden biri olarak kabul edilen Fernando Pessoa\u2019n\u0131n \u00f6lu\u0308mu\u0308nden bir y\u0131l \u00f6nce, 1 Aral\u0131k 1934\u2019te, sa\u011fl\u0131\u011f\u0131nda yay\u0131mlanan tek Portekizce eseridir. \u0130\u015faret, Portekiz\u2019in g\u00f6rkemli<span class=\"excerpt-hellip\"> [\u2026]<\/span><\/p>\n","protected":false},"featured_media":0,"template":"","meta":{"_monsterinsights_skip_tracking":false,"_monsterinsights_sitenote_active":false,"_monsterinsights_sitenote_note":"","_monsterinsights_sitenote_category":0},"product_brand":[],"product_cat":[12291,12711],"product_tag":[],"class_list":{"0":"post-762798","1":"product","2":"type-product","3":"status-publish","5":"product_cat-edebiyat","6":"product_cat-roman-oyku","7":"pa_cilt-ciltsiz","8":"pa_tur-kitap","9":"pa_yayinevi-otuken-nesriyat","10":"pa_yazar-fernando-pessoa","12":"first","13":"instock","14":"sale","15":"shipping-taxable","16":"purchasable","17":"product-type-simple"},"_links":{"self":[{"href":"https:\/\/roveyayinevi.com.tr\/index.php\/wp-json\/wp\/v2\/product\/762798","targetHints":{"allow":["GET"]}}],"collection":[{"href":"https:\/\/roveyayinevi.com.tr\/index.php\/wp-json\/wp\/v2\/product"}],"about":[{"href":"https:\/\/roveyayinevi.com.tr\/index.php\/wp-json\/wp\/v2\/types\/product"}],"wp:attachment":[{"href":"https:\/\/roveyayinevi.com.tr\/index.php\/wp-json\/wp\/v2\/media?parent=762798"}],"wp:term":[{"taxonomy":"product_brand","embeddable":true,"href":"https:\/\/roveyayinevi.com.tr\/index.php\/wp-json\/wp\/v2\/product_brand?post=762798"},{"taxonomy":"product_cat","embeddable":true,"href":"https:\/\/roveyayinevi.com.tr\/index.php\/wp-json\/wp\/v2\/product_cat?post=762798"},{"taxonomy":"product_tag","embeddable":true,"href":"https:\/\/roveyayinevi.com.tr\/index.php\/wp-json\/wp\/v2\/product_tag?post=762798"}],"curies":[{"name":"wp","href":"https:\/\/api.w.org\/{rel}","templated":true}]}}