{"id":762784,"date":"2025-08-28T10:20:21","date_gmt":"2025-08-28T07:20:21","guid":{"rendered":"https:\/\/roveyayinevi.com.tr\/index.php\/urun\/dara-palmerin-buyuk-drami\/"},"modified":"2026-04-15T03:27:46","modified_gmt":"2026-04-15T00:27:46","slug":"dara-palmerin-buyuk-drami","status":"publish","type":"product","link":"https:\/\/roveyayinevi.com.tr\/index.php\/urun\/dara-palmerin-buyuk-drami\/","title":{"rendered":"Dara Palmer&#8217;\u0131n B\u00fcy\u00fck Dram\u0131"},"content":{"rendered":"<p>Dara do\u011fu\u015ftan bir oyuncudur ya da \u00f6yle oldu\u011funu d\u00fc\u015f\u00fcnmektedir. Ancak okul tiyatrosunda rol alamay\u0131nca, bunun s\u0131n\u0131f\u0131ndaki di\u011fer k\u0131zlara benzemedi\u011fi i\u00e7in oldu\u011funu d\u00fc\u015f\u00fcnmeye ba\u015flar.Zapt edilmesi bir hayli zor olan Dara, bir plan yapar ve sadece okulu de\u011fil t\u00fcm d\u00fcnyay\u0131 de\u011fi\u015ftirmeye karar verir.  <\/p>\n","protected":false},"excerpt":{"rendered":"<p>Dara do\u011fu\u015ftan bir oyuncudur ya da \u00f6yle oldu\u011funu d\u00fc\u015f\u00fcnmektedir. Ancak okul tiyatrosunda rol alamay\u0131nca, bunun s\u0131n\u0131f\u0131ndaki di\u011fer k\u0131zlara benzemedi\u011fi i\u00e7in oldu\u011funu d\u00fc\u015f\u00fcnmeye ba\u015flar.Zapt edilmesi bir hayli<span class=\"excerpt-hellip\"> [\u2026]<\/span><\/p>\n","protected":false},"featured_media":0,"template":"","meta":{"_monsterinsights_skip_tracking":false,"_monsterinsights_sitenote_active":false,"_monsterinsights_sitenote_note":"","_monsterinsights_sitenote_category":0},"product_brand":[],"product_cat":[12274,12284],"product_tag":[],"class_list":{"0":"post-762784","1":"product","2":"type-product","3":"status-publish","5":"product_cat-cocuk-ve-genclik-kitaplari","6":"product_cat-hikayeler","7":"pa_cilt-ciltsiz","8":"pa_tur-kitap","9":"pa_yayinevi-epsilon-yayinlari","10":"pa_yazar-emma-shevah","12":"first","13":"instock","14":"sale","15":"shipping-taxable","16":"purchasable","17":"product-type-simple"},"_links":{"self":[{"href":"https:\/\/roveyayinevi.com.tr\/index.php\/wp-json\/wp\/v2\/product\/762784","targetHints":{"allow":["GET"]}}],"collection":[{"href":"https:\/\/roveyayinevi.com.tr\/index.php\/wp-json\/wp\/v2\/product"}],"about":[{"href":"https:\/\/roveyayinevi.com.tr\/index.php\/wp-json\/wp\/v2\/types\/product"}],"wp:attachment":[{"href":"https:\/\/roveyayinevi.com.tr\/index.php\/wp-json\/wp\/v2\/media?parent=762784"}],"wp:term":[{"taxonomy":"product_brand","embeddable":true,"href":"https:\/\/roveyayinevi.com.tr\/index.php\/wp-json\/wp\/v2\/product_brand?post=762784"},{"taxonomy":"product_cat","embeddable":true,"href":"https:\/\/roveyayinevi.com.tr\/index.php\/wp-json\/wp\/v2\/product_cat?post=762784"},{"taxonomy":"product_tag","embeddable":true,"href":"https:\/\/roveyayinevi.com.tr\/index.php\/wp-json\/wp\/v2\/product_tag?post=762784"}],"curies":[{"name":"wp","href":"https:\/\/api.w.org\/{rel}","templated":true}]}}