{"id":762777,"date":"2025-08-28T10:20:06","date_gmt":"2025-08-28T07:20:06","guid":{"rendered":"https:\/\/roveyayinevi.com.tr\/index.php\/urun\/baris-ve-basari-simgeliginden-sosyoekonomik-ve-endustriyel-yazar-zirvesine-defne\/"},"modified":"2026-04-15T03:27:45","modified_gmt":"2026-04-15T00:27:45","slug":"baris-ve-basari-simgeliginden-sosyoekonomik-ve-endustriyel-yazar-zirvesine-defne","status":"publish","type":"product","link":"https:\/\/roveyayinevi.com.tr\/index.php\/urun\/baris-ve-basari-simgeliginden-sosyoekonomik-ve-endustriyel-yazar-zirvesine-defne\/","title":{"rendered":"Bar\u0131\u015f ve Ba\u015far\u0131 Simgeli\u011finden Sosyoekonomik  ve End\u00fcstriyel Yazar Zirvesine \u201cDefne\u201d"},"content":{"rendered":"<p>Bu kitap, kapsaml\u0131 ara\u015ft\u0131rmalar\u0131n, \u00e7al\u0131\u015fmalar\u0131n ve analizlerin sonucunda ortaya \u00e7\u0131km\u0131\u015f olup Defne bitkisinin d\u00fcnya ve T\u00fcrkiye&#8217;deki yay\u0131l\u0131\u015f\u0131n\u0131, faydalanma y\u00f6ntemlerini, sistemati\u011fini, hasat ve \u00fcretim a\u015famalar\u0131n\u0131, kaliteli ve katma de\u011ferli \u00fcr\u00fcnlerin \u00fcretiminde dikkat edilmesi gereken hususlar\u0131, Defne yapra\u011f\u0131n\u0131n hasat\u0131ndan i\u015flenmesine kadar olan tesis b\u00fcnyesindeki \u00fcretim ak\u0131\u015f\u0131n\u0131 ve \u00f6nemli detaylar\u0131, Defne bitkisinden elde edilen \u00fcr\u00fcnlerin ekonomik \u00f6nemini kapsamaktad\u0131r. Ayr\u0131ca, bu kitap botanik \u00f6zelliklerini ve sosyo-k\u00fclt\u00fcrel de\u011ferlerini, kar\u015f\u0131la\u015f\u0131lan sorunlar\u0131 ve \u00e7\u00f6z\u00fcm \u00f6nerilerini i\u00e7ermektedir. Kitap, k\u00f6yl\u00fclerden kooperatiflere, k\u00fc\u00e7\u00fck ve orta \u00f6l\u00e7ekli i\u015fletmelere, bu alanda faaliyet y\u00fcr\u00fctmek isteyenlere, proje olu\u015fturmak isteyenlere ve odun d\u0131\u015f\u0131 orman \u00fcr\u00fcnleri alan\u0131nda tar\u0131msal faaliyet y\u00fcr\u00fctmeyi d\u00fc\u015f\u00fcnenlere \u00f6nemli bir kaynak niteli\u011fi ta\u015f\u0131maktad\u0131r. Ayr\u0131ca, Defne bitkisinden faydalanmada s\u00fcreklilik ilkesine ba\u011fl\u0131 olarak hammaddenin toplanmas\u0131ndan ba\u015flayarak \u00fcretim a\u015famalar\u0131na, paketlenmesine, depolanmas\u0131na ve ihracat\u0131na kadar olan s\u00fcreci detayl\u0131 bir \u015fekilde a\u00e7\u0131klamaktad\u0131r. Kitap ayr\u0131ca, Defne bitkisinden farkl\u0131 y\u00f6nleriyle faydalan\u0131lmas\u0131, sekt\u00f6r\u00fcn ekonomik, sosyal ve \u00e7evresel katk\u0131s\u0131n\u0131 analiz etmek amac\u0131yla \u00fcretim ve i\u015fleme s\u00fcre\u00e7lerine y\u00f6nelik yat\u0131r\u0131m\u0131n de\u011ferlendirilmesi ve yeni yat\u0131r\u0131m f\u0131rsatlar\u0131n\u0131 i\u00e7ermektedir. Yat\u0131r\u0131mc\u0131lara rehberlik etmek ve ilgilenenlere yol g\u00f6stermek amac\u0131yla tasarlanm\u0131\u015ft\u0131r. Sonu\u00e7 olarak, Defne \u00fcretiminin art\u0131r\u0131lmas\u0131 ve kaliteli \u00fcretimin te\u015fvik edilmesi gerekmektedir. \u00d6zellikle yeni a\u011fa\u00e7land\u0131rma b\u00f6lgelerinde, bozulan ve yanan orman b\u00f6lgelerinin yeniden tesisinde Defne bitkisine a\u011f\u0131rl\u0131k verilmesi \u00f6nemlidir. Dikimlerin \u00fcst\u00fcn kaliteli tiplerle yap\u0131lmas\u0131 ve Defne yapra\u011f\u0131 \u00fcretiminin farkl\u0131 plantasyonlarda ger\u00e7ekle\u015ftirilmesi gerekmektedir. \u00dclkemizin Defne potansiyelini korumas\u0131 ve s\u00fcrd\u00fcr\u00fclebilirli\u011fi i\u00e7in kalitenin art\u0131r\u0131lmas\u0131 ve de\u011fer kayb\u0131n\u0131n \u00f6nlenmesi i\u00e7in \u00f6nlemler al\u0131nmas\u0131 gerekmektedir. Bu bitkinin faydalan\u0131lan k\u0131sm\u0131 olan Defne yapra\u011f\u0131 ve yaprak u\u00e7ucu ya\u011f\u0131 i\u00e7in d\u0131\u015f pazardan olduk\u00e7a b\u00fcy\u00fck bir talep, tohum sabit ya\u011f\u0131 i\u00e7in de i\u00e7 pazardan talep vard\u0131r. G\u0131da, kozmetik ve parf\u00fcm sanayiinde farkl\u0131 k\u0131s\u0131mlar\u0131 ve \u00fcr\u00fcnleri kullan\u0131lan, bununla beraber sekt\u00f6rlerin vazge\u00e7emedi\u011fi bitkilerden olan Defne, d\u00fcnyan\u0131n bir\u00e7ok \u00fclkesine T\u00fcrkiye&#8217;den g\u00f6nderilmektedir. Kurutulmu\u015f Defne yapra\u011f\u0131 i\u00e7in \u00f6ncelikli al\u0131c\u0131lar olarak \u00c7in, ABD, Polonya, \u0130spanya ve BAE pazarlar\u0131 vard\u0131r. Bu pazarlar \u00f6nemli al\u0131c\u0131lard\u0131r ve ithalatlar\u0131 b\u00fcy\u00fcme e\u011filimini s\u00fcrd\u00fcrmektedir. T\u00fcrkiye\u2019nin D\u00fcnya\u2019daki lider pozisyonunu s\u00fcrd\u00fcrebilmesi ve devaml\u0131l\u0131\u011f\u0131 i\u00e7in \u00fcretim maliyetlerinin de korunarak, kaliteli Defne hasad\u0131ndan i\u015fletmelerde kalibreli \u00fcr\u00fcn i\u015flemesi yap\u0131lmas\u0131 sa\u011flanmal\u0131d\u0131r. <\/p>\n","protected":false},"excerpt":{"rendered":"<p>Bu kitap, kapsaml\u0131 ara\u015ft\u0131rmalar\u0131n, \u00e7al\u0131\u015fmalar\u0131n ve analizlerin sonucunda ortaya \u00e7\u0131km\u0131\u015f olup Defne bitkisinin d\u00fcnya ve T\u00fcrkiye&#8217;deki yay\u0131l\u0131\u015f\u0131n\u0131, faydalanma y\u00f6ntemlerini, sistemati\u011fini, hasat ve \u00fcretim a\u015famalar\u0131n\u0131, kaliteli ve<span class=\"excerpt-hellip\"> [\u2026]<\/span><\/p>\n","protected":false},"featured_media":0,"template":"","meta":{"_monsterinsights_skip_tracking":false,"_monsterinsights_sitenote_active":false,"_monsterinsights_sitenote_note":"","_monsterinsights_sitenote_category":0},"product_brand":[],"product_cat":[12573,12566],"product_tag":[],"class_list":{"0":"post-762777","1":"product","2":"type-product","3":"status-publish","5":"product_cat-akademik-kitaplar","6":"product_cat-egitim","7":"pa_cilt-ciltsiz","8":"pa_tur-kitap","9":"pa_yayinevi-platanus-publishing","10":"pa_yazar-hikmet-yazici","12":"first","13":"instock","14":"sale","15":"shipping-taxable","16":"purchasable","17":"product-type-simple"},"_links":{"self":[{"href":"https:\/\/roveyayinevi.com.tr\/index.php\/wp-json\/wp\/v2\/product\/762777","targetHints":{"allow":["GET"]}}],"collection":[{"href":"https:\/\/roveyayinevi.com.tr\/index.php\/wp-json\/wp\/v2\/product"}],"about":[{"href":"https:\/\/roveyayinevi.com.tr\/index.php\/wp-json\/wp\/v2\/types\/product"}],"wp:attachment":[{"href":"https:\/\/roveyayinevi.com.tr\/index.php\/wp-json\/wp\/v2\/media?parent=762777"}],"wp:term":[{"taxonomy":"product_brand","embeddable":true,"href":"https:\/\/roveyayinevi.com.tr\/index.php\/wp-json\/wp\/v2\/product_brand?post=762777"},{"taxonomy":"product_cat","embeddable":true,"href":"https:\/\/roveyayinevi.com.tr\/index.php\/wp-json\/wp\/v2\/product_cat?post=762777"},{"taxonomy":"product_tag","embeddable":true,"href":"https:\/\/roveyayinevi.com.tr\/index.php\/wp-json\/wp\/v2\/product_tag?post=762777"}],"curies":[{"name":"wp","href":"https:\/\/api.w.org\/{rel}","templated":true}]}}