{"id":762773,"date":"2025-08-28T10:20:01","date_gmt":"2025-08-28T07:20:01","guid":{"rendered":"https:\/\/roveyayinevi.com.tr\/index.php\/urun\/turkiyede-tarimsal-tesviklerin-makroekonomik-etkileri\/"},"modified":"2026-04-15T03:27:45","modified_gmt":"2026-04-15T00:27:45","slug":"turkiyede-tarimsal-tesviklerin-makroekonomik-etkileri","status":"publish","type":"product","link":"https:\/\/roveyayinevi.com.tr\/index.php\/urun\/turkiyede-tarimsal-tesviklerin-makroekonomik-etkileri\/","title":{"rendered":"T\u00fcrkiye\u2019de Tar\u0131msal Te\u015fviklerin Makroekonomik Etkileri"},"content":{"rendered":"<p>B\u0130R\u0130NC\u0130 B\u00d6L\u00dcM DEVLET\u0130N EKONOM\u0130YE M\u00dcDAHALES\u0130 ve EKONOM\u0130K PERSPEKT\u0130FTEN TE\u015eV\u0130K S\u0130STEM\u0130   \u0130K\u0130NC\u0130 B\u00d6L\u00dcM TARIM SEKT\u00d6R\u00dcN\u00dcN EKONOM\u0130 \u00dcZER\u0130NDEK\u0130 ETK\u0130S\u0130 VE T\u00dcRK\u0130YE\u2019DE TARIMSAL TE\u015eV\u0130KLER   \u00dc\u00c7\u00dcNC\u00dc B\u00d6L\u00dcM TARIMSAL TE\u015eV\u0130KLER\u0130N MAKROEKONOM\u0130K ETK\u0130LER\u0130NE Y\u00d6NEL\u0130K ANAL\u0130Z ve SONU\u00c7LARI <\/p>\n","protected":false},"excerpt":{"rendered":"<p>B\u0130R\u0130NC\u0130 B\u00d6L\u00dcM DEVLET\u0130N EKONOM\u0130YE M\u00dcDAHALES\u0130 ve EKONOM\u0130K PERSPEKT\u0130FTEN TE\u015eV\u0130K S\u0130STEM\u0130 \u0130K\u0130NC\u0130 B\u00d6L\u00dcM TARIM SEKT\u00d6R\u00dcN\u00dcN EKONOM\u0130 \u00dcZER\u0130NDEK\u0130 ETK\u0130S\u0130 VE T\u00dcRK\u0130YE\u2019DE TARIMSAL TE\u015eV\u0130KLER \u00dc\u00c7\u00dcNC\u00dc B\u00d6L\u00dcM TARIMSAL TE\u015eV\u0130KLER\u0130N MAKROEKONOM\u0130K<span class=\"excerpt-hellip\"> [\u2026]<\/span><\/p>\n","protected":false},"featured_media":0,"template":"","meta":{"_monsterinsights_skip_tracking":false,"_monsterinsights_sitenote_active":false,"_monsterinsights_sitenote_note":"","_monsterinsights_sitenote_category":0},"product_brand":[],"product_cat":[13043,14144],"product_tag":[],"class_list":{"0":"post-762773","1":"product","2":"type-product","3":"status-publish","5":"product_cat-ekonomi","6":"product_cat-turkiye-ekonomisi","7":"pa_cilt-ciltsiz","8":"pa_tur-kitap","9":"pa_yayinevi-gazi-kitabevi","10":"pa_yazar-filiz-ozturk","12":"first","13":"instock","14":"sale","15":"shipping-taxable","16":"purchasable","17":"product-type-simple"},"_links":{"self":[{"href":"https:\/\/roveyayinevi.com.tr\/index.php\/wp-json\/wp\/v2\/product\/762773","targetHints":{"allow":["GET"]}}],"collection":[{"href":"https:\/\/roveyayinevi.com.tr\/index.php\/wp-json\/wp\/v2\/product"}],"about":[{"href":"https:\/\/roveyayinevi.com.tr\/index.php\/wp-json\/wp\/v2\/types\/product"}],"wp:attachment":[{"href":"https:\/\/roveyayinevi.com.tr\/index.php\/wp-json\/wp\/v2\/media?parent=762773"}],"wp:term":[{"taxonomy":"product_brand","embeddable":true,"href":"https:\/\/roveyayinevi.com.tr\/index.php\/wp-json\/wp\/v2\/product_brand?post=762773"},{"taxonomy":"product_cat","embeddable":true,"href":"https:\/\/roveyayinevi.com.tr\/index.php\/wp-json\/wp\/v2\/product_cat?post=762773"},{"taxonomy":"product_tag","embeddable":true,"href":"https:\/\/roveyayinevi.com.tr\/index.php\/wp-json\/wp\/v2\/product_tag?post=762773"}],"curies":[{"name":"wp","href":"https:\/\/api.w.org\/{rel}","templated":true}]}}