{"id":762745,"date":"2025-08-28T10:19:11","date_gmt":"2025-08-28T07:19:11","guid":{"rendered":"https:\/\/roveyayinevi.com.tr\/index.php\/urun\/ay-perisi-luna-yol\/"},"modified":"2026-04-15T03:27:45","modified_gmt":"2026-04-15T00:27:45","slug":"ay-perisi-luna-yol","status":"publish","type":"product","link":"https:\/\/roveyayinevi.com.tr\/index.php\/urun\/ay-perisi-luna-yol\/","title":{"rendered":"Ay Perisi Luna &#8211; Yol"},"content":{"rendered":"<p>G\u00fcnlerden bir g\u00fcn, tam da bug\u00fcn gecenin karanl\u0131\u011f\u0131nda yola \u00e7\u0131kar Ay Perisi Luna&#8230;    T\u0131ls\u0131ml\u0131 dolunay ayd\u0131nlatacakt\u0131r yolunu&#8230;   \u0130yilik a\u015fk\u0131na dilenen t\u00fcm dilekler ger\u00e7ek ola&#8230;   \u201cBenim i\u00e7in bir \u015f\u00fck\u00fcr bi\u00e7imi olan Ay Perisi Luna serisini nefesim yetti\u011fince yazmaya devam edece\u011fim, belki benden sonra sen yazmaya devam eder, tedaviye ihtiyac\u0131 olan \u00e7ocuklara umut olursun Ay Perisi Luna\u2026 Bir anneden k\u0131z\u0131na kalan en b\u00fcy\u00fck miraslardan biri de d\u00fcnyaya b\u0131rak\u0131lan kar\u015f\u0131l\u0131ks\u0131z bir iyiliktir, yazmaya ba\u015flad\u0131\u011f\u0131nda bu c\u00fcmlemi unutma&#8230; Seni seviyorum\u2026\u201d   Elif \u00d6zge \u00d6zder Ankara Devlet Konservatuvar\u0131 Tiyatro B\u00f6l\u00fcm\u00fc mezunu olup, halen \u015eehir Tiyatrolar\u0131 b\u00fcnyesinde kadrolu sanat\u00e7\u0131 olarak oyunculuk hayat\u0131na devam etmektedir. Kendisi dizi, film ve tiyatro oyunlar\u0131yla tan\u0131nsa da, uzun zaman \u00e7ocuklarla drama dersleri yapm\u0131\u015f, psikodrama \u00fczerine de \u00e7al\u0131\u015fm\u0131\u015ft\u0131r. Hen\u00fcz sahnelenmemi\u015f veya yay\u0131nlanmam\u0131\u015f \u00e7ok say\u0131da \u00e7ocuk oyunu, yay\u0131nlanmaya  haz\u0131rlad\u0131\u011f\u0131 bir \u00e7ok \u015fiir, hik\u00e2ye, d\u00fcz yaz\u0131 ve denemeleri bulunmaktad\u0131r. \u201cAy Perisi   Luna\u201d adl\u0131 kitap serisini k\u0131z\u0131 Luna\u2019n\u0131n varl\u0131\u011f\u0131na bir \u015f\u00fck\u00fcr bi\u00e7imi olarak tan\u0131mlayan sanat\u00e7\u0131, bu kitap serisinin t\u00fcm gelirini Sma hastas\u0131 bebeklere ba\u011f\u0131\u015flamaktad\u0131r.   <\/p>\n","protected":false},"excerpt":{"rendered":"<p>G\u00fcnlerden bir g\u00fcn, tam da bug\u00fcn gecenin karanl\u0131\u011f\u0131nda yola \u00e7\u0131kar Ay Perisi Luna&#8230; T\u0131ls\u0131ml\u0131 dolunay ayd\u0131nlatacakt\u0131r yolunu&#8230; \u0130yilik a\u015fk\u0131na dilenen t\u00fcm dilekler ger\u00e7ek ola&#8230; \u201cBenim i\u00e7in<span class=\"excerpt-hellip\"> [\u2026]<\/span><\/p>\n","protected":false},"featured_media":0,"template":"","meta":{"_monsterinsights_skip_tracking":false,"_monsterinsights_sitenote_active":false,"_monsterinsights_sitenote_note":"","_monsterinsights_sitenote_category":0},"product_brand":[],"product_cat":[12274,12518],"product_tag":[],"class_list":{"0":"post-762745","1":"product","2":"type-product","3":"status-publish","5":"product_cat-cocuk-ve-genclik-kitaplari","6":"product_cat-okul-oncesi-kitaplar","7":"pa_cilt-ciltsiz","8":"pa_tur-kitap","9":"pa_yayinevi-indigo-cocuk","10":"pa_yazar-ozge-ozder","12":"first","13":"instock","14":"sale","15":"shipping-taxable","16":"purchasable","17":"product-type-simple"},"_links":{"self":[{"href":"https:\/\/roveyayinevi.com.tr\/index.php\/wp-json\/wp\/v2\/product\/762745","targetHints":{"allow":["GET"]}}],"collection":[{"href":"https:\/\/roveyayinevi.com.tr\/index.php\/wp-json\/wp\/v2\/product"}],"about":[{"href":"https:\/\/roveyayinevi.com.tr\/index.php\/wp-json\/wp\/v2\/types\/product"}],"wp:attachment":[{"href":"https:\/\/roveyayinevi.com.tr\/index.php\/wp-json\/wp\/v2\/media?parent=762745"}],"wp:term":[{"taxonomy":"product_brand","embeddable":true,"href":"https:\/\/roveyayinevi.com.tr\/index.php\/wp-json\/wp\/v2\/product_brand?post=762745"},{"taxonomy":"product_cat","embeddable":true,"href":"https:\/\/roveyayinevi.com.tr\/index.php\/wp-json\/wp\/v2\/product_cat?post=762745"},{"taxonomy":"product_tag","embeddable":true,"href":"https:\/\/roveyayinevi.com.tr\/index.php\/wp-json\/wp\/v2\/product_tag?post=762745"}],"curies":[{"name":"wp","href":"https:\/\/api.w.org\/{rel}","templated":true}]}}