{"id":762742,"date":"2025-08-28T10:19:05","date_gmt":"2025-08-28T07:19:05","guid":{"rendered":"https:\/\/roveyayinevi.com.tr\/index.php\/urun\/merhametli-karga\/"},"modified":"2026-04-15T03:27:45","modified_gmt":"2026-04-15T00:27:45","slug":"merhametli-karga","status":"publish","type":"product","link":"https:\/\/roveyayinevi.com.tr\/index.php\/urun\/merhametli-karga\/","title":{"rendered":"Merhametli Karga"},"content":{"rendered":"<p>Her merhametin bir bedeli vard\u0131. Bu seferkini d\u00fc\u015fmanlar\u0131na \u00f6detecekti.   Bir \u015eef aday\u0131 \u00dclkeyi kas\u0131p kavuran vebadan yaln\u0131zca Fie\u2019\u0131n ait oldu\u011fu Karga S\u0131n\u0131f\u0131 etkilenmiyordu. Bu y\u00fczden de \u00f6l\u00fcm d\u00f6\u015fe\u011findekileri son yolculuklar\u0131na u\u011furlamak Kargalara d\u00fc\u015f\u00fcyordu. Buna ra\u011fmen di\u011fer s\u0131n\u0131flar taraf\u0131ndan hor g\u00f6r\u00fclen Kargalar hayatta kalmak m\u00fccadelesi i\u00e7indeydi. Soylu iki \u00f6l\u00fcy\u00fc almalar\u0131 i\u00e7in saraya \u00e7a\u011f\u0131r\u0131ld\u0131klar\u0131nda Fie, hizmetlerinin kar\u015f\u0131l\u0131\u011f\u0131nda c\u00f6mert bir \u00fccret alacaklar\u0131n\u0131 umuyordu.   Ka\u00e7ak bir Prens Veliaht Prens Jasimir\u2019in ac\u0131mas\u0131z Krali\u00e7e\u2019nin elinden kurtulmak i\u00e7in kendine \u00f6lm\u00fc\u015f s\u00fcs\u00fc verdi\u011fini \u00f6\u011frenen Fie onun o soylu Anka bo\u011faz\u0131n\u0131 orac\u0131kta kesmeye haz\u0131rd\u0131. Ama Prens tac\u0131n\u0131 geri almas\u0131na yard\u0131m etmeleri kar\u015f\u0131l\u0131\u011f\u0131nda, tahta \u00e7\u0131kt\u0131\u011f\u0131nda Kargalar\u0131 himayesi alt\u0131na alaca\u011f\u0131n\u0131 vaat edince i\u015fler de\u011fi\u015fecekti.   Kurnaz bir Muhaf\u0131z Atmaca sava\u015f\u00e7\u0131 Tavin b\u00fcy\u00fcyle Prens\u2019in g\u00f6r\u00fcn\u00fc\u015f\u00fcne b\u00fcr\u00fcnerek ve her ad\u0131m\u0131n\u0131 g\u00f6lge gibi takip ederek Jas\u2019in hayat\u0131n\u0131 hep kendininkinin \u00f6n\u00fcne koymu\u015ftu. Yollar\u0131 Kargalarla kesi\u015fti\u011finde ilk kez kendisi i\u00e7in bir \u015fey istemeye ba\u015flayacakt\u0131. Ancak sava\u015f kap\u0131dayd\u0131 ve Tavin\u2019in saklad\u0131\u011f\u0131 s\u0131rlar geldikleri yol ayr\u0131m\u0131nda hayati \u00f6nem ta\u015f\u0131yordu. <\/p>\n","protected":false},"excerpt":{"rendered":"<p>Her merhametin bir bedeli vard\u0131. Bu seferkini d\u00fc\u015fmanlar\u0131na \u00f6detecekti. Bir \u015eef aday\u0131 \u00dclkeyi kas\u0131p kavuran vebadan yaln\u0131zca Fie\u2019\u0131n ait oldu\u011fu Karga S\u0131n\u0131f\u0131 etkilenmiyordu. Bu y\u00fczden de<span class=\"excerpt-hellip\"> [\u2026]<\/span><\/p>\n","protected":false},"featured_media":0,"template":"","meta":{"_monsterinsights_skip_tracking":false,"_monsterinsights_sitenote_active":false,"_monsterinsights_sitenote_note":"","_monsterinsights_sitenote_category":0},"product_brand":[],"product_cat":[12291,12711],"product_tag":[],"class_list":{"0":"post-762742","1":"product","2":"type-product","3":"status-publish","5":"product_cat-edebiyat","6":"product_cat-roman-oyku","7":"pa_cilt-ciltsiz","8":"pa_tur-kitap","9":"pa_yayinevi-indigo-kitap","10":"pa_yazar-margaret-owen","12":"first","13":"instock","14":"sale","15":"shipping-taxable","16":"purchasable","17":"product-type-simple"},"_links":{"self":[{"href":"https:\/\/roveyayinevi.com.tr\/index.php\/wp-json\/wp\/v2\/product\/762742","targetHints":{"allow":["GET"]}}],"collection":[{"href":"https:\/\/roveyayinevi.com.tr\/index.php\/wp-json\/wp\/v2\/product"}],"about":[{"href":"https:\/\/roveyayinevi.com.tr\/index.php\/wp-json\/wp\/v2\/types\/product"}],"wp:attachment":[{"href":"https:\/\/roveyayinevi.com.tr\/index.php\/wp-json\/wp\/v2\/media?parent=762742"}],"wp:term":[{"taxonomy":"product_brand","embeddable":true,"href":"https:\/\/roveyayinevi.com.tr\/index.php\/wp-json\/wp\/v2\/product_brand?post=762742"},{"taxonomy":"product_cat","embeddable":true,"href":"https:\/\/roveyayinevi.com.tr\/index.php\/wp-json\/wp\/v2\/product_cat?post=762742"},{"taxonomy":"product_tag","embeddable":true,"href":"https:\/\/roveyayinevi.com.tr\/index.php\/wp-json\/wp\/v2\/product_tag?post=762742"}],"curies":[{"name":"wp","href":"https:\/\/api.w.org\/{rel}","templated":true}]}}