{"id":762719,"date":"2025-08-28T10:18:18","date_gmt":"2025-08-28T07:18:18","guid":{"rendered":"https:\/\/roveyayinevi.com.tr\/index.php\/urun\/aydinligin-karanlik-lordu\/"},"modified":"2026-04-15T03:27:44","modified_gmt":"2026-04-15T00:27:44","slug":"aydinligin-karanlik-lordu","status":"publish","type":"product","link":"https:\/\/roveyayinevi.com.tr\/index.php\/urun\/aydinligin-karanlik-lordu\/","title":{"rendered":"Ayd\u0131nl\u0131\u011f\u0131n Karanl\u0131k Lordu"},"content":{"rendered":"<p>Kimi Kitaplardan Girdi\u011fi Gibi \u00c7\u0131kamaz \u0130nsan   Ya\u015fam\u0131n anlam\u0131, insan\u0131n amac\u0131 ve varolu\u015ftaki yeri gibi ciddi konular\u0131 kahkahalar e\u015fli\u011finde anlamak m\u00fcmk\u00fcn m\u00fcd\u00fcr? S\u0131ra d\u0131\u015f\u0131 yaz\u0131m tekni\u011fi, keskin mizah\u0131 ve unutulmaz ba\u015fkarakteri ile Ayd\u0131nl\u0131\u011f\u0131n Karanl\u0131k Lordu; insan\u0131n en derin s\u0131rlar\u0131n\u0131, onun en \u015fa\u015fk\u0131n halleriyle birlikte ele alarak, okurunu mizahla bilgeli\u011fin birle\u015fti\u011fi benzersiz bir yolculu\u011fa \u00e7\u0131kar\u0131yor! Ya\u015famlar\u0131n\u0131n monoton ak\u0131\u015f\u0131 i\u00e7inde insanlar\u0131n kar\u015f\u0131s\u0131na en beklenmedik anlarda \u00e7\u0131karak her birini hayatlar\u0131n\u0131 de\u011fi\u015ftirecek deneyimlere sokan ve sonunda paha bi\u00e7ilmez fark\u0131ndal\u0131klar kazand\u0131ran esrarengiz bir karakter! Ayd\u0131nl\u0131\u011f\u0131n Karanl\u0131k Lordu; birbirinden garip ve otantik bu kar\u015f\u0131la\u015fmalarda bir yandan okurunu keskin mizah\u0131n\u0131n derinliklerine \u00e7ekip kahkahalarla g\u00fcld\u00fcr\u00fcrken, \u00f6te yandan her hik\u00e2yede hayata dair sundu\u011fu \u00e7arp\u0131c\u0131 perspektifler e\u015fli\u011finde onun kendi \u00f6z\u00fcyle ba\u011f kurarak varolu\u015fu anlamas\u0131n\u0131 ve arad\u0131\u011f\u0131 dengeyi bulmas\u0131n\u0131 sa\u011fl\u0131yor&#8230; Kendi kategorilerinde \u00e7ok satanlar aras\u0131nda bulunan Asi Peygamberler, Bug\u00fcn\u00fcn Tasavvufu, Garip, Sezginin Sonsuzlu\u011fu, Anka\u2019n\u0131n Kanatlar\u0131, D\u00fcn Gece Ne Oldu, A\u015fk ve Ejder kitaplar\u0131n\u0131n yazar\u0131 \u00c7a\u011fr\u0131 D\u00f6rter\u2019in 8. kitab\u0131 Ayd\u0131nl\u0131\u011f\u0131n Karanl\u0131k Lordu, t\u00fcm serinin insan, ya\u015fam, anlam ve varolu\u015fa dair \u00e7arp\u0131c\u0131 a\u00e7\u0131l\u0131mlar i\u00e7eren g\u00fc\u00e7l\u00fc ak\u0131\u015f\u0131 i\u00e7inde okurlara bir kahkaha molas\u0131 olmak \u00fczere kaleme al\u0131nm\u0131\u015f, ancak&#8230; (Ancak ne?) Sadece mizah alan\u0131nda kalmak konusunda kendini tutamam\u0131\u015ft\u0131r&#8230; (Yani?) \u00c7ok acayip bir yolculuk bizi bekliyor&#8230; (\u00d6yleyse&#8230;) Ba\u015flayal\u0131m&#8230; <\/p>\n","protected":false},"excerpt":{"rendered":"<p>Kimi Kitaplardan Girdi\u011fi Gibi \u00c7\u0131kamaz \u0130nsan Ya\u015fam\u0131n anlam\u0131, insan\u0131n amac\u0131 ve varolu\u015ftaki yeri gibi ciddi konular\u0131 kahkahalar e\u015fli\u011finde anlamak m\u00fcmk\u00fcn m\u00fcd\u00fcr? S\u0131ra d\u0131\u015f\u0131 yaz\u0131m tekni\u011fi, keskin<span class=\"excerpt-hellip\"> [\u2026]<\/span><\/p>\n","protected":false},"featured_media":0,"template":"","meta":{"_monsterinsights_skip_tracking":false,"_monsterinsights_sitenote_active":false,"_monsterinsights_sitenote_note":"","_monsterinsights_sitenote_category":0},"product_brand":[],"product_cat":[12291,12711],"product_tag":[],"class_list":{"0":"post-762719","1":"product","2":"type-product","3":"status-publish","5":"product_cat-edebiyat","6":"product_cat-roman-oyku","7":"pa_cilt-ciltsiz","8":"pa_tur-kitap","9":"pa_yayinevi-destek-yayinlari","10":"pa_yazar-cagri-dorter","12":"first","13":"instock","14":"sale","15":"shipping-taxable","16":"purchasable","17":"product-type-simple"},"_links":{"self":[{"href":"https:\/\/roveyayinevi.com.tr\/index.php\/wp-json\/wp\/v2\/product\/762719","targetHints":{"allow":["GET"]}}],"collection":[{"href":"https:\/\/roveyayinevi.com.tr\/index.php\/wp-json\/wp\/v2\/product"}],"about":[{"href":"https:\/\/roveyayinevi.com.tr\/index.php\/wp-json\/wp\/v2\/types\/product"}],"wp:attachment":[{"href":"https:\/\/roveyayinevi.com.tr\/index.php\/wp-json\/wp\/v2\/media?parent=762719"}],"wp:term":[{"taxonomy":"product_brand","embeddable":true,"href":"https:\/\/roveyayinevi.com.tr\/index.php\/wp-json\/wp\/v2\/product_brand?post=762719"},{"taxonomy":"product_cat","embeddable":true,"href":"https:\/\/roveyayinevi.com.tr\/index.php\/wp-json\/wp\/v2\/product_cat?post=762719"},{"taxonomy":"product_tag","embeddable":true,"href":"https:\/\/roveyayinevi.com.tr\/index.php\/wp-json\/wp\/v2\/product_tag?post=762719"}],"curies":[{"name":"wp","href":"https:\/\/api.w.org\/{rel}","templated":true}]}}