{"id":762689,"date":"2025-08-28T10:17:22","date_gmt":"2025-08-28T07:17:22","guid":{"rendered":"https:\/\/roveyayinevi.com.tr\/index.php\/urun\/esrik-bir-an\/"},"modified":"2026-04-15T03:27:43","modified_gmt":"2026-04-15T00:27:43","slug":"esrik-bir-an","status":"publish","type":"product","link":"https:\/\/roveyayinevi.com.tr\/index.php\/urun\/esrik-bir-an\/","title":{"rendered":"Esrik Bir An"},"content":{"rendered":"<p>\u201cMutlu olabilenler \u00f6l\u00fcyor, ya\u015fayanlar mutsuz oluyordu; hayat, dost olarak da baba olarak da ba\u015far\u0131s\u0131z oldu\u011fu bir talihsizlik ve yas batakl\u0131\u011f\u0131na g\u00f6m\u00fcl\u00fcyordu.\u201d   Bi\u00e7imlerin g\u00fczelli\u011fine tutkun sanat simsar\u0131 Haru Ueno, g\u00fcn\u00fcn birinde, Frans\u0131z bir kad\u0131nla gelip ge\u00e7ici ili\u015fkisinden bir \u00e7ocu\u011fu olaca\u011f\u0131n\u0131 \u00f6\u011frenir, onunla ili\u015fki kurmas\u0131 yasaklanm\u0131\u015ft\u0131r ama hayat\u0131n\u0131n geri kalan\u0131n\u0131 bi\u00e7imlendirecek bir bilgi olacakt\u0131r bu. Haru ve \u00e7evresindekilerin hayat\u0131 dostlu\u011fun ba\u015frolde oldu\u011fu uzun sake geceleri, art arda gelen \u00f6l\u00fcmler ve payla\u015f\u0131lan yas, tap\u0131nak bah\u00e7elerinde uzun y\u00fcr\u00fcy\u00fc\u015fler, sanata ve hayata dair sohbetlerle akar. Ak\u00e7aa\u011fa\u00e7, dereden ge\u00e7en tilki, \u00e7ay seremonisi ve kad\u0131nlar\u0131n yolu Haru\u2019nun rehberidir. B\u00fct\u00fcn bunlarsa Japon ruhunun incelikleriyle \u00f6r\u00fclm\u00fc\u015ft\u00fcr.   Kirpinin Zarafeti\u2019nden tan\u0131d\u0131\u011f\u0131m\u0131z Muriel Barbery Tek Bir G\u00fcl\u2019de anlatt\u0131\u011f\u0131 dokunakl\u0131 ve gizemli hik\u00e2yenin \u00e7er\u00e7evesini Esrik Bir An ile tamaml\u0131yor, \u00f6nceki romandaki ki\u015filikleri derinlemesine anlamam\u0131z\u0131 sa\u011fl\u0131yor. <\/p>\n","protected":false},"excerpt":{"rendered":"<p>\u201cMutlu olabilenler \u00f6l\u00fcyor, ya\u015fayanlar mutsuz oluyordu; hayat, dost olarak da baba olarak da ba\u015far\u0131s\u0131z oldu\u011fu bir talihsizlik ve yas batakl\u0131\u011f\u0131na g\u00f6m\u00fcl\u00fcyordu.\u201d Bi\u00e7imlerin g\u00fczelli\u011fine tutkun sanat simsar\u0131<span class=\"excerpt-hellip\"> [\u2026]<\/span><\/p>\n","protected":false},"featured_media":0,"template":"","meta":{"_monsterinsights_skip_tracking":false,"_monsterinsights_sitenote_active":false,"_monsterinsights_sitenote_note":"","_monsterinsights_sitenote_category":0},"product_brand":[],"product_cat":[12291,12711],"product_tag":[],"class_list":{"0":"post-762689","1":"product","2":"type-product","3":"status-publish","5":"product_cat-edebiyat","6":"product_cat-roman-oyku","7":"pa_cilt-ciltsiz","8":"pa_tur-kitap","9":"pa_yayinevi-kirmizi-kedi-yayinevi","10":"pa_yazar-muriel-barbery","12":"first","13":"instock","14":"sale","15":"shipping-taxable","16":"purchasable","17":"product-type-simple"},"_links":{"self":[{"href":"https:\/\/roveyayinevi.com.tr\/index.php\/wp-json\/wp\/v2\/product\/762689","targetHints":{"allow":["GET"]}}],"collection":[{"href":"https:\/\/roveyayinevi.com.tr\/index.php\/wp-json\/wp\/v2\/product"}],"about":[{"href":"https:\/\/roveyayinevi.com.tr\/index.php\/wp-json\/wp\/v2\/types\/product"}],"wp:attachment":[{"href":"https:\/\/roveyayinevi.com.tr\/index.php\/wp-json\/wp\/v2\/media?parent=762689"}],"wp:term":[{"taxonomy":"product_brand","embeddable":true,"href":"https:\/\/roveyayinevi.com.tr\/index.php\/wp-json\/wp\/v2\/product_brand?post=762689"},{"taxonomy":"product_cat","embeddable":true,"href":"https:\/\/roveyayinevi.com.tr\/index.php\/wp-json\/wp\/v2\/product_cat?post=762689"},{"taxonomy":"product_tag","embeddable":true,"href":"https:\/\/roveyayinevi.com.tr\/index.php\/wp-json\/wp\/v2\/product_tag?post=762689"}],"curies":[{"name":"wp","href":"https:\/\/api.w.org\/{rel}","templated":true}]}}