{"id":762674,"date":"2025-08-28T10:17:03","date_gmt":"2025-08-28T07:17:03","guid":{"rendered":"https:\/\/roveyayinevi.com.tr\/index.php\/urun\/hareket-ve-reji-sanati\/"},"modified":"2026-04-15T03:27:43","modified_gmt":"2026-04-15T00:27:43","slug":"hareket-ve-reji-sanati","status":"publish","type":"product","link":"https:\/\/roveyayinevi.com.tr\/index.php\/urun\/hareket-ve-reji-sanati\/","title":{"rendered":"Hareket ve Reji Sanat\u0131"},"content":{"rendered":"<p>T\u00fcrkiye\u2019deki tiyatro uygulamalar\u0131nda g\u00f6r\u00fclen y\u00f6ntem bo\u015flu\u011fu, bu kitapta tarif edilen \u00e7al\u0131\u015fman\u0131n ana \u00e7\u0131k\u0131\u015f noktas\u0131d\u0131r. Rejis\u00f6r\u00fcn oyuncuyla ileti\u015fim bi\u00e7imine yeni bir bak\u0131\u015f a\u00e7\u0131s\u0131 getirmeyi ve oyuncunun hareket potansiyelini geli\u015ftirmeyi ama\u00e7layan \u00e7al\u0131\u015fman\u0131n temelinde, hareket ederek varolma d\u00fc\u015f\u00fcncesi yer al\u0131yor. Oyuncunun hareket olas\u0131l\u0131klar\u0131n\u0131 \u00e7o\u011faltacak bir prova y\u00f6ntemi geli\u015ftirilirken, hareketin odakta oldu\u011fu bir metne yakla\u015f\u0131m ve reji tasar\u0131m\u0131 anlay\u0131\u015f\u0131 da ortaya konuyor. \u00c7al\u0131\u015fman\u0131n ilk esin kayna\u011f\u0131, Heidegger\u2019in \u201cvarl\u0131k ve zaman\u201d felsefesi. Bu felsefenin verileri; fizikte, mimarl\u0131kta ve en nihayetinde tiyatroda hareket konusunu ara\u015ft\u0131rmay\u0131 gerekli k\u0131ld\u0131. B\u00f6ylelikle, ama\u00e7lanan reji y\u00f6ntemi i\u00e7in ipu\u00e7lar\u0131 elde edildi. Y\u00f6ntem ana hatlar\u0131yla olu\u015fturulduktan sonra, s\u0131nanmak amac\u0131yla uygulama a\u015famas\u0131na ge\u00e7ildi. Polonyal\u0131 yazar Slawomir Mrozek\u2019in E\u011flence adl\u0131 oyunu sahnelendi, provalar s\u0131ras\u0131ndaki geli\u015fmeler \u0131\u015f\u0131\u011f\u0131nda, reji y\u00f6ntemi son halini al\u0131yor. <\/p>\n","protected":false},"excerpt":{"rendered":"<p>T\u00fcrkiye\u2019deki tiyatro uygulamalar\u0131nda g\u00f6r\u00fclen y\u00f6ntem bo\u015flu\u011fu, bu kitapta tarif edilen \u00e7al\u0131\u015fman\u0131n ana \u00e7\u0131k\u0131\u015f noktas\u0131d\u0131r. Rejis\u00f6r\u00fcn oyuncuyla ileti\u015fim bi\u00e7imine yeni bir bak\u0131\u015f a\u00e7\u0131s\u0131 getirmeyi ve oyuncunun hareket<span class=\"excerpt-hellip\"> [\u2026]<\/span><\/p>\n","protected":false},"featured_media":0,"template":"","meta":{"_monsterinsights_skip_tracking":false,"_monsterinsights_sitenote_active":false,"_monsterinsights_sitenote_note":"","_monsterinsights_sitenote_category":0},"product_brand":[],"product_cat":[12409,12408],"product_tag":[],"class_list":{"0":"post-762674","1":"product","2":"type-product","3":"status-publish","5":"product_cat-fotograf-sinema-tiyatro","6":"product_cat-sanat","7":"pa_cilt-ciltsiz","8":"pa_tur-kitap","9":"pa_yayinevi-ankara-universitesi-yayinevi","10":"pa_yazar-servet-aybar","12":"first","13":"instock","14":"sale","15":"shipping-taxable","16":"purchasable","17":"product-type-simple"},"_links":{"self":[{"href":"https:\/\/roveyayinevi.com.tr\/index.php\/wp-json\/wp\/v2\/product\/762674","targetHints":{"allow":["GET"]}}],"collection":[{"href":"https:\/\/roveyayinevi.com.tr\/index.php\/wp-json\/wp\/v2\/product"}],"about":[{"href":"https:\/\/roveyayinevi.com.tr\/index.php\/wp-json\/wp\/v2\/types\/product"}],"wp:attachment":[{"href":"https:\/\/roveyayinevi.com.tr\/index.php\/wp-json\/wp\/v2\/media?parent=762674"}],"wp:term":[{"taxonomy":"product_brand","embeddable":true,"href":"https:\/\/roveyayinevi.com.tr\/index.php\/wp-json\/wp\/v2\/product_brand?post=762674"},{"taxonomy":"product_cat","embeddable":true,"href":"https:\/\/roveyayinevi.com.tr\/index.php\/wp-json\/wp\/v2\/product_cat?post=762674"},{"taxonomy":"product_tag","embeddable":true,"href":"https:\/\/roveyayinevi.com.tr\/index.php\/wp-json\/wp\/v2\/product_tag?post=762674"}],"curies":[{"name":"wp","href":"https:\/\/api.w.org\/{rel}","templated":true}]}}