{"id":762665,"date":"2025-08-28T10:16:48","date_gmt":"2025-08-28T07:16:48","guid":{"rendered":"https:\/\/roveyayinevi.com.tr\/index.php\/urun\/minik-diyetisyenler-is-basinda-5-dedektifler\/"},"modified":"2026-04-15T03:27:43","modified_gmt":"2026-04-15T00:27:43","slug":"minik-diyetisyenler-is-basinda-5-dedektifler","status":"publish","type":"product","link":"https:\/\/roveyayinevi.com.tr\/index.php\/urun\/minik-diyetisyenler-is-basinda-5-dedektifler\/","title":{"rendered":"Minik Diyetisyenler \u0130\u015f Ba\u015f\u0131nda 5 : Dedektifler"},"content":{"rendered":"<p>Minik Diyetisyenler, Fen Bilgisi dersinde besinlerin i\u00e7indekileri ve g\u00f6revlerini \u00f6\u011freniyor. Peki ya paketli g\u0131dalar? Ege, Maya ve Deniz\u2019in en \u00e7ok merak ettikleri \u015fey bu. Ellerinde b\u00fcy\u00fcte\u00e7lerle markete giden \u00fc\u00e7 afacan, dedektif gibi paketleri incelemeye ba\u015fl\u0131yorlar.   Acaba g\u0131da paketlerinin \u00fczerindeki i\u015faretler ne anlama geliyor? B\u00fct\u00fcn paketli g\u0131dalar zararl\u0131 m\u0131d\u0131r? G\u0131da etiketleri nas\u0131l okunur? Bu kitap, 4. s\u0131n\u0131f Fen Bilgisi dersi, Besinlerimiz \u00dcnitesi kazan\u0131mlar\u0131 ile uyumludur. <\/p>\n","protected":false},"excerpt":{"rendered":"<p>Minik Diyetisyenler, Fen Bilgisi dersinde besinlerin i\u00e7indekileri ve g\u00f6revlerini \u00f6\u011freniyor. Peki ya paketli g\u0131dalar? Ege, Maya ve Deniz\u2019in en \u00e7ok merak ettikleri \u015fey bu. Ellerinde b\u00fcy\u00fcte\u00e7lerle<span class=\"excerpt-hellip\"> [\u2026]<\/span><\/p>\n","protected":false},"featured_media":0,"template":"","meta":{"_monsterinsights_skip_tracking":false,"_monsterinsights_sitenote_active":false,"_monsterinsights_sitenote_note":"","_monsterinsights_sitenote_category":0},"product_brand":[],"product_cat":[12274,15842],"product_tag":[],"class_list":{"0":"post-762665","1":"product","2":"type-product","3":"status-publish","5":"product_cat-cocuk-ve-genclik-kitaplari","6":"product_cat-egitici-kitaplar","7":"pa_cilt-ciltsiz","8":"pa_tur-kitap","9":"pa_yayinevi-turkuvaz-kitap","10":"pa_yazar-gunes-aksus","12":"first","13":"instock","14":"sale","15":"shipping-taxable","16":"purchasable","17":"product-type-simple"},"_links":{"self":[{"href":"https:\/\/roveyayinevi.com.tr\/index.php\/wp-json\/wp\/v2\/product\/762665","targetHints":{"allow":["GET"]}}],"collection":[{"href":"https:\/\/roveyayinevi.com.tr\/index.php\/wp-json\/wp\/v2\/product"}],"about":[{"href":"https:\/\/roveyayinevi.com.tr\/index.php\/wp-json\/wp\/v2\/types\/product"}],"wp:attachment":[{"href":"https:\/\/roveyayinevi.com.tr\/index.php\/wp-json\/wp\/v2\/media?parent=762665"}],"wp:term":[{"taxonomy":"product_brand","embeddable":true,"href":"https:\/\/roveyayinevi.com.tr\/index.php\/wp-json\/wp\/v2\/product_brand?post=762665"},{"taxonomy":"product_cat","embeddable":true,"href":"https:\/\/roveyayinevi.com.tr\/index.php\/wp-json\/wp\/v2\/product_cat?post=762665"},{"taxonomy":"product_tag","embeddable":true,"href":"https:\/\/roveyayinevi.com.tr\/index.php\/wp-json\/wp\/v2\/product_tag?post=762665"}],"curies":[{"name":"wp","href":"https:\/\/api.w.org\/{rel}","templated":true}]}}