{"id":762664,"date":"2025-08-28T10:16:47","date_gmt":"2025-08-28T07:16:47","guid":{"rendered":"https:\/\/roveyayinevi.com.tr\/index.php\/urun\/bombardiman-ucaklari-ve-tanklar-arasinda-gazze\/"},"modified":"2026-04-15T03:27:43","modified_gmt":"2026-04-15T00:27:43","slug":"bombardiman-ucaklari-ve-tanklar-arasinda-gazze","status":"publish","type":"product","link":"https:\/\/roveyayinevi.com.tr\/index.php\/urun\/bombardiman-ucaklari-ve-tanklar-arasinda-gazze\/","title":{"rendered":"Bombard\u0131man U\u00e7aklar\u0131 ve Tanklar Aras\u0131nda Gazze"},"content":{"rendered":"<p>Temmuz 2014 ba\u015f\u0131nda ba\u015flat\u0131lan Koruyucu Hat Operasyonu, \u0130srail\u2019in Gazze \u015eeridi\u2019ne y\u00f6nelik son alt\u0131 y\u0131ldaki \u00fc\u00e7\u00fcnc\u00fc b\u00fcy\u00fck sald\u0131r\u0131yd\u0131. Ayn\u0131 zamanda da en \u00f6l\u00fcmc\u00fcl olan\u0131. \u00c7at\u0131\u015fmalar\u0131n son ermesinden yakla\u015f\u0131k yedi hafta sonra Gazze\u2019de ya\u015fayanlardan 2.200\u2019\u00fc \u00f6ld\u00fcr\u00fclm\u00fc\u015f, 10.000\u2019den fazlas\u0131 da yaralanm\u0131\u015ft\u0131. Bu sayfalarda, o g\u00fcnlerin deh\u015fetini e\u015fi ve \u00fc\u00e7 ayl\u0131k o\u011fluyla birlikte ya\u015fayan  Gazze sakini gazeteci Mohammed Omer, \u0130srail\u2019in sald\u0131r\u0131s\u0131 s\u0131ras\u0131nda sahadaki ya\u015fam\u0131 ilk elden anlat\u0131yor. Bu ola\u011fan\u00fcst\u00fc g\u00fcnl\u00fckte kaydetti\u011fi kareler, Goya\u2019n\u0131n  \u201cSava\u015f\u0131n Felaketleri\u201d tablosunun edebi bir e\u015fde\u011feri adeta: Sebze buzdolaplar\u0131na doldurulmu\u015f \u00e7ocuk cesetleri; \u0130srail ordusundan gelen bir telefonla binan\u0131n \u00fc\u00e7 dakika i\u00e7inde bir f\u00fczeyle yerle bir edilece\u011fi haberini alan bir ailenin evlerinden d\u0131\u015far\u0131 f\u0131rlamas\u0131; \u0130srail askerlerine hareket eden her \u015feyi vurmalar\u0131 talimat\u0131 verilerek makineli t\u00fcfekle taranan e\u015fekler; yas tutanlar\u0131n yak\u0131nlar\u0131n\u0131n nereye g\u00f6m\u00fcld\u00fc\u011f\u00fcn\u00fc art\u0131k bilememeleri i\u00e7in top mermileriyle hedef al\u0131nan mezarl\u0131klar; limanda alev alev yanan bal\u0131k\u00e7\u0131 tekneleri. Bu katliam boyunca Omer, profesyonel bir gazetecinin so\u011fukkanl\u0131\u011f\u0131n\u0131 koruyor, \u00f6n\u00fcnde olup bitenlerin tam bir kayd\u0131n\u0131 tutmaya kararl\u0131. Ancak sat\u0131r aralar\u0131nda \u00f6fke kayn\u0131yor ve Bat\u0131\u2019da demokratik ve medeni olarak \u00f6v\u00fclen \u0130srail gibi bir toplumun nas\u0131l olup da kapana k\u0131s\u0131lm\u0131\u015f ve \u00e7aresiz bir halka b\u00f6ylesi canavarl\u0131klar\u0131 reva g\u00f6rebildi\u011fini merak etmek zorunda kal\u0131yoruz. <\/p>\n","protected":false},"excerpt":{"rendered":"<p>Temmuz 2014 ba\u015f\u0131nda ba\u015flat\u0131lan Koruyucu Hat Operasyonu, \u0130srail\u2019in Gazze \u015eeridi\u2019ne y\u00f6nelik son alt\u0131 y\u0131ldaki \u00fc\u00e7\u00fcnc\u00fc b\u00fcy\u00fck sald\u0131r\u0131yd\u0131. Ayn\u0131 zamanda da en \u00f6l\u00fcmc\u00fcl olan\u0131. \u00c7at\u0131\u015fmalar\u0131n son ermesinden<span class=\"excerpt-hellip\"> [\u2026]<\/span><\/p>\n","protected":false},"featured_media":0,"template":"","meta":{"_monsterinsights_skip_tracking":false,"_monsterinsights_sitenote_active":false,"_monsterinsights_sitenote_note":"","_monsterinsights_sitenote_category":0},"product_brand":[],"product_cat":[31194,12337],"product_tag":[],"class_list":{"0":"post-762664","1":"product","2":"type-product","3":"status-publish","5":"product_cat-guncel-siyaset","6":"product_cat-politika-siyaset","7":"pa_cilt-ciltsiz","8":"pa_tur-kitap","9":"pa_yayinevi-turkuvaz-kitap","10":"pa_yazar-mohammad-omer","12":"first","13":"instock","14":"sale","15":"shipping-taxable","16":"purchasable","17":"product-type-simple"},"_links":{"self":[{"href":"https:\/\/roveyayinevi.com.tr\/index.php\/wp-json\/wp\/v2\/product\/762664","targetHints":{"allow":["GET"]}}],"collection":[{"href":"https:\/\/roveyayinevi.com.tr\/index.php\/wp-json\/wp\/v2\/product"}],"about":[{"href":"https:\/\/roveyayinevi.com.tr\/index.php\/wp-json\/wp\/v2\/types\/product"}],"wp:attachment":[{"href":"https:\/\/roveyayinevi.com.tr\/index.php\/wp-json\/wp\/v2\/media?parent=762664"}],"wp:term":[{"taxonomy":"product_brand","embeddable":true,"href":"https:\/\/roveyayinevi.com.tr\/index.php\/wp-json\/wp\/v2\/product_brand?post=762664"},{"taxonomy":"product_cat","embeddable":true,"href":"https:\/\/roveyayinevi.com.tr\/index.php\/wp-json\/wp\/v2\/product_cat?post=762664"},{"taxonomy":"product_tag","embeddable":true,"href":"https:\/\/roveyayinevi.com.tr\/index.php\/wp-json\/wp\/v2\/product_tag?post=762664"}],"curies":[{"name":"wp","href":"https:\/\/api.w.org\/{rel}","templated":true}]}}