{"id":762644,"date":"2025-08-28T10:16:11","date_gmt":"2025-08-28T07:16:11","guid":{"rendered":"https:\/\/roveyayinevi.com.tr\/index.php\/urun\/gizli-deniz\/"},"modified":"2026-04-15T03:27:42","modified_gmt":"2026-04-15T00:27:42","slug":"gizli-deniz","status":"publish","type":"product","link":"https:\/\/roveyayinevi.com.tr\/index.php\/urun\/gizli-deniz\/","title":{"rendered":"Gizli Deniz"},"content":{"rendered":"<p>\u201cDut a\u011fac\u0131 senden \u00f6z\u00fcr diliyor\u201d ne garip bir \u201cGe\u00e7mi\u015f olsun\u201d demekti.   A\u011fa\u00e7lar ya\u015fad\u0131\u011f\u0131m\u0131z ac\u0131ya ortak olup teselli etti\u011fi gibi sevincimizi de en yara\u015f\u0131r co\u015fkuyla payla\u015f\u0131r bizimle. Fakat biz duymay\u0131z bunu. \u00c7\u00fcnk\u00fc duymak i\u00e7in sadece dinlemek gerekir. Herkesin bir bah\u00e7esi ve bah\u00e7esinde a\u011fa\u00e7lar\u0131 vard\u0131r. Anneniz bir a\u011fa\u00e7 olsa hangi a\u011fa\u00e7 olurdu? Ya da baban\u0131z hangi meyveleri sunard\u0131 size? G\u00f6lge sava\u015f\u0131 yapan, dallar\u0131 birbirine dolanm\u0131\u015f iki k\u00fc\u00e7\u00fck a\u011fa\u00e7 karde\u015finiz ve sizden ba\u015fkas\u0131 de\u011fildir belki.   Bura olmayan yere gitmek i\u00e7in yapt\u0131\u011f\u0131 yolculukta Duru\u2019ya e\u015flik ederseniz, bulmacalarla dolu t\u00fcm a\u015famalar bitti\u011finde yapman\u0131z gereken tek \u015fey Ger\u00e7ek G\u00fcne\u015f do\u011fana kadar beklemek olacak. <\/p>\n","protected":false},"excerpt":{"rendered":"<p>\u201cDut a\u011fac\u0131 senden \u00f6z\u00fcr diliyor\u201d ne garip bir \u201cGe\u00e7mi\u015f olsun\u201d demekti. A\u011fa\u00e7lar ya\u015fad\u0131\u011f\u0131m\u0131z ac\u0131ya ortak olup teselli etti\u011fi gibi sevincimizi de en yara\u015f\u0131r co\u015fkuyla payla\u015f\u0131r bizimle.<span class=\"excerpt-hellip\"> [\u2026]<\/span><\/p>\n","protected":false},"featured_media":0,"template":"","meta":{"_monsterinsights_skip_tracking":false,"_monsterinsights_sitenote_active":false,"_monsterinsights_sitenote_note":"","_monsterinsights_sitenote_category":0},"product_brand":[],"product_cat":[12291,12711],"product_tag":[],"class_list":{"0":"post-762644","1":"product","2":"type-product","3":"status-publish","5":"product_cat-edebiyat","6":"product_cat-roman-oyku","7":"pa_cilt-ciltsiz","8":"pa_tur-kitap","9":"pa_yayinevi-sinirsiz-kitap","10":"pa_yazar-deniz-firat-aksoy","12":"first","13":"instock","14":"sale","15":"shipping-taxable","16":"purchasable","17":"product-type-simple"},"_links":{"self":[{"href":"https:\/\/roveyayinevi.com.tr\/index.php\/wp-json\/wp\/v2\/product\/762644","targetHints":{"allow":["GET"]}}],"collection":[{"href":"https:\/\/roveyayinevi.com.tr\/index.php\/wp-json\/wp\/v2\/product"}],"about":[{"href":"https:\/\/roveyayinevi.com.tr\/index.php\/wp-json\/wp\/v2\/types\/product"}],"wp:attachment":[{"href":"https:\/\/roveyayinevi.com.tr\/index.php\/wp-json\/wp\/v2\/media?parent=762644"}],"wp:term":[{"taxonomy":"product_brand","embeddable":true,"href":"https:\/\/roveyayinevi.com.tr\/index.php\/wp-json\/wp\/v2\/product_brand?post=762644"},{"taxonomy":"product_cat","embeddable":true,"href":"https:\/\/roveyayinevi.com.tr\/index.php\/wp-json\/wp\/v2\/product_cat?post=762644"},{"taxonomy":"product_tag","embeddable":true,"href":"https:\/\/roveyayinevi.com.tr\/index.php\/wp-json\/wp\/v2\/product_tag?post=762644"}],"curies":[{"name":"wp","href":"https:\/\/api.w.org\/{rel}","templated":true}]}}