{"id":762625,"date":"2025-08-28T10:15:29","date_gmt":"2025-08-28T07:15:29","guid":{"rendered":"https:\/\/roveyayinevi.com.tr\/index.php\/urun\/devler-gecidi\/"},"modified":"2026-04-15T03:27:42","modified_gmt":"2026-04-15T00:27:42","slug":"devler-gecidi","status":"publish","type":"product","link":"https:\/\/roveyayinevi.com.tr\/index.php\/urun\/devler-gecidi\/","title":{"rendered":"Devler Ge\u00e7idi"},"content":{"rendered":"<p>Turist rehberi olan Paiva K\u00f6ksoy, arkada\u015flar\u0131yla \u00e7\u0131kt\u0131\u011f\u0131 bir gezide olmamas\u0131 gereken bir yer alt\u0131 ma\u011faras\u0131na giri\u015f bulur ve merak onu ele ge\u00e7irir. Ma\u011faran\u0131n derinliklerine gittik\u00e7e duydu\u011fu sesler ilerlemesini sa\u011flar.&#8221;\u0130mdat! Bu bir yard\u0131m \u00e7a\u011fr\u0131s\u0131d\u0131r. Ailem ve arkada\u015flar\u0131m \u00f6ld\u00fc. \u0130mdat! Buradan \u00e7\u0131kam\u0131yorum. Sesimi duyuyorsan\u0131z l\u00fctfen yard\u0131m edin!&#8221;Ancak diplere ilerledik\u00e7e, bir insana ait olamayacak kadar b\u00fcy\u00fck ayak izlerine rastlar.\u0130blislerin gardiyanl\u0131k yapt\u0131\u011f\u0131 ma\u011faralarda hapsedilen di\u011fer g\u00fc\u00e7ler Paiva&#8217;y\u0131 meraka d\u00fc\u015f\u00fcr\u00fcr. Hayat\u0131n\u0131n en b\u00fcy\u00fck maceras\u0131na at\u0131l\u0131rken kendisiyle ilgili b\u00fcy\u00fck bir gizemi \u00e7\u00f6zecektir.Ondan yard\u0131m isteyen ve ona yard\u0131m edecek tek ki\u015fi vard\u0131r: Ludvig Mikell McCool! Bir dev ve bir avc\u0131!<\/p>\n","protected":false},"excerpt":{"rendered":"<p>Turist rehberi olan Paiva K\u00f6ksoy, arkada\u015flar\u0131yla \u00e7\u0131kt\u0131\u011f\u0131 bir gezide olmamas\u0131 gereken bir yer alt\u0131 ma\u011faras\u0131na giri\u015f bulur ve merak onu ele ge\u00e7irir. Ma\u011faran\u0131n derinliklerine gittik\u00e7e duydu\u011fu<span class=\"excerpt-hellip\"> [\u2026]<\/span><\/p>\n","protected":false},"featured_media":0,"template":"","meta":{"_monsterinsights_skip_tracking":false,"_monsterinsights_sitenote_active":false,"_monsterinsights_sitenote_note":"","_monsterinsights_sitenote_category":0},"product_brand":[],"product_cat":[12291,14777],"product_tag":[],"class_list":{"0":"post-762625","1":"product","2":"type-product","3":"status-publish","5":"product_cat-edebiyat","6":"product_cat-fantastik","7":"pa_cilt-ciltsiz","8":"pa_tur-kitap","9":"pa_yayinevi-lolla-yayinlari","10":"pa_yazar-ozge-ozdemir","12":"first","13":"instock","14":"sale","15":"shipping-taxable","16":"purchasable","17":"product-type-simple"},"_links":{"self":[{"href":"https:\/\/roveyayinevi.com.tr\/index.php\/wp-json\/wp\/v2\/product\/762625","targetHints":{"allow":["GET"]}}],"collection":[{"href":"https:\/\/roveyayinevi.com.tr\/index.php\/wp-json\/wp\/v2\/product"}],"about":[{"href":"https:\/\/roveyayinevi.com.tr\/index.php\/wp-json\/wp\/v2\/types\/product"}],"wp:attachment":[{"href":"https:\/\/roveyayinevi.com.tr\/index.php\/wp-json\/wp\/v2\/media?parent=762625"}],"wp:term":[{"taxonomy":"product_brand","embeddable":true,"href":"https:\/\/roveyayinevi.com.tr\/index.php\/wp-json\/wp\/v2\/product_brand?post=762625"},{"taxonomy":"product_cat","embeddable":true,"href":"https:\/\/roveyayinevi.com.tr\/index.php\/wp-json\/wp\/v2\/product_cat?post=762625"},{"taxonomy":"product_tag","embeddable":true,"href":"https:\/\/roveyayinevi.com.tr\/index.php\/wp-json\/wp\/v2\/product_tag?post=762625"}],"curies":[{"name":"wp","href":"https:\/\/api.w.org\/{rel}","templated":true}]}}