{"id":762617,"date":"2025-08-28T10:15:16","date_gmt":"2025-08-28T07:15:16","guid":{"rendered":"https:\/\/roveyayinevi.com.tr\/index.php\/urun\/asyanin-kurdu-cici-han\/"},"modified":"2026-04-15T03:27:41","modified_gmt":"2026-04-15T00:27:41","slug":"asyanin-kurdu-cici-han","status":"publish","type":"product","link":"https:\/\/roveyayinevi.com.tr\/index.php\/urun\/asyanin-kurdu-cici-han\/","title":{"rendered":"Asya\u2019n\u0131n Kurdu \u00c7i\u00e7i Han"},"content":{"rendered":"<p>\u00c7i\u00e7i, arkas\u0131ndaki se\u00e7kin birliklerin ba\u015f\u0131nda ordug\u00e2htan ayr\u0131ld\u0131. \u00c7erilerine s\u00fcrek av\u0131, yani sava\u015f usul\u00fc e\u011fitimini yapt\u0131rmak \u00fczere hareket etti. En \u00f6nde yak\u0131n korumalar\u0131 ile at s\u00fcr\u00fcyordu. \u0130\u00e7lerinden Dumrul, g\u00f6revini yerine getirmenin rahatl\u0131\u011f\u0131 ile hareket ediyordu. Fakat Samsa\u2019n\u0131n g\u00f6z\u00fc \u00fczerindeydi. Her hareketini izliyordu. \u201cBir yanl\u0131\u015f yapsa da \u015funun kellesini alsam,\u201d diye d\u00fc\u015f\u00fcn\u00fcyordu. Ogur s\u0131n\u0131r\u0131na do\u011fru at s\u00fcrd\u00fcler. Sonra aniden \u00c7i\u00e7i\u2019nin emri ile Hangay\u2019a y\u00f6neldiler. Dumrul \u00f6nce bunun yap\u0131lan plan gere\u011fi oldu\u011funu d\u00fc\u015f\u00fcnd\u00fc. Fakat ilerledik\u00e7e sa\u011fdan, soldan gelen birlikler durmadan kendilerine kat\u0131l\u0131yordu. Akb\u00f6r\u00fc\u2019n\u00fcn birlikleri, K\u0131l\u0131\u00e7 Bey\u2019in birlikleri, Emir Bey\u2019in se\u00e7me alpleri. Emir Bozan\u2019\u0131n b\u00f6r\u00fcleri ve pek \u00e7ok bey, neferleri ile \u00c7i\u00e7i\u2019ye kat\u0131ld\u0131lar. Dumrul d\u00fc\u015f\u00fcnd\u00fc. Kendine s\u00f6ylenen hi\u00e7 de b\u00f6yle de\u011fildi. \u0130\u015fin i\u00e7inde i\u015f vard\u0131. Sefer kesinlikle Ogurlar \u00fczerine de\u011fildi. Anlam\u0131\u015ft\u0131 ki bu sefer Huhanyeh \u00fczerine. Ne yap\u0131p edip Han\u2019a haber iletmeliydi. Kendisi de dikkatli olmal\u0131yd\u0131. Huhanyeh\u2019in adam\u0131 oldu\u011fu anla\u015f\u0131lm\u0131\u015f olabilirdi. \u015eimdilik dikkatleri \u00fczerine \u00e7ekmemeli, ilk f\u0131rsatta ka\u00e7\u0131p Han\u2019\u0131 uyarmal\u0131yd\u0131.<\/p>\n","protected":false},"excerpt":{"rendered":"<p>\u00c7i\u00e7i, arkas\u0131ndaki se\u00e7kin birliklerin ba\u015f\u0131nda ordug\u00e2htan ayr\u0131ld\u0131. \u00c7erilerine s\u00fcrek av\u0131, yani sava\u015f usul\u00fc e\u011fitimini yapt\u0131rmak \u00fczere hareket etti. En \u00f6nde yak\u0131n korumalar\u0131 ile at s\u00fcr\u00fcyordu. \u0130\u00e7lerinden<span class=\"excerpt-hellip\"> [\u2026]<\/span><\/p>\n","protected":false},"featured_media":0,"template":"","meta":{"_monsterinsights_skip_tracking":false,"_monsterinsights_sitenote_active":false,"_monsterinsights_sitenote_note":"","_monsterinsights_sitenote_category":0},"product_brand":[],"product_cat":[12291,12745],"product_tag":[],"class_list":{"0":"post-762617","1":"product","2":"type-product","3":"status-publish","5":"product_cat-edebiyat","6":"product_cat-tarihi-roman","7":"pa_cilt-ciltsiz","8":"pa_tur-kitap","9":"pa_yayinevi-panama-yayincilik","10":"pa_yazar-ahmet-erdal","12":"first","13":"instock","14":"sale","15":"shipping-taxable","16":"purchasable","17":"product-type-simple"},"_links":{"self":[{"href":"https:\/\/roveyayinevi.com.tr\/index.php\/wp-json\/wp\/v2\/product\/762617","targetHints":{"allow":["GET"]}}],"collection":[{"href":"https:\/\/roveyayinevi.com.tr\/index.php\/wp-json\/wp\/v2\/product"}],"about":[{"href":"https:\/\/roveyayinevi.com.tr\/index.php\/wp-json\/wp\/v2\/types\/product"}],"wp:attachment":[{"href":"https:\/\/roveyayinevi.com.tr\/index.php\/wp-json\/wp\/v2\/media?parent=762617"}],"wp:term":[{"taxonomy":"product_brand","embeddable":true,"href":"https:\/\/roveyayinevi.com.tr\/index.php\/wp-json\/wp\/v2\/product_brand?post=762617"},{"taxonomy":"product_cat","embeddable":true,"href":"https:\/\/roveyayinevi.com.tr\/index.php\/wp-json\/wp\/v2\/product_cat?post=762617"},{"taxonomy":"product_tag","embeddable":true,"href":"https:\/\/roveyayinevi.com.tr\/index.php\/wp-json\/wp\/v2\/product_tag?post=762617"}],"curies":[{"name":"wp","href":"https:\/\/api.w.org\/{rel}","templated":true}]}}