{"id":762606,"date":"2025-08-28T10:14:54","date_gmt":"2025-08-28T07:14:54","guid":{"rendered":"https:\/\/roveyayinevi.com.tr\/index.php\/urun\/bir-burada-bir-orada\/"},"modified":"2026-04-15T03:27:41","modified_gmt":"2026-04-15T00:27:41","slug":"bir-burada-bir-orada","status":"publish","type":"product","link":"https:\/\/roveyayinevi.com.tr\/index.php\/urun\/bir-burada-bir-orada\/","title":{"rendered":"Bir Burada, Bir Orada!"},"content":{"rendered":"<p>K\u00fct\u00fcphanelerimizdeki kitaplar nereden geliyor, hi\u00e7 merak ettiniz mi? Koliler dolusu kitab\u0131n matbaada ba\u015flay\u0131p evlerimizdeki, okullar\u0131m\u0131zdaki raflarda tamamlanan yolcu\u011funu gelin hep birlikte ke\u015ffedelim!   Margo Linn Bir Burada, Bir Orada! adl\u0131 kitab\u0131nda y\u00fcklerin gemilerle nas\u0131l ta\u015f\u0131nd\u0131\u011f\u0131n\u0131 anlat\u0131rken kar\u015f\u0131t kavramlar\u0131 da merakl\u0131 okurlara tan\u0131t\u0131yor. <\/p>\n","protected":false},"excerpt":{"rendered":"<p>K\u00fct\u00fcphanelerimizdeki kitaplar nereden geliyor, hi\u00e7 merak ettiniz mi? Koliler dolusu kitab\u0131n matbaada ba\u015flay\u0131p evlerimizdeki, okullar\u0131m\u0131zdaki raflarda tamamlanan yolcu\u011funu gelin hep birlikte ke\u015ffedelim! Margo Linn Bir Burada,<span class=\"excerpt-hellip\"> [\u2026]<\/span><\/p>\n","protected":false},"featured_media":0,"template":"","meta":{"_monsterinsights_skip_tracking":false,"_monsterinsights_sitenote_active":false,"_monsterinsights_sitenote_note":"","_monsterinsights_sitenote_category":0},"product_brand":[],"product_cat":[12274,12518],"product_tag":[],"class_list":{"0":"post-762606","1":"product","2":"type-product","3":"status-publish","5":"product_cat-cocuk-ve-genclik-kitaplari","6":"product_cat-okul-oncesi-kitaplar","7":"pa_cilt-ciltsiz","8":"pa_tur-kitap","9":"pa_yayinevi-yapi-kredi-yayinlari","10":"pa_yazar-margo-linn","12":"first","13":"instock","14":"sale","15":"shipping-taxable","16":"purchasable","17":"product-type-simple"},"_links":{"self":[{"href":"https:\/\/roveyayinevi.com.tr\/index.php\/wp-json\/wp\/v2\/product\/762606","targetHints":{"allow":["GET"]}}],"collection":[{"href":"https:\/\/roveyayinevi.com.tr\/index.php\/wp-json\/wp\/v2\/product"}],"about":[{"href":"https:\/\/roveyayinevi.com.tr\/index.php\/wp-json\/wp\/v2\/types\/product"}],"wp:attachment":[{"href":"https:\/\/roveyayinevi.com.tr\/index.php\/wp-json\/wp\/v2\/media?parent=762606"}],"wp:term":[{"taxonomy":"product_brand","embeddable":true,"href":"https:\/\/roveyayinevi.com.tr\/index.php\/wp-json\/wp\/v2\/product_brand?post=762606"},{"taxonomy":"product_cat","embeddable":true,"href":"https:\/\/roveyayinevi.com.tr\/index.php\/wp-json\/wp\/v2\/product_cat?post=762606"},{"taxonomy":"product_tag","embeddable":true,"href":"https:\/\/roveyayinevi.com.tr\/index.php\/wp-json\/wp\/v2\/product_tag?post=762606"}],"curies":[{"name":"wp","href":"https:\/\/api.w.org\/{rel}","templated":true}]}}