{"id":762597,"date":"2025-08-28T10:14:36","date_gmt":"2025-08-28T07:14:36","guid":{"rendered":"https:\/\/roveyayinevi.com.tr\/index.php\/urun\/ferdi-ve-surekasi-3\/"},"modified":"2026-04-15T03:27:41","modified_gmt":"2026-04-15T00:27:41","slug":"ferdi-ve-surekasi-3","status":"publish","type":"product","link":"https:\/\/roveyayinevi.com.tr\/index.php\/urun\/ferdi-ve-surekasi-3\/","title":{"rendered":"Ferdi ve \u015e\u00fcrekas\u0131"},"content":{"rendered":"<p>Ferdi ve Ortaklar\u0131 Ticaretevi\u2019nin sahibi Ferdi Efendi, d\u00fcnyadaki her \u015feyin para oldu\u011funa inanm\u0131\u015f bir adamd\u0131r. Bu y\u00fczden k\u0131z\u0131n\u0131 evlendirirken bile baba duyarl\u0131l\u0131\u011f\u0131yla de\u011fil t\u00fcccar kafas\u0131yla d\u00fc\u015f\u00fcn\u00fcr, karar verir ve k\u0131z\u0131na bir koca sat\u0131n al\u0131r. Fakat \u00f6n\u00fc arkas\u0131 g\u00f6zetilemeden giri\u015filen bu \u201ci\u015f\u201d, bir ticari ortakl\u0131k ve \u201csat\u0131n al\u0131nan koca\u201d hissiz bir adam olmad\u0131\u011f\u0131 i\u00e7in olaylar bir facia ile noktalan\u0131r\u2026Daha sonra Mehmet Rauf\u2019un \u00fc\u00e7 piyes h\u00e2linde Mehasin dergisinde yay\u0131mlad\u0131\u011f\u0131 Ferdi ve \u015e\u00fcrek\u00e2s\u0131, Halid Ziya\u2019n\u0131n \u0130zmir\u2019de kaleme ald\u0131\u011f\u0131 son romand\u0131r. Halid Ziya\u2019n\u0131n zaman ve mek\u00e2n tasvirleriyle zenginle\u015fen eser, toplumdaki ekonomik farkl\u0131l\u0131klar\u0131n yol a\u00e7t\u0131\u011f\u0131 \u00e7arp\u0131kl\u0131klar\u0131, zenginli\u011fin insan d\u00fc\u015f\u00fcncesi \u00fczerindeki etkisini ve d\u00f6nemin ticari hayat\u0131n\u0131 g\u00f6zler \u00f6n\u00fcne sermektedir.\u201cD\u00fcnyada parayla sat\u0131n al\u0131namayacak bir \u015fey varsa o da kalpti\u2026\u201d<\/p>\n","protected":false},"excerpt":{"rendered":"<p>Ferdi ve Ortaklar\u0131 Ticaretevi\u2019nin sahibi Ferdi Efendi, d\u00fcnyadaki her \u015feyin para oldu\u011funa inanm\u0131\u015f bir adamd\u0131r. Bu y\u00fczden k\u0131z\u0131n\u0131 evlendirirken bile baba duyarl\u0131l\u0131\u011f\u0131yla de\u011fil t\u00fcccar kafas\u0131yla d\u00fc\u015f\u00fcn\u00fcr,<span class=\"excerpt-hellip\"> [\u2026]<\/span><\/p>\n","protected":false},"featured_media":0,"template":"","meta":{"_monsterinsights_skip_tracking":false,"_monsterinsights_sitenote_active":false,"_monsterinsights_sitenote_note":"","_monsterinsights_sitenote_category":0},"product_brand":[],"product_cat":[12291,12711],"product_tag":[],"class_list":{"0":"post-762597","1":"product","2":"type-product","3":"status-publish","5":"product_cat-edebiyat","6":"product_cat-roman-oyku","7":"pa_cilt-ciltsiz","8":"pa_tur-kitap","9":"pa_yayinevi-tema-yayinlari","10":"pa_yazar-halid-ziya-usakligil","12":"first","13":"instock","14":"sale","15":"shipping-taxable","16":"purchasable","17":"product-type-simple"},"_links":{"self":[{"href":"https:\/\/roveyayinevi.com.tr\/index.php\/wp-json\/wp\/v2\/product\/762597","targetHints":{"allow":["GET"]}}],"collection":[{"href":"https:\/\/roveyayinevi.com.tr\/index.php\/wp-json\/wp\/v2\/product"}],"about":[{"href":"https:\/\/roveyayinevi.com.tr\/index.php\/wp-json\/wp\/v2\/types\/product"}],"wp:attachment":[{"href":"https:\/\/roveyayinevi.com.tr\/index.php\/wp-json\/wp\/v2\/media?parent=762597"}],"wp:term":[{"taxonomy":"product_brand","embeddable":true,"href":"https:\/\/roveyayinevi.com.tr\/index.php\/wp-json\/wp\/v2\/product_brand?post=762597"},{"taxonomy":"product_cat","embeddable":true,"href":"https:\/\/roveyayinevi.com.tr\/index.php\/wp-json\/wp\/v2\/product_cat?post=762597"},{"taxonomy":"product_tag","embeddable":true,"href":"https:\/\/roveyayinevi.com.tr\/index.php\/wp-json\/wp\/v2\/product_tag?post=762597"}],"curies":[{"name":"wp","href":"https:\/\/api.w.org\/{rel}","templated":true}]}}