{"id":762587,"date":"2025-08-28T10:14:17","date_gmt":"2025-08-28T07:14:17","guid":{"rendered":"https:\/\/roveyayinevi.com.tr\/index.php\/urun\/nazli-senem\/"},"modified":"2026-04-15T03:27:41","modified_gmt":"2026-04-15T00:27:41","slug":"nazli-senem","status":"publish","type":"product","link":"https:\/\/roveyayinevi.com.tr\/index.php\/urun\/nazli-senem\/","title":{"rendered":"Nazl\u0131 Senem"},"content":{"rendered":"<p>\u201cSiz hi\u00e7 ellerinizde \u00c7oban yast\u0131\u011f\u0131, ba\u015f\u0131n\u0131z\u0131 \u015fu pencerenin k\u00f6\u015fesine dayay\u0131p uzaklara bakt\u0131n\u0131z m\u0131?  Geceleri g\u00f6ky\u00fcz\u00fcnde bir y\u0131ld\u0131z kaysa \u201cBak bu benim Hasan\u0131m, ayan oldu! Beni duydu!\u201d diyerek \u00fcmitlendiniz mi?  Belki bir g\u00fcn Hasan\u2019\u0131m, \u015fu yollardan \u00e7\u0131k\u0131p gelir diyerek kar\u015f\u0131 yatan ulu da\u011flara bak\u0131p hasret mahn\u0131lar\u0131 okudunuz mu?  Turnalarla sohbet ettiniz mi?\u201d Necdet Ekici\u2019in son derece k\u0131vrak kalemi, ayr\u0131nt\u0131lar\u0131 yakalayan g\u00f6zlem g\u00fcc\u00fc, hik\u00e2yelerindeki sa\u011flam \u00f6rg\u00fc ve dile olan h\u00e2kimiyeti; hik\u00e2yelerini \u00e7evrelemekle kalm\u0131yor, insan psikolojisinin derinliklerine de ula\u015f\u0131yor. Ekici\u2019nin hik\u00e2yelerinde g\u00fc\u00e7l\u00fc g\u00f6zlemler, inand\u0131r\u0131c\u0131l\u0131k ve sivrilikleri olmayan bir ger\u00e7ek\u00e7ilik g\u00f6r\u00fcl\u00fcr. Hik\u00e2yelerinde halk bilimi unsurlar\u0131n\u0131 ba\u015far\u0131yla kullanan yazar, k\u00f6k de\u011ferlere ba\u011fl\u0131, bu topraklar\u0131n \u00f6zg\u00fcn sesidir. Ekici, milli renklerle hemh\u00e2l olmu\u015f, k\u00f6k\u00fc mazide olan atinin g\u00fc\u00e7l\u00fc bir temsilcisidir. <\/p>\n","protected":false},"excerpt":{"rendered":"<p>\u201cSiz hi\u00e7 ellerinizde \u00c7oban yast\u0131\u011f\u0131, ba\u015f\u0131n\u0131z\u0131 \u015fu pencerenin k\u00f6\u015fesine dayay\u0131p uzaklara bakt\u0131n\u0131z m\u0131? Geceleri g\u00f6ky\u00fcz\u00fcnde bir y\u0131ld\u0131z kaysa \u201cBak bu benim Hasan\u0131m, ayan oldu! Beni duydu!\u201d<span class=\"excerpt-hellip\"> [\u2026]<\/span><\/p>\n","protected":false},"featured_media":0,"template":"","meta":{"_monsterinsights_skip_tracking":false,"_monsterinsights_sitenote_active":false,"_monsterinsights_sitenote_note":"","_monsterinsights_sitenote_category":0},"product_brand":[],"product_cat":[12291,12711],"product_tag":[],"class_list":{"0":"post-762587","1":"product","2":"type-product","3":"status-publish","5":"product_cat-edebiyat","6":"product_cat-roman-oyku","7":"pa_cilt-ciltsiz","8":"pa_tur-kitap","9":"pa_yayinevi-cinaralti-yayinlari","10":"pa_yazar-necdet-ekici","12":"first","13":"instock","14":"sale","15":"shipping-taxable","16":"purchasable","17":"product-type-simple"},"_links":{"self":[{"href":"https:\/\/roveyayinevi.com.tr\/index.php\/wp-json\/wp\/v2\/product\/762587","targetHints":{"allow":["GET"]}}],"collection":[{"href":"https:\/\/roveyayinevi.com.tr\/index.php\/wp-json\/wp\/v2\/product"}],"about":[{"href":"https:\/\/roveyayinevi.com.tr\/index.php\/wp-json\/wp\/v2\/types\/product"}],"wp:attachment":[{"href":"https:\/\/roveyayinevi.com.tr\/index.php\/wp-json\/wp\/v2\/media?parent=762587"}],"wp:term":[{"taxonomy":"product_brand","embeddable":true,"href":"https:\/\/roveyayinevi.com.tr\/index.php\/wp-json\/wp\/v2\/product_brand?post=762587"},{"taxonomy":"product_cat","embeddable":true,"href":"https:\/\/roveyayinevi.com.tr\/index.php\/wp-json\/wp\/v2\/product_cat?post=762587"},{"taxonomy":"product_tag","embeddable":true,"href":"https:\/\/roveyayinevi.com.tr\/index.php\/wp-json\/wp\/v2\/product_tag?post=762587"}],"curies":[{"name":"wp","href":"https:\/\/api.w.org\/{rel}","templated":true}]}}