{"id":762573,"date":"2025-08-28T10:13:46","date_gmt":"2025-08-28T07:13:46","guid":{"rendered":"https:\/\/roveyayinevi.com.tr\/index.php\/urun\/cesur-kus-pilot-oluyor\/"},"modified":"2026-04-15T03:27:40","modified_gmt":"2026-04-15T00:27:40","slug":"cesur-kus-pilot-oluyor","status":"publish","type":"product","link":"https:\/\/roveyayinevi.com.tr\/index.php\/urun\/cesur-kus-pilot-oluyor\/","title":{"rendered":"Cesur Ku\u015f Pilot Oluyor"},"content":{"rendered":"<p>Bir ser\u00e7e olan Cesur Ku\u015f, pilot olma hayalinin pe\u015finden ko\u015fuyor!   Anneannesi hari\u00e7 kimse Cesur Ku\u015f\u2019un pilot olma hayaline anlam veremez. O zaten u\u00e7mak i\u00e7in kanatlar\u0131 olan bir ser\u00e7edir, pilot olmas\u0131na ne gerek vard\u0131r ki?   Ancak Cesur Ku\u015f bir pilot olmaya kararl\u0131d\u0131r ve bunun i\u00e7in her \u015feyi yapmaya da haz\u0131rd\u0131r. \u00d6zellikle dedesinin bulutlar\u0131 \u00fcst\u00fcne \u00e7\u0131kt\u0131\u011f\u0131n\u0131 \u00f6\u011frendikten sonra onun cesaretinden b\u00fcy\u00fck ilham al\u0131r ve hayat\u0131n\u0131n maceras\u0131n\u0131 ya\u015famak \u00fczere yola \u00e7\u0131kar. <\/p>\n","protected":false},"excerpt":{"rendered":"<p>Bir ser\u00e7e olan Cesur Ku\u015f, pilot olma hayalinin pe\u015finden ko\u015fuyor! Anneannesi hari\u00e7 kimse Cesur Ku\u015f\u2019un pilot olma hayaline anlam veremez. O zaten u\u00e7mak i\u00e7in kanatlar\u0131 olan<span class=\"excerpt-hellip\"> [\u2026]<\/span><\/p>\n","protected":false},"featured_media":0,"template":"","meta":{"_monsterinsights_skip_tracking":false,"_monsterinsights_sitenote_active":false,"_monsterinsights_sitenote_note":"","_monsterinsights_sitenote_category":0},"product_brand":[],"product_cat":[12274,12284],"product_tag":[],"class_list":{"0":"post-762573","1":"product","2":"type-product","3":"status-publish","5":"product_cat-cocuk-ve-genclik-kitaplari","6":"product_cat-hikayeler","7":"pa_cilt-ciltsiz","8":"pa_tur-kitap","9":"pa_yayinevi-bookalemun-yayinevi","10":"pa_yazar-lucia-zednikovicova","12":"first","13":"instock","14":"sale","15":"shipping-taxable","16":"purchasable","17":"product-type-simple"},"_links":{"self":[{"href":"https:\/\/roveyayinevi.com.tr\/index.php\/wp-json\/wp\/v2\/product\/762573","targetHints":{"allow":["GET"]}}],"collection":[{"href":"https:\/\/roveyayinevi.com.tr\/index.php\/wp-json\/wp\/v2\/product"}],"about":[{"href":"https:\/\/roveyayinevi.com.tr\/index.php\/wp-json\/wp\/v2\/types\/product"}],"wp:attachment":[{"href":"https:\/\/roveyayinevi.com.tr\/index.php\/wp-json\/wp\/v2\/media?parent=762573"}],"wp:term":[{"taxonomy":"product_brand","embeddable":true,"href":"https:\/\/roveyayinevi.com.tr\/index.php\/wp-json\/wp\/v2\/product_brand?post=762573"},{"taxonomy":"product_cat","embeddable":true,"href":"https:\/\/roveyayinevi.com.tr\/index.php\/wp-json\/wp\/v2\/product_cat?post=762573"},{"taxonomy":"product_tag","embeddable":true,"href":"https:\/\/roveyayinevi.com.tr\/index.php\/wp-json\/wp\/v2\/product_tag?post=762573"}],"curies":[{"name":"wp","href":"https:\/\/api.w.org\/{rel}","templated":true}]}}