{"id":762562,"date":"2025-08-28T10:13:25","date_gmt":"2025-08-28T07:13:25","guid":{"rendered":"https:\/\/roveyayinevi.com.tr\/index.php\/urun\/petekgozlu-adam\/"},"modified":"2026-04-15T03:27:40","modified_gmt":"2026-04-15T00:27:40","slug":"petekgozlu-adam","status":"publish","type":"product","link":"https:\/\/roveyayinevi.com.tr\/index.php\/urun\/petekgozlu-adam\/","title":{"rendered":"Petekg\u00f6zl\u00fc Adam"},"content":{"rendered":"<p>\u201cBuna benzer bir kitab\u0131 daha \u00f6nce okumad\u0131k.\u201d \u2013Ursula K. Le Guin Wayo Wayo Adas\u0131\u2019nda, her ikinci erkek \u00e7ocuk on be\u015f ya\u015f\u0131na bast\u0131\u011f\u0131 g\u00fcn Deniz Tanr\u0131s\u0131\u2019na kurban edilmek zorundayd\u0131. Atile\u2019i de yak\u0131nda on be\u015fine basacakt\u0131 ancak \u00e7ok iyi bir y\u00fcz\u00fcc\u00fc ve denizci olarak kadere meydan okumaya ve hayatta kalan ilk \u00e7ocuk olmaya kararl\u0131yd\u0131.Da\u011fa yapt\u0131klar\u0131 bir t\u0131rman\u0131\u015fta o\u011flu ve e\u015fi kaybolan Profes\u00f6r Alice Shih deniz k\u0131y\u0131s\u0131ndaki evinde sessizce intihar etmeye haz\u0131rlan\u0131yordu. Ancak \u00e7\u00f6ple kar\u0131\u015f\u0131k devasa bir su girdab\u0131 Tayvan k\u0131y\u0131lar\u0131na \u00e7arparak Atile\u2019i\u2019yi de beraberinde getirince intihar plan\u0131 sekteye u\u011frayacakt\u0131.Felaketin ard\u0131ndan Alice yan\u0131na Atile\u2019i\u2019yi de alarak o\u011flunun ve e\u015finin kaybolu\u015funun gizemini \u00e7\u00f6zme umuduyla da\u011fa do\u011fru yola \u00e7\u0131kacaklard\u0131. Yolculuklar\u0131 s\u0131ras\u0131nda al\u0131\u015f\u0131lmad\u0131k bir ba\u011f kurulacak ve Alice\u2019i bildi\u011fini sand\u0131\u011f\u0131 her \u015feyi sorgulamaya zorlayacak karanl\u0131k bir s\u0131r ortaya \u00e7\u0131kacakt\u0131.Petekg\u00f6zl\u00fc Adam, \u00e7evre felaketini dokunakl\u0131 bir \u00fcslupla anlatan b\u00fcy\u00fcl\u00fc ger\u00e7ek\u00e7i bir roman. Aile ba\u011flar\u0131, sevginin de\u011feri ve insan tahribat\u0131n\u0131n kal\u0131c\u0131 etkileri hakk\u0131nda sars\u0131c\u0131 bir eser.<\/p>\n","protected":false},"excerpt":{"rendered":"<p>\u201cBuna benzer bir kitab\u0131 daha \u00f6nce okumad\u0131k.\u201d \u2013Ursula K. Le Guin Wayo Wayo Adas\u0131\u2019nda, her ikinci erkek \u00e7ocuk on be\u015f ya\u015f\u0131na bast\u0131\u011f\u0131 g\u00fcn Deniz Tanr\u0131s\u0131\u2019na kurban<span class=\"excerpt-hellip\"> [\u2026]<\/span><\/p>\n","protected":false},"featured_media":0,"template":"","meta":{"_monsterinsights_skip_tracking":false,"_monsterinsights_sitenote_active":false,"_monsterinsights_sitenote_note":"","_monsterinsights_sitenote_category":0},"product_brand":[],"product_cat":[12291,14777],"product_tag":[],"class_list":{"0":"post-762562","1":"product","2":"type-product","3":"status-publish","5":"product_cat-edebiyat","6":"product_cat-fantastik","7":"pa_cilt-ciltsiz","8":"pa_tur-kitap","9":"pa_yayinevi-ithaki-yayinlari","10":"pa_yazar-wu-ming-yi","12":"first","13":"instock","14":"sale","15":"shipping-taxable","16":"purchasable","17":"product-type-simple"},"_links":{"self":[{"href":"https:\/\/roveyayinevi.com.tr\/index.php\/wp-json\/wp\/v2\/product\/762562","targetHints":{"allow":["GET"]}}],"collection":[{"href":"https:\/\/roveyayinevi.com.tr\/index.php\/wp-json\/wp\/v2\/product"}],"about":[{"href":"https:\/\/roveyayinevi.com.tr\/index.php\/wp-json\/wp\/v2\/types\/product"}],"wp:attachment":[{"href":"https:\/\/roveyayinevi.com.tr\/index.php\/wp-json\/wp\/v2\/media?parent=762562"}],"wp:term":[{"taxonomy":"product_brand","embeddable":true,"href":"https:\/\/roveyayinevi.com.tr\/index.php\/wp-json\/wp\/v2\/product_brand?post=762562"},{"taxonomy":"product_cat","embeddable":true,"href":"https:\/\/roveyayinevi.com.tr\/index.php\/wp-json\/wp\/v2\/product_cat?post=762562"},{"taxonomy":"product_tag","embeddable":true,"href":"https:\/\/roveyayinevi.com.tr\/index.php\/wp-json\/wp\/v2\/product_tag?post=762562"}],"curies":[{"name":"wp","href":"https:\/\/api.w.org\/{rel}","templated":true}]}}