{"id":762558,"date":"2025-08-28T10:13:17","date_gmt":"2025-08-28T07:13:17","guid":{"rendered":"https:\/\/roveyayinevi.com.tr\/index.php\/urun\/ruyalar-da-sapitti\/"},"modified":"2026-01-30T03:55:40","modified_gmt":"2026-01-30T00:55:40","slug":"ruyalar-da-sapitti","status":"publish","type":"product","link":"https:\/\/roveyayinevi.com.tr\/index.php\/urun\/ruyalar-da-sapitti\/","title":{"rendered":"R\u00fcyalar da Sap\u0131tt\u0131"},"content":{"rendered":"<p>G\u00fcn boyu oradan oraya ko\u015fu\u015fturan insanlar\u0131n enerjisi belli bir yere kadar dayan\u0131r ve bedenleri yorgunluktan bir kenara \u00e7ekilip uykuya dalar. Uyku s\u0131ras\u0131nda v\u00fccut dinlenirken \u00e7e\u015fitli g\u00f6revler \u00fcstlenmi\u015f beyin h\u00fccreleri i\u015flevlerini s\u00fcrd\u00fcr\u00fcrler, onlar asla uyumazlar. Uyku s\u0131ras\u0131nda dinlenen bedenin aksine dinlenmeye ve uyumaya \u00e7ekilmezler. Yapacak pek i\u015fleri olmad\u0131\u011f\u0131ndan aralar\u0131nda bir senaryo yaz\u0131p oynamaya, e\u011flenmeye ba\u015flarlar. B\u00f6ylece dikkatlerini ba\u015fka konulara y\u00f6nelterek dinlenirler. Yapacak i\u015fleri olmad\u0131\u011f\u0131 i\u00e7in canlar\u0131 s\u0131k\u0131lan beyin h\u00fccreleri bireyin uykuya dalmas\u0131n\u0131 f\u0131rsat bilip gruplara ayr\u0131larak her biri bir konu se\u00e7ip k\u0131sa senaryolar haz\u0131rlarlar. Senaryoda rol alacak h\u00fccreleri belirler, sahneyi, \u0131\u015f\u0131klar\u0131, aksesuarlar\u0131, k\u0131l\u0131k k\u0131yafetlerini ve makyajlar\u0131n\u0131 haz\u0131rlayarak sahneye \u00e7\u0131karlar. VE PERDE!<\/p>\n","protected":false},"excerpt":{"rendered":"<p>G\u00fcn boyu oradan oraya ko\u015fu\u015fturan insanlar\u0131n enerjisi belli bir yere kadar dayan\u0131r ve bedenleri yorgunluktan bir kenara \u00e7ekilip uykuya dalar. Uyku s\u0131ras\u0131nda v\u00fccut dinlenirken \u00e7e\u015fitli g\u00f6revler<span class=\"excerpt-hellip\"> [\u2026]<\/span><\/p>\n","protected":false},"featured_media":0,"template":"","meta":{"_monsterinsights_skip_tracking":false,"_monsterinsights_sitenote_active":false,"_monsterinsights_sitenote_note":"","_monsterinsights_sitenote_category":0},"product_brand":[],"product_cat":[12291,14825],"product_tag":[],"class_list":{"0":"post-762558","1":"product","2":"type-product","3":"status-publish","5":"product_cat-edebiyat","6":"product_cat-mizah","7":"pa_cilt-ciltsiz","8":"pa_tur-kitap","9":"pa_yayinevi-vova-yayinlari","10":"pa_yazar-huseyin-yazgac","12":"first","13":"instock","14":"sale","15":"shipping-taxable","16":"purchasable","17":"product-type-simple"},"_links":{"self":[{"href":"https:\/\/roveyayinevi.com.tr\/index.php\/wp-json\/wp\/v2\/product\/762558","targetHints":{"allow":["GET"]}}],"collection":[{"href":"https:\/\/roveyayinevi.com.tr\/index.php\/wp-json\/wp\/v2\/product"}],"about":[{"href":"https:\/\/roveyayinevi.com.tr\/index.php\/wp-json\/wp\/v2\/types\/product"}],"wp:attachment":[{"href":"https:\/\/roveyayinevi.com.tr\/index.php\/wp-json\/wp\/v2\/media?parent=762558"}],"wp:term":[{"taxonomy":"product_brand","embeddable":true,"href":"https:\/\/roveyayinevi.com.tr\/index.php\/wp-json\/wp\/v2\/product_brand?post=762558"},{"taxonomy":"product_cat","embeddable":true,"href":"https:\/\/roveyayinevi.com.tr\/index.php\/wp-json\/wp\/v2\/product_cat?post=762558"},{"taxonomy":"product_tag","embeddable":true,"href":"https:\/\/roveyayinevi.com.tr\/index.php\/wp-json\/wp\/v2\/product_tag?post=762558"}],"curies":[{"name":"wp","href":"https:\/\/api.w.org\/{rel}","templated":true}]}}