{"id":762556,"date":"2025-08-28T10:13:13","date_gmt":"2025-08-28T07:13:13","guid":{"rendered":"https:\/\/roveyayinevi.com.tr\/index.php\/urun\/elsa-niegonun-cenaze-alayi\/"},"modified":"2026-04-15T03:27:40","modified_gmt":"2026-04-15T00:27:40","slug":"elsa-niegonun-cenaze-alayi","status":"publish","type":"product","link":"https:\/\/roveyayinevi.com.tr\/index.php\/urun\/elsa-niegonun-cenaze-alayi\/","title":{"rendered":"Elsa Niego\u2019nun Cenaze Alay\u0131"},"content":{"rendered":"<p>\u201cGen\u00e7 bir kad\u0131n\u0131n geliyorum diye ba\u011f\u0131ran ve \u00f6nlenemeyen katlinde d\u00f6k\u00fclen kan\u0131n hesab\u0131n\u0131n sorulmayaca\u011f\u0131 d\u00fc\u015f\u00fcncesiyle hayk\u0131rd\u0131lar; adalet istiyoruz! D\u00fc\u015fman belleneceklerini bile bile hayk\u0131rd\u0131lar; adalet istiyoruz!\u201d   17 A\u011fustos 1927, Bankalar Caddesi. Yahudi bir kad\u0131n olan Elsa Niego, \u201ca\u015fk\u0131na\u201d kar\u015f\u0131l\u0131k vermedi\u011fi bir erkek taraf\u0131ndan vah\u015fice katledildi. Annesinin, \u00fczerini bir \u00f6rt\u00fcyle kapatmas\u0131na izin verilmeyen \u00f6l\u00fc bedeni sokak ortas\u0131nda saatlerce bekledi. Kayadez, yani suskunluk ahdi bozuldu ve 18 A\u011fustosta sokaklar bu sesle yank\u0131land\u0131: Adalet istiyoruz! Yahudiler belki ilk defa kitlesel olarak adalet talebini dile getiriyordu. On binlerce ki\u015finin kat\u0131ld\u0131\u011f\u0131 cenaze alay\u0131ndaki kudretli kalabal\u0131k ve hak aray\u0131\u015f\u0131 devlet \u015fiddetini t\u0131rman\u0131\u015fa ge\u00e7irdi. Gencecik bir kad\u0131n\u0131n \u00f6ld\u00fcr\u00fclmesine isyan eden Yahudiler \u201csokaklarda adalet istiyoruz diye ba\u011f\u0131rmaya c\u00fcret ettikleri\u201d gerek\u00e7esiyle d\u00f6nemin gazetelerinde \u201cg\u00fcr\u00fclt\u00fc yapmamalar\u0131,\u201d \u201cortal\u0131\u011f\u0131 velveleye vermemeleri\u201d konusunda uyar\u0131l\u0131yor, \u00f6l\u00e7\u00fcl\u00fc olmaya \u00e7a\u011f\u0131r\u0131l\u0131yordu.   Elsa Niego\u2019nun Cenaze Alay\u0131 kad\u0131n cinayetleri s\u00fcregeldik\u00e7e dinmeyecek yas i\u00e7in bir a\u011f\u0131t. Ra\u015fel Meseri, tarihin ger\u00e7eklerini kurmaca ile i\u015fledi\u011fi bu kitapta, kad\u0131na y\u00f6nelik \u015fiddetin tarihsel s\u00fcreklili\u011fi \u00fczerinde duruyor. Mesk\u00fbn Zaman\u2019dan tan\u0131d\u0131\u011f\u0131m\u0131z Zimbul ve onun \u00e7ocuk ruhu ise ev i\u00e7lerinde, sokaklarda ve insanlar\u0131n kalbinde dola\u015farak bize ge\u00e7mi\u015f ve gelecekten haberler getiriyor. <\/p>\n","protected":false},"excerpt":{"rendered":"<p>\u201cGen\u00e7 bir kad\u0131n\u0131n geliyorum diye ba\u011f\u0131ran ve \u00f6nlenemeyen katlinde d\u00f6k\u00fclen kan\u0131n hesab\u0131n\u0131n sorulmayaca\u011f\u0131 d\u00fc\u015f\u00fcncesiyle hayk\u0131rd\u0131lar; adalet istiyoruz! D\u00fc\u015fman belleneceklerini bile bile hayk\u0131rd\u0131lar; adalet istiyoruz!\u201d 17 A\u011fustos<span class=\"excerpt-hellip\"> [\u2026]<\/span><\/p>\n","protected":false},"featured_media":0,"template":"","meta":{"_monsterinsights_skip_tracking":false,"_monsterinsights_sitenote_active":false,"_monsterinsights_sitenote_note":"","_monsterinsights_sitenote_category":0},"product_brand":[],"product_cat":[12291,12711],"product_tag":[],"class_list":{"0":"post-762556","1":"product","2":"type-product","3":"status-publish","5":"product_cat-edebiyat","6":"product_cat-roman-oyku","7":"pa_cilt-ciltsiz","8":"pa_tur-kitap","9":"pa_yayinevi-alfa-yayinlari","10":"pa_yazar-rasel-meseri","12":"first","13":"instock","14":"sale","15":"shipping-taxable","16":"purchasable","17":"product-type-simple"},"_links":{"self":[{"href":"https:\/\/roveyayinevi.com.tr\/index.php\/wp-json\/wp\/v2\/product\/762556","targetHints":{"allow":["GET"]}}],"collection":[{"href":"https:\/\/roveyayinevi.com.tr\/index.php\/wp-json\/wp\/v2\/product"}],"about":[{"href":"https:\/\/roveyayinevi.com.tr\/index.php\/wp-json\/wp\/v2\/types\/product"}],"wp:attachment":[{"href":"https:\/\/roveyayinevi.com.tr\/index.php\/wp-json\/wp\/v2\/media?parent=762556"}],"wp:term":[{"taxonomy":"product_brand","embeddable":true,"href":"https:\/\/roveyayinevi.com.tr\/index.php\/wp-json\/wp\/v2\/product_brand?post=762556"},{"taxonomy":"product_cat","embeddable":true,"href":"https:\/\/roveyayinevi.com.tr\/index.php\/wp-json\/wp\/v2\/product_cat?post=762556"},{"taxonomy":"product_tag","embeddable":true,"href":"https:\/\/roveyayinevi.com.tr\/index.php\/wp-json\/wp\/v2\/product_tag?post=762556"}],"curies":[{"name":"wp","href":"https:\/\/api.w.org\/{rel}","templated":true}]}}