{"id":762551,"date":"2025-08-28T10:13:03","date_gmt":"2025-08-28T07:13:03","guid":{"rendered":"https:\/\/roveyayinevi.com.tr\/index.php\/urun\/hande-baladin-filenin-yildizi\/"},"modified":"2026-04-15T03:27:40","modified_gmt":"2026-04-15T00:27:40","slug":"hande-baladin-filenin-yildizi","status":"publish","type":"product","link":"https:\/\/roveyayinevi.com.tr\/index.php\/urun\/hande-baladin-filenin-yildizi\/","title":{"rendered":"Hande Balad\u0131n &#8211; Filenin Y\u0131ld\u0131z\u0131"},"content":{"rendered":"<p>Hande Balad\u0131n: Filenin Y\u0131ld\u0131z\u0131   T\u00fcrkiye\u2019nin voleybol sahalar\u0131ndaki parlayan y\u0131ld\u0131z\u0131 Hande Balad\u0131n\u2019\u0131n ilham verici hik\u00e2yesi, bu kitapta t\u00fcm ger\u00e7ekli\u011fi ve duygusall\u0131\u011f\u0131yla hayat buluyor. K\u00fctahya\u2019dan d\u00fcnya sahnelerine uzanan bu yolculuk; azmin, \u00e7al\u0131\u015fkanl\u0131\u011f\u0131n ve inanc\u0131n g\u00fcc\u00fcn\u00fc g\u00f6zler \u00f6n\u00fcne seriyor.   Hande\u2019nin \u00e7ocukluk y\u0131llar\u0131ndan Eczac\u0131ba\u015f\u0131\u2019na transferine, mill\u00ee tak\u0131mdaki zaferlerine ve bireysel \u00f6d\u00fcllerle ta\u00e7land\u0131r\u0131lan kariyerine kadar t\u00fcm detaylar\u0131 bulaca\u011f\u0131n\u0131z bu kitap, onun i\u00e7sel yolculu\u011funu ve sporun hayat\u0131ndaki d\u00f6n\u00fc\u015ft\u00fcr\u00fcc\u00fc etkisini anlat\u0131yor. Antrenman sahas\u0131ndaki disiplini, tak\u0131m arkada\u015flar\u0131yla olan ba\u011flar\u0131 ve ilham ald\u0131\u011f\u0131 b\u00fcy\u00fck sporcular\u0131n izinden giderek nas\u0131l kendi ba\u015far\u0131 hik\u00e2yesini yazd\u0131\u011f\u0131n\u0131 tan\u0131kl\u0131k edeceksiniz. Hande Balad\u0131n: Filenin Y\u0131ld\u0131z\u0131, azmin ve \u00e7al\u0131\u015fkanl\u0131\u011f\u0131n bir sporcuyu nas\u0131l zirveye ta\u015f\u0131yabilece\u011fini g\u00f6steren, unutulmaz bir hik\u00e2ye. Hande Balad\u0131n\u2019\u0131n ba\u015far\u0131ya giden yolda kar\u015f\u0131la\u015ft\u0131\u011f\u0131 zorluklar\u0131 ve zaferleri bu kitapta ke\u015ffedin.<\/p>\n","protected":false},"excerpt":{"rendered":"<p>Hande Balad\u0131n: Filenin Y\u0131ld\u0131z\u0131 T\u00fcrkiye\u2019nin voleybol sahalar\u0131ndaki parlayan y\u0131ld\u0131z\u0131 Hande Balad\u0131n\u2019\u0131n ilham verici hik\u00e2yesi, bu kitapta t\u00fcm ger\u00e7ekli\u011fi ve duygusall\u0131\u011f\u0131yla hayat buluyor. K\u00fctahya\u2019dan d\u00fcnya sahnelerine uzanan<span class=\"excerpt-hellip\"> [\u2026]<\/span><\/p>\n","protected":false},"featured_media":0,"template":"","meta":{"_monsterinsights_skip_tracking":false,"_monsterinsights_sitenote_active":false,"_monsterinsights_sitenote_note":"","_monsterinsights_sitenote_category":0},"product_brand":[],"product_cat":[14009,12291],"product_tag":[],"class_list":{"0":"post-762551","1":"product","2":"type-product","3":"status-publish","5":"product_cat-biyografi-otobiyografi-edebiyat","6":"product_cat-edebiyat","7":"pa_cilt-ciltsiz","8":"pa_tur-kitap","9":"pa_yayinevi-peta-kitap","10":"pa_yazar-can-eren","12":"first","13":"instock","14":"sale","15":"shipping-taxable","16":"purchasable","17":"product-type-simple"},"_links":{"self":[{"href":"https:\/\/roveyayinevi.com.tr\/index.php\/wp-json\/wp\/v2\/product\/762551","targetHints":{"allow":["GET"]}}],"collection":[{"href":"https:\/\/roveyayinevi.com.tr\/index.php\/wp-json\/wp\/v2\/product"}],"about":[{"href":"https:\/\/roveyayinevi.com.tr\/index.php\/wp-json\/wp\/v2\/types\/product"}],"wp:attachment":[{"href":"https:\/\/roveyayinevi.com.tr\/index.php\/wp-json\/wp\/v2\/media?parent=762551"}],"wp:term":[{"taxonomy":"product_brand","embeddable":true,"href":"https:\/\/roveyayinevi.com.tr\/index.php\/wp-json\/wp\/v2\/product_brand?post=762551"},{"taxonomy":"product_cat","embeddable":true,"href":"https:\/\/roveyayinevi.com.tr\/index.php\/wp-json\/wp\/v2\/product_cat?post=762551"},{"taxonomy":"product_tag","embeddable":true,"href":"https:\/\/roveyayinevi.com.tr\/index.php\/wp-json\/wp\/v2\/product_tag?post=762551"}],"curies":[{"name":"wp","href":"https:\/\/api.w.org\/{rel}","templated":true}]}}