{"id":762545,"date":"2025-08-28T10:12:51","date_gmt":"2025-08-28T07:12:51","guid":{"rendered":"https:\/\/roveyayinevi.com.tr\/index.php\/urun\/hasdi-sabinin-iki-yuzu\/"},"modified":"2026-03-05T03:50:12","modified_gmt":"2026-03-05T00:50:12","slug":"hasdi-sabinin-iki-yuzu","status":"publish","type":"product","link":"https:\/\/roveyayinevi.com.tr\/index.php\/urun\/hasdi-sabinin-iki-yuzu\/","title":{"rendered":"Ha\u015fdi \u015eabi\u2019nin \u0130ki Y\u00fcz\u00fc"},"content":{"rendered":"<p>Kitap; teolojik \u00e7er\u00e7evede \u015eiilik, politik \u00e7er\u00e7evede \u015eiilik-siyaset ili\u015fkisi ve g\u00fcvenlik teorileri \u00e7er\u00e7evesinde radikalle\u015fme ve devlet d\u0131\u015f\u0131 silahl\u0131 akt\u00f6rler konular\u0131n\u0131 interdisipliner bir yakla\u015f\u0131mla ele al\u0131yor. Kitapta literat\u00fcrdeki yap\u0131lm\u0131\u015f \u00e7al\u0131\u015fmalardan farkl\u0131 olarak; \u015eiili\u011fin -\u0130ran ve Irak dini mercileri a\u00e7\u0131s\u0131ndan siyasal yorumundaki farkl\u0131la\u015fman\u0131n- sahadaki silahl\u0131 akt\u00f6rlere yans\u0131mas\u0131n\u0131n izi s\u00fcr\u00fcl\u00fcyor. \u00d6zellikle Irak\u2019taki devlet d\u0131\u015f\u0131 silahl\u0131 \u00f6rg\u00fctlerin ve \u00fcyelerinin radikalle\u015fme sebepleri belirlenmeye ve bu esnada da tespit edilen sebepler ile \u0130ran ve Irak\u2019ta \u015eii dini liderlerinin tutumlar\u0131 aras\u0131nda ba\u011flant\u0131 kurulmaya \u00e7al\u0131\u015f\u0131l\u0131yor. \u00b7         Irak\u2019ta bulunan devlet d\u0131\u015f\u0131 silahl\u0131 akt\u00f6rlerin ideolojilerindeki ve eylemlerindeki radikalle\u015fme d\u00fczeyi Arap \u015eii-Fars \u015eii ideolojik bak\u0131\u015f a\u00e7\u0131lar\u0131ndan ne derece etkilenmi\u015f ve nas\u0131l \u015fekillenmi\u015ftir? \u00b7         Vel\u00e2yet-i Fakih anlay\u0131\u015f\u0131 Irak\u2019ta hangi noktalarda k\u0131r\u0131lmaya u\u011fram\u0131\u015ft\u0131r? \u00b7          \u0130ran\u2019\u0131n devlet d\u0131\u015f\u0131 silahl\u0131 akt\u00f6rlere sa\u011flad\u0131\u011f\u0131 destek, hangi ad\u0131mlar\u0131n\u0131n akabinde Irak\u2019ta ge\u00e7erlili\u011fini yitirmi\u015ftir? \u00b7         \u015eii mezhebi i\u00e7indeki ayr\u0131\u015fmalar, Irak-\u0130ran dini mercileri a\u00e7\u0131s\u0131ndan hangi olaylarda hangi farkl\u0131 tepkilere yol a\u00e7m\u0131\u015ft\u0131r? \u00b7          Irak ve \u0130ran aras\u0131nda \u015eiili\u011fe bak\u0131\u015f\u0131n radikal d\u00fc\u015f\u00fcnce ve radikal eylem a\u015famalar\u0131ndaki farkl\u0131l\u0131klar\u0131n\u0131 belirleyen hususlar nelerdir? <\/p>\n","protected":false},"excerpt":{"rendered":"<p>Kitap; teolojik \u00e7er\u00e7evede \u015eiilik, politik \u00e7er\u00e7evede \u015eiilik-siyaset ili\u015fkisi ve g\u00fcvenlik teorileri \u00e7er\u00e7evesinde radikalle\u015fme ve devlet d\u0131\u015f\u0131 silahl\u0131 akt\u00f6rler konular\u0131n\u0131 interdisipliner bir yakla\u015f\u0131mla ele al\u0131yor. Kitapta literat\u00fcrdeki<span class=\"excerpt-hellip\"> [\u2026]<\/span><\/p>\n","protected":false},"featured_media":0,"template":"","meta":{"_monsterinsights_skip_tracking":false,"_monsterinsights_sitenote_active":false,"_monsterinsights_sitenote_note":"","_monsterinsights_sitenote_category":0},"product_brand":[],"product_cat":[31194,12337],"product_tag":[],"class_list":{"0":"post-762545","1":"product","2":"type-product","3":"status-publish","5":"product_cat-guncel-siyaset","6":"product_cat-politika-siyaset","7":"pa_cilt-ciltsiz","8":"pa_tur-kitap","9":"pa_yayinevi-siyasal-kitabevi","10":"pa_yazar-ozlem-acar","12":"first","13":"instock","14":"sale","15":"shipping-taxable","16":"purchasable","17":"product-type-simple"},"_links":{"self":[{"href":"https:\/\/roveyayinevi.com.tr\/index.php\/wp-json\/wp\/v2\/product\/762545","targetHints":{"allow":["GET"]}}],"collection":[{"href":"https:\/\/roveyayinevi.com.tr\/index.php\/wp-json\/wp\/v2\/product"}],"about":[{"href":"https:\/\/roveyayinevi.com.tr\/index.php\/wp-json\/wp\/v2\/types\/product"}],"wp:attachment":[{"href":"https:\/\/roveyayinevi.com.tr\/index.php\/wp-json\/wp\/v2\/media?parent=762545"}],"wp:term":[{"taxonomy":"product_brand","embeddable":true,"href":"https:\/\/roveyayinevi.com.tr\/index.php\/wp-json\/wp\/v2\/product_brand?post=762545"},{"taxonomy":"product_cat","embeddable":true,"href":"https:\/\/roveyayinevi.com.tr\/index.php\/wp-json\/wp\/v2\/product_cat?post=762545"},{"taxonomy":"product_tag","embeddable":true,"href":"https:\/\/roveyayinevi.com.tr\/index.php\/wp-json\/wp\/v2\/product_tag?post=762545"}],"curies":[{"name":"wp","href":"https:\/\/api.w.org\/{rel}","templated":true}]}}