{"id":762516,"date":"2025-08-28T10:11:53","date_gmt":"2025-08-28T07:11:53","guid":{"rendered":"https:\/\/roveyayinevi.com.tr\/index.php\/urun\/shaman-king-saman-kral-11\/"},"modified":"2026-04-15T03:27:39","modified_gmt":"2026-04-15T00:27:39","slug":"shaman-king-saman-kral-11","status":"publish","type":"product","link":"https:\/\/roveyayinevi.com.tr\/index.php\/urun\/shaman-king-saman-kral-11\/","title":{"rendered":"Shaman King \u2013 \u015eaman Kral 11"},"content":{"rendered":"<p>Yoh ve arkada\u015flar\u0131, Hao&#8217;dan intikam almaya yemin eden \u015faman Lyserg ile g\u00fc\u00e7lerini birle\u015ftirir ve birlikte Patch k\u00f6y\u00fcn\u00fc aramak \u00fczere yola \u00e7\u0131karlar. Bu s\u0131rada \u0130zumo\u2019da Yoh&#8217;un b\u00fcy\u00fckbabas\u0131, Anna&#8217;ya Hao&#8217;nun ger\u00e7ekte kim oldu\u011funu anlat\u0131r. Kendisine Gelece\u011fin Kral\u0131 diyen bu gizemli gen\u00e7 adam kim?   Yazar ve \u00e7izer Hiroyuki Takei\u2019nin yaratt\u0131\u011f\u0131 Shaman King, heyecanl\u0131 ve bir an bile d\u00fc\u015fmeyen temposuyla sizi esir alacak bir macera! <\/p>\n","protected":false},"excerpt":{"rendered":"<p>Yoh ve arkada\u015flar\u0131, Hao&#8217;dan intikam almaya yemin eden \u015faman Lyserg ile g\u00fc\u00e7lerini birle\u015ftirir ve birlikte Patch k\u00f6y\u00fcn\u00fc aramak \u00fczere yola \u00e7\u0131karlar. Bu s\u0131rada \u0130zumo\u2019da Yoh&#8217;un b\u00fcy\u00fckbabas\u0131,<span class=\"excerpt-hellip\"> [\u2026]<\/span><\/p>\n","protected":false},"featured_media":0,"template":"","meta":{"_monsterinsights_skip_tracking":false,"_monsterinsights_sitenote_active":false,"_monsterinsights_sitenote_note":"","_monsterinsights_sitenote_category":0},"product_brand":[],"product_cat":[12416,12291],"product_tag":[],"class_list":{"0":"post-762516","1":"product","2":"type-product","3":"status-publish","5":"product_cat-cizgi-roman","6":"product_cat-edebiyat","7":"pa_cilt-ciltsiz","8":"pa_tur-kitap","9":"pa_yayinevi-akil-celen-kitaplar","10":"pa_yazar-hiroyuki-takei","12":"first","13":"instock","14":"sale","15":"shipping-taxable","16":"purchasable","17":"product-type-simple"},"_links":{"self":[{"href":"https:\/\/roveyayinevi.com.tr\/index.php\/wp-json\/wp\/v2\/product\/762516","targetHints":{"allow":["GET"]}}],"collection":[{"href":"https:\/\/roveyayinevi.com.tr\/index.php\/wp-json\/wp\/v2\/product"}],"about":[{"href":"https:\/\/roveyayinevi.com.tr\/index.php\/wp-json\/wp\/v2\/types\/product"}],"wp:attachment":[{"href":"https:\/\/roveyayinevi.com.tr\/index.php\/wp-json\/wp\/v2\/media?parent=762516"}],"wp:term":[{"taxonomy":"product_brand","embeddable":true,"href":"https:\/\/roveyayinevi.com.tr\/index.php\/wp-json\/wp\/v2\/product_brand?post=762516"},{"taxonomy":"product_cat","embeddable":true,"href":"https:\/\/roveyayinevi.com.tr\/index.php\/wp-json\/wp\/v2\/product_cat?post=762516"},{"taxonomy":"product_tag","embeddable":true,"href":"https:\/\/roveyayinevi.com.tr\/index.php\/wp-json\/wp\/v2\/product_tag?post=762516"}],"curies":[{"name":"wp","href":"https:\/\/api.w.org\/{rel}","templated":true}]}}