{"id":762501,"date":"2025-08-28T10:11:23","date_gmt":"2025-08-28T07:11:23","guid":{"rendered":"https:\/\/roveyayinevi.com.tr\/index.php\/urun\/denizler-altinda-yirmi-bin-fersah-9\/"},"modified":"2026-04-15T03:27:38","modified_gmt":"2026-04-15T00:27:38","slug":"denizler-altinda-yirmi-bin-fersah-9","status":"publish","type":"product","link":"https:\/\/roveyayinevi.com.tr\/index.php\/urun\/denizler-altinda-yirmi-bin-fersah-9\/","title":{"rendered":"Denizler Alt\u0131nda Yirmi Bin Fersah"},"content":{"rendered":"<p>A\u00e7\u0131klanamayan, tuhaf bir olay 1866 y\u0131l\u0131nda herkesin dilindeydi. \u00d6yle ki sokaklarda, limanlarda neredeyse her yerde bu olay konu\u015fuluyordu. Gittik\u00e7e yay\u0131lan s\u00f6ylentilerin \u00f6n\u00fcne ge\u00e7mek i\u00e7in \u00f6nlemler al\u0131nmaya \u00e7al\u0131\u015f\u0131l\u0131yordu. Baz\u0131 gemilerden; \u201cb\u00fcy\u00fck\u00e7e\u201d, parlayan, kal\u0131n bir \u00e7ubuk \u015feklinde ve bir balinadan fazlas\u0131yla b\u00fcy\u00fck bir \u015feyle kar\u015f\u0131la\u015ft\u0131klar\u0131 rapor edilmi\u015fti. Yine gemilerde not edilen seyir defterlerine yaz\u0131lanlara bak\u0131lacak olursa bahsedilen boyutlarda bir deniz yarat\u0131\u011f\u0131 olamayaca\u011f\u0131 i\u00e7in, herkes bunun ne oldu\u011funu merak etmekteydi. 1868 y\u0131l\u0131nda denizlerde baz\u0131 gemilerin \u00e7arp\u0131p batmas\u0131na neden olan garip bir nesnenin varl\u0131\u011f\u0131n\u0131 ara\u015ft\u0131rmak i\u00e7in Frans\u0131z bilim adam\u0131 Pierre Flronnax ue u\u015fag\u0131 Conseil, birlikte ABD bilim gemisine binerler. \u00c7\u0131kacaklar\u0131 bu uzun yolculukta onlar\u0131 gizemlerle dolu bir macera beklemektedir? <\/p>\n","protected":false},"excerpt":{"rendered":"<p>A\u00e7\u0131klanamayan, tuhaf bir olay 1866 y\u0131l\u0131nda herkesin dilindeydi. \u00d6yle ki sokaklarda, limanlarda neredeyse her yerde bu olay konu\u015fuluyordu. Gittik\u00e7e yay\u0131lan s\u00f6ylentilerin \u00f6n\u00fcne ge\u00e7mek i\u00e7in \u00f6nlemler al\u0131nmaya<span class=\"excerpt-hellip\"> [\u2026]<\/span><\/p>\n","protected":false},"featured_media":0,"template":"","meta":{"_monsterinsights_skip_tracking":false,"_monsterinsights_sitenote_active":false,"_monsterinsights_sitenote_note":"","_monsterinsights_sitenote_category":0},"product_brand":[],"product_cat":[12274,12467],"product_tag":[],"class_list":{"0":"post-762501","1":"product","2":"type-product","3":"status-publish","5":"product_cat-cocuk-ve-genclik-kitaplari","6":"product_cat-dunya-klasikleri","7":"pa_cilt-ciltsiz","8":"pa_tur-kitap","9":"pa_yayinevi-pars-yayinlari","10":"pa_yazar-jules-verne","12":"first","13":"instock","14":"sale","15":"shipping-taxable","16":"purchasable","17":"product-type-simple"},"_links":{"self":[{"href":"https:\/\/roveyayinevi.com.tr\/index.php\/wp-json\/wp\/v2\/product\/762501","targetHints":{"allow":["GET"]}}],"collection":[{"href":"https:\/\/roveyayinevi.com.tr\/index.php\/wp-json\/wp\/v2\/product"}],"about":[{"href":"https:\/\/roveyayinevi.com.tr\/index.php\/wp-json\/wp\/v2\/types\/product"}],"wp:attachment":[{"href":"https:\/\/roveyayinevi.com.tr\/index.php\/wp-json\/wp\/v2\/media?parent=762501"}],"wp:term":[{"taxonomy":"product_brand","embeddable":true,"href":"https:\/\/roveyayinevi.com.tr\/index.php\/wp-json\/wp\/v2\/product_brand?post=762501"},{"taxonomy":"product_cat","embeddable":true,"href":"https:\/\/roveyayinevi.com.tr\/index.php\/wp-json\/wp\/v2\/product_cat?post=762501"},{"taxonomy":"product_tag","embeddable":true,"href":"https:\/\/roveyayinevi.com.tr\/index.php\/wp-json\/wp\/v2\/product_tag?post=762501"}],"curies":[{"name":"wp","href":"https:\/\/api.w.org\/{rel}","templated":true}]}}