{"id":762493,"date":"2025-08-28T10:11:10","date_gmt":"2025-08-28T07:11:10","guid":{"rendered":"https:\/\/roveyayinevi.com.tr\/index.php\/urun\/ben-de-oyle-hissediyorum\/"},"modified":"2026-04-15T03:27:38","modified_gmt":"2026-04-15T00:27:38","slug":"ben-de-oyle-hissediyorum","status":"publish","type":"product","link":"https:\/\/roveyayinevi.com.tr\/index.php\/urun\/ben-de-oyle-hissediyorum\/","title":{"rendered":"Ben de \u00d6yle Hissediyorum!"},"content":{"rendered":"<p>S\u00f6zc\u00fcklerle anlatamad\u0131\u011f\u0131n bir duygun oldu mu hi\u00e7? Belki de bu duygunun ba\u015fka bir dilde kar\u015f\u0131l\u0131\u011f\u0131 vard\u0131r. Kendimizi bulmak i\u00e7in gitti\u011fimiz \u00f6zel yerlerden (Yunanca \u201cch\u014dros\u201d) bug\u00fcn\u00fc ya\u015famaya (\u0130spanyolca \u201cvivir al d\u00eda\u201d), insan olmaya \u00f6zg\u00fc birbirinden ilgin\u00e7 ve farkl\u0131 s\u00f6zc\u00fckler. <\/p>\n","protected":false},"excerpt":{"rendered":"<p>S\u00f6zc\u00fcklerle anlatamad\u0131\u011f\u0131n bir duygun oldu mu hi\u00e7? Belki de bu duygunun ba\u015fka bir dilde kar\u015f\u0131l\u0131\u011f\u0131 vard\u0131r. Kendimizi bulmak i\u00e7in gitti\u011fimiz \u00f6zel yerlerden (Yunanca \u201cch\u014dros\u201d) bug\u00fcn\u00fc ya\u015famaya<span class=\"excerpt-hellip\"> [\u2026]<\/span><\/p>\n","protected":false},"featured_media":0,"template":"","meta":{"_monsterinsights_skip_tracking":false,"_monsterinsights_sitenote_active":false,"_monsterinsights_sitenote_note":"","_monsterinsights_sitenote_category":0},"product_brand":[],"product_cat":[12274,12518],"product_tag":[],"class_list":{"0":"post-762493","1":"product","2":"type-product","3":"status-publish","5":"product_cat-cocuk-ve-genclik-kitaplari","6":"product_cat-okul-oncesi-kitaplar","7":"pa_cilt-ciltsiz","8":"pa_tur-kitap","9":"pa_yayinevi-koc-universitesi-yayinlari","10":"pa_yazar-maria-ivashkina","12":"first","13":"instock","14":"sale","15":"shipping-taxable","16":"purchasable","17":"product-type-simple"},"_links":{"self":[{"href":"https:\/\/roveyayinevi.com.tr\/index.php\/wp-json\/wp\/v2\/product\/762493","targetHints":{"allow":["GET"]}}],"collection":[{"href":"https:\/\/roveyayinevi.com.tr\/index.php\/wp-json\/wp\/v2\/product"}],"about":[{"href":"https:\/\/roveyayinevi.com.tr\/index.php\/wp-json\/wp\/v2\/types\/product"}],"wp:attachment":[{"href":"https:\/\/roveyayinevi.com.tr\/index.php\/wp-json\/wp\/v2\/media?parent=762493"}],"wp:term":[{"taxonomy":"product_brand","embeddable":true,"href":"https:\/\/roveyayinevi.com.tr\/index.php\/wp-json\/wp\/v2\/product_brand?post=762493"},{"taxonomy":"product_cat","embeddable":true,"href":"https:\/\/roveyayinevi.com.tr\/index.php\/wp-json\/wp\/v2\/product_cat?post=762493"},{"taxonomy":"product_tag","embeddable":true,"href":"https:\/\/roveyayinevi.com.tr\/index.php\/wp-json\/wp\/v2\/product_tag?post=762493"}],"curies":[{"name":"wp","href":"https:\/\/api.w.org\/{rel}","templated":true}]}}