{"id":762475,"date":"2025-08-28T10:10:33","date_gmt":"2025-08-28T07:10:33","guid":{"rendered":"https:\/\/roveyayinevi.com.tr\/index.php\/urun\/ciftlikte-bir-yil-dunyayi-ogreniyorum\/"},"modified":"2026-04-15T03:27:38","modified_gmt":"2026-04-15T00:27:38","slug":"ciftlikte-bir-yil-dunyayi-ogreniyorum","status":"publish","type":"product","link":"https:\/\/roveyayinevi.com.tr\/index.php\/urun\/ciftlikte-bir-yil-dunyayi-ogreniyorum\/","title":{"rendered":"\u00c7iftlikte Bir Y\u0131l D\u00fcnyay\u0131 \u00d6\u011freniyorum"},"content":{"rendered":"<p>\u2022 Bir \u00e7iftlikte d\u00f6rt mevsim neler olup biter? \u2022 Patatesler ne zaman ekilir ve toplan\u0131r? \u2022 \u0130nekler ne s\u0131kl\u0131kla sa\u011f\u0131l\u0131r? \u2022 \u00c7iftlikte hangi tar\u0131m makineleri kullan\u0131l\u0131r? Tavuklardan ineklere, \u00e7avdardan bu\u011fdaya, ocak ay\u0131ndan aral\u0131k ay\u0131na, \u00e7iftlikteki ya\u015famla ilgili \u00e7e\u015fitli bilgiler edinebilece\u011fin heyecan verici bir ke\u015fif yolculu\u011fu seni bekliyor! <\/p>\n","protected":false},"excerpt":{"rendered":"<p>\u2022 Bir \u00e7iftlikte d\u00f6rt mevsim neler olup biter? \u2022 Patatesler ne zaman ekilir ve toplan\u0131r? \u2022 \u0130nekler ne s\u0131kl\u0131kla sa\u011f\u0131l\u0131r? \u2022 \u00c7iftlikte hangi tar\u0131m makineleri kullan\u0131l\u0131r?<span class=\"excerpt-hellip\"> [\u2026]<\/span><\/p>\n","protected":false},"featured_media":0,"template":"","meta":{"_monsterinsights_skip_tracking":false,"_monsterinsights_sitenote_active":false,"_monsterinsights_sitenote_note":"","_monsterinsights_sitenote_category":0},"product_brand":[],"product_cat":[12274,12284],"product_tag":[],"class_list":{"0":"post-762475","1":"product","2":"type-product","3":"status-publish","5":"product_cat-cocuk-ve-genclik-kitaplari","6":"product_cat-hikayeler","7":"pa_cilt-ciltsiz","8":"pa_tur-kitap","9":"pa_yayinevi-is-bankasi-kultur-yayinlari","10":"pa_yazar-sandra-ladwig","12":"first","13":"instock","14":"sale","15":"shipping-taxable","16":"purchasable","17":"product-type-simple"},"_links":{"self":[{"href":"https:\/\/roveyayinevi.com.tr\/index.php\/wp-json\/wp\/v2\/product\/762475","targetHints":{"allow":["GET"]}}],"collection":[{"href":"https:\/\/roveyayinevi.com.tr\/index.php\/wp-json\/wp\/v2\/product"}],"about":[{"href":"https:\/\/roveyayinevi.com.tr\/index.php\/wp-json\/wp\/v2\/types\/product"}],"wp:attachment":[{"href":"https:\/\/roveyayinevi.com.tr\/index.php\/wp-json\/wp\/v2\/media?parent=762475"}],"wp:term":[{"taxonomy":"product_brand","embeddable":true,"href":"https:\/\/roveyayinevi.com.tr\/index.php\/wp-json\/wp\/v2\/product_brand?post=762475"},{"taxonomy":"product_cat","embeddable":true,"href":"https:\/\/roveyayinevi.com.tr\/index.php\/wp-json\/wp\/v2\/product_cat?post=762475"},{"taxonomy":"product_tag","embeddable":true,"href":"https:\/\/roveyayinevi.com.tr\/index.php\/wp-json\/wp\/v2\/product_tag?post=762475"}],"curies":[{"name":"wp","href":"https:\/\/api.w.org\/{rel}","templated":true}]}}